{"id":725,"date":"2018-04-03T14:47:16","date_gmt":"2018-04-03T17:47:16","guid":{"rendered":"https:\/\/aataudio.com.br\/?page_id=725"},"modified":"2026-03-19T16:05:26","modified_gmt":"2026-03-19T19:05:26","slug":"aat-q6-100kv-wh-g3","status":"publish","type":"page","link":"https:\/\/aataudio.com.br\/home\/caixas-de-embutir\/linha-ambiente-lounge\/aat-q6-100kv-wh-g3\/","title":{"rendered":"AAT Q6-100KV-WH G3"},"content":{"rendered":"<div class=\"wpb-content-wrapper\"><p>[vc_row][vc_column][vc_row_inner][vc_column_inner][vc_raw_html css=&#8221;&#8221;]JTNDZGl2JTIwY2xhc3MlM0QlMjJlYXN5em9vbSUyMGVhc3l6b29tLS13aXRoLXRodW1ibmFpbHMlMjIlM0UlMEElMjAlMjAlMjAlM0NhJTIwaHJlZiUzRCUyMmh0dHBzJTNBJTJGJTJGYWF0YXVkaW8uY29tLmJyJTJGd3AtY29udGVudCUyRnVwbG9hZHMlMkZBQVQtUTYtMTAwS1YtV0gtRzNfMDEuanBnJTIyJTIwY2xhc3MlM0QlMjJ6b29tLW1hc3RlciUyMiUzRSUwQSUyMCUyMCUyMCUzQ2ltZyUyMHNyYyUzRCUyMmh0dHBzJTNBJTJGJTJGYWF0YXVkaW8uY29tLmJyJTJGd3AtY29udGVudCUyRnVwbG9hZHMlMkZBQVQtUTYtMTAwS1YtV0gtRzNfMDEuanBnJTIyJTIwYWx0JTNEJTIyYWMtMSUyMiUzRSUwQSUyMCUyMCUyMCUzQyUyRmElM0UlMEElMjAlMjAlMjAlM0NkaXYlMjBjbGFzcyUzRCUyMmVhc3l6b29tLWZseW91dCUyMiUzRSUzQyUyRmRpdiUzRSUwQSUzQyUyRmRpdiUzRSUwQSUzQ3VsJTIwY2xhc3MlM0QlMjJ0aHVtYm5haWxzJTIyJTNFJTBBJTIwJTIwJTIwJTNDbGklM0UlMEElMjAlMjAlMjAlMjAlMjAlMjAlM0NhJTIwaHJlZiUzRCUyMmh0dHBzJTNBJTJGJTJGYWF0YXVkaW8uY29tLmJyJTJGd3AtY29udGVudCUyRnVwbG9hZHMlMkZBQVQtUTYtMTAwS1YtV0gtRzNfMDEuanBnJTIyJTIwZGF0YS1zdGFuZGFyZCUzRCUyMmh0dHBzJTNBJTJGJTJGYWF0YXVkaW8uY29tLmJyJTJGd3AtY29udGVudCUyRnVwbG9hZHMlMkZBQVQtUTYtMTAwS1YtV0gtRzNfMDEuanBnJTIyJTNFJTBBJTIwJTIwJTIwJTIwJTIwJTIwJTNDaW1nJTIwc3JjJTNEJTIyaHR0cHMlM0ElMkYlMkZhYXRhdWRpby5jb20uYnIlMkZ3cC1jb250ZW50JTJGdXBsb2FkcyUyRkFBVC1RNi0xMDBLVi1XSC1HM18wMS5qcGclMjIlMjBhbHQlM0QlMjJhYy0xJTIyJTNFJTBBJTIwJTIwJTIwJTIwJTIwJTIwJTNDJTJGYSUzRSUwQSUyMCUyMCUyMCUzQyUyRmxpJTNFJTBBJTIwJTIwJTIwJTNDbGklM0UlMEElMjAlMjAlMjAlMjAlMjAlMjAlM0NhJTIwaHJlZiUzRCUyMmh0dHBzJTNBJTJGJTJGYWF0YXVkaW8uY29tLmJyJTJGd3AtY29udGVudCUyRnVwbG9hZHMlMkZBQVQtUTYtMTAwS1YtV0gtRzNfMDIuanBnJTIyJTIwZGF0YS1zdGFuZGFyZCUzRCUyMmh0dHBzJTNBJTJGJTJGYWF0YXVkaW8uY29tLmJyJTJGd3AtY29udGVudCUyRnVwbG9hZHMlMkZBQVQtUTYtMTAwS1YtV0gtRzNfMDIuanBnJTIyJTNFJTBBJTIwJTIwJTIwJTIwJTIwJTIwJTNDaW1nJTIwc3JjJTNEJTIyaHR0cHMlM0ElMkYlMkZhYXRhdWRpby5jb20uYnIlMkZ3cC1jb250ZW50JTJGdXBsb2FkcyUyRkFBVC1RNi0xMDBLVi1XSC1HM18wMi5qcGclMjIlMjBhbHQlM0QlMjJhYy0yJTIyJTNFJTBBJTIwJTIwJTIwJTIwJTIwJTIwJTNDJTJGYSUzRSUwQSUyMCUyMCUyMCUzQyUyRmxpJTNFJTBBJTIwJTIwJTIwJTNDbGklM0UlMEElMjAlMjAlMjAlMjAlMjAlMjAlM0NhJTIwaHJlZiUzRCUyMmh0dHBzJTNBJTJGJTJGYWF0YXVkaW8uY29tLmJyJTJGd3AtY29udGVudCUyRnVwbG9hZHMlMkZBQVQtUTYtMTAwS1YtV0gtRzNfMDMuanBnJTIyJTIwZGF0YS1zdGFuZGFyZCUzRCUyMmh0dHBzJTNBJTJGJTJGYWF0YXVkaW8uY29tLmJyJTJGd3AtY29udGVudCUyRnVwbG9hZHMlMkZBQVQtUTYtMTAwS1YtV0gtRzNfMDMuanBnJTIyJTNFJTBBJTIwJTIwJTIwJTIwJTIwJTIwJTNDaW1nJTIwc3JjJTNEJTIyaHR0cHMlM0ElMkYlMkZhYXRhdWRpby5jb20uYnIlMkZ3cC1jb250ZW50JTJGdXBsb2FkcyUyRkFBVC1RNi0xMDBLVi1XSC1HM18wMy5qcGclMjIlMjBhbHQlM0QlMjJhYy0zJTIyJTNFJTBBJTIwJTIwJTIwJTIwJTIwJTIwJTNDJTJGYSUzRSUwQSUyMCUyMCUyMCUzQyUyRmxpJTNFJTBBJTIwJTIwJTIwJTNDbGklM0UlMEElMjAlMjAlMjAlMjAlMjAlMjAlM0NhJTIwaHJlZiUzRCUyMmh0dHBzJTNBJTJGJTJGYWF0YXVkaW8uY29tLmJyJTJGd3AtY29udGVudCUyRnVwbG9hZHMlMkZBQVQtUTYtMTAwS1YtV0gtRzNfMDQuanBnJTIyJTIwZGF0YS1zdGFuZGFyZCUzRCUyMmh0dHBzJTNBJTJGJTJGYWF0YXVkaW8uY29tLmJyJTJGd3AtY29udGVudCUyRnVwbG9hZHMlMkZBQVQtUTYtMTAwS1YtV0gtRzNfMDQuanBnJTIyJTNFJTBBJTIwJTIwJTIwJTIwJTIwJTIwJTNDaW1nJTIwc3JjJTNEJTIyaHR0cHMlM0ElMkYlMkZhYXRhdWRpby5jb20uYnIlMkZ3cC1jb250ZW50JTJGdXBsb2FkcyUyRkFBVC1RNi0xMDBLVi1XSC1HM18wNC5qcGclMjIlMjBhbHQlM0QlMjJhYy0zJTIyJTNFJTBBJTIwJTIwJTIwJTIwJTIwJTIwJTNDJTJGYSUzRSUwQSUyMCUyMCUyMCUzQyUyRmxpJTNFJTBBJTIwJTIwJTIwJTNDbGklM0UlMEElMjAlMjAlMjAlMjAlMjAlMjAlM0NhJTIwaHJlZiUzRCUyMmh0dHBzJTNBJTJGJTJGYWF0YXVkaW8uY29tLmJyJTJGd3AtY29udGVudCUyRnVwbG9hZHMlMkZBQVQtUTYtMTAwS1YtV0gtRzNfMDUuanBnJTIyJTIwZGF0YS1zdGFuZGFyZCUzRCUyMmh0dHBzJTNBJTJGJTJGYWF0YXVkaW8uY29tLmJyJTJGd3AtY29udGVudCUyRnVwbG9hZHMlMkZBQVQtUTYtMTAwS1YtV0gtRzNfMDUuanBnJTIyJTNFJTBBJTIwJTIwJTIwJTIwJTIwJTIwJTNDaW1nJTIwc3JjJTNEJTIyaHR0cHMlM0ElMkYlMkZhYXRhdWRpby5jb20uYnIlMkZ3cC1jb250ZW50JTJGdXBsb2FkcyUyRkFBVC1RNi0xMDBLVi1XSC1HM18wNS5qcGclMjIlMjBhbHQlM0QlMjJhYy0zJTIyJTNFJTBBJTIwJTIwJTIwJTIwJTIwJTIwJTNDJTJGYSUzRSUwQSUyMCUyMCUyMCUzQyUyRmxpJTNFJTBBJTIwJTIwJTIwJTNDbGklM0UlMEElMjAlMjAlMjAlMjAlMjAlMjAlM0NhJTIwaHJlZiUzRCUyMmh0dHBzJTNBJTJGJTJGYWF0YXVkaW8uY29tLmJyJTJGd3AtY29udGVudCUyRnVwbG9hZHMlMkZBQVQtUTYtMTAwS1YtV0gtRzNfMDYuanBnJTIyJTIwZGF0YS1zdGFuZGFyZCUzRCUyMmh0dHBzJTNBJTJGJTJGYWF0YXVkaW8uY29tLmJyJTJGd3AtY29udGVudCUyRnVwbG9hZHMlMkZBQVQtUTYtMTAwS1YtV0gtRzNfMDYuanBnJTIyJTNFJTBBJTIwJTIwJTIwJTIwJTIwJTIwJTNDaW1nJTIwc3JjJTNEJTIyaHR0cHMlM0ElMkYlMkZhYXRhdWRpby5jb20uYnIlMkZ3cC1jb250ZW50JTJGdXBsb2FkcyUyRkFBVC1RNi0xMDBLVi1XSC1HM18wNi5qcGclMjIlMjBhbHQlM0QlMjJhYy0zJTIyJTNFJTBBJTIwJTIwJTIwJTIwJTIwJTIwJTNDJTJGYSUzRSUwQSUyMCUyMCUyMCUzQyUyRmxpJTNFJTBBJTIwJTIwJTIwJTNDJTJGdWwlM0U=[\/vc_raw_html][\/vc_column_inner][\/vc_row_inner][vc_row_inner][vc_column_inner width=&#8221;1\/2&#8243;][\/vc_column_inner][vc_column_inner width=&#8221;1\/2&#8243;][vc_column_text]<aside class=\"mashsb-container mashsb-main mashsb-stretched\"><div class=\"mashsb-box\"><div class=\"mashsb-buttons\"><a class=\"mashicon-facebook mash-small mash-center mashsb-noshadow mashsb-pure-icons\" href=\"https:\/\/www.facebook.com\/sharer.php?u=https%3A%2F%2Faataudio.com.br%2Fhome%2Fcaixas-de-embutir%2Flinha-ambiente-lounge%2Faat-q6-100kv-wh-g3%2F\" target=\"_top\" rel=\"nofollow\"><span class=\"icon\"><\/span><span class=\"text\"><\/span><\/a><a class=\"mashicon-twitter mash-small mash-center mashsb-noshadow mashsb-pure-icons\" href=\"https:\/\/twitter.com\/intent\/tweet?text=&amp;url=https:\/\/aataudio.com.br\/home\/caixas-de-embutir\/linha-ambiente-lounge\/aat-q6-100kv-wh-g3\/\" target=\"_top\" rel=\"nofollow\"><span class=\"icon\"><\/span><span class=\"text\"><\/span><\/a><a class=\"mashicon-whatsapp mash-small mash-center mashsb-noshadow mashsb-pure-icons\" href=\"\" target=\"_top\" rel=\"nofollow\"><span class=\"icon\"><\/span><span class=\"text\"><\/span><\/a><div class=\"onoffswitch2 mash-small mashsb-noshadow\" style=\"display:none\"><\/div><\/div><\/div>\n                    <div style=\"clear:both\"><\/div><div class=\"mashsb-toggle-container\"><\/div><\/aside>\n            <!-- Share buttons made by mashshare.net - Version: 4.0.47--><br \/>\n<a style=\"display: none;\" href=\"whatsapp:\/\/send?text=The text to share!\" data-action=\"share\/whatsapp\/share\">Share via Whatsapp<\/a>[\/vc_column_text][\/vc_column_inner][\/vc_row_inner][\/vc_column][\/vc_row][vc_row el_id=&#8221;tab-menu-produto&#8221;][vc_column][vc_row_inner][vc_column_inner][vc_btn title=&#8221;Descri\u00e7\u00e3o&#8221; shape=&#8221;square&#8221; link=&#8221;url:%23descricao|||rel:nofollow&#8221; el_class=&#8221;ancor-scroll&#8221;][vc_btn title=&#8221;Caracteristicas&#8221; shape=&#8221;square&#8221; link=&#8221;url:%23caracteristicas|||rel:nofollow&#8221; el_class=&#8221;ancor-scroll&#8221;][vc_btn title=&#8221;Especifica\u00e7\u00f5es&#8221; shape=&#8221;square&#8221; link=&#8221;url:%23especificacoes|||rel:nofollow&#8221; el_class=&#8221;ancor-scroll&#8221;][\/vc_column_inner][\/vc_row_inner][\/vc_column][\/vc_row][vc_row el_id=&#8221;descricao&#8221;][vc_column][vc_row_inner][vc_column_inner][vc_column_text css=&#8221;&#8221;]<\/p>\n<h3 class=\"info-page-title\">DESCRI\u00c7\u00c3O<\/h3>\n<p>Projetadas especialmente para uso no teto, as caixas ac\u00fasticas de embutir em formato quadrado da linha AAT Ambiente Lounge Q6 G3 combinam discri\u00e7\u00e3o, eleg\u00e2ncia e tecnologia ac\u00fastica para instala\u00e7\u00f5es de home theater e som ambiente.<\/p>\n<p>No visual, a grande aposta do produto \u00e9 o design borderless, que introduz um novo conceito de invisibilidade est\u00e9tica, trazendo fixa\u00e7\u00e3o com \u00edm\u00e3 e nova tela totalmente sem borda. \u00c9 a combina\u00e7\u00e3o perfeita para arquitetos e designers de interiores.[\/vc_column_text][\/vc_column_inner][\/vc_row_inner][\/vc_column][\/vc_row][vc_row el_id=&#8221;caracteristicas&#8221;][vc_column offset=&#8221;vc_col-lg-12 vc_col-sm-offset-0&#8243;][vc_row_inner][vc_column_inner][vc_column_text css=&#8221;&#8221;]<\/p>\n<h3 class=\"info-page-title\">CARACTER\u00cdSTICAS<\/h3>\n<p>* Design moderno sem bordas (borderless), que proporciona o melhor efeito de invisibilidade do mercado<\/p>\n<p>* Fixa\u00e7\u00e3o da tela com \u00edm\u00e3s, para mais praticidade na instala\u00e7\u00e3o e limpeza<\/p>\n<p>* Baixo perfil, ideal para locais onde o gesso tem pouca dist\u00e2ncia em rela\u00e7\u00e3o ao teto<\/p>\n<p>* Tweeter pivotante (m\u00f3vel) de 1\u201d com domo invertido em Mylar, para agudos mais definidos e resposta at\u00e9 25kHz<\/p>\n<p>* Woofer de 6,5\u201d com cone em Kevlar, material de sonoridade excepcional, ou em PP com carga de mica aluminizada (conforme o modelo)<\/p>\n<p>* Dispon\u00edveis nas cores preto ou branco e perfeitas para instala\u00e7\u00f5es de home theater e som ambiente[\/vc_column_text][\/vc_column_inner][\/vc_row_inner][\/vc_column][\/vc_row][vc_row el_id=&#8221;especificacoes&#8221;][vc_column][vc_row_inner][vc_column_inner][vc_column_text]<\/p>\n<h3 class=\"info-page-title\">ESPECIFICA\u00c7\u00d5ES<\/h3>\n<p>[\/vc_column_text][\/vc_column_inner][\/vc_row_inner][vc_column_text css=&#8221;&#8221;]<\/p>\n<div class=\"table-responsive\">\n<table class=\"table table-especificacoes\" style=\"width: 100%;\">\n<thead>\n<tr>\n<th style=\"width: 21.3523%;\"><\/th>\n<th style=\"text-align: center; width: 19.0391%;\"><img loading=\"lazy\" decoding=\"async\" class=\"wp-image-14258 size-full aligncenter\" src=\"https:\/\/aataudio.com.br\/wp-content\/uploads\/q6100_al_wh.jpg\" alt=\"\" width=\"120\" height=\"120\" \/><strong>AAT Q6-100AL-WH G3<\/strong><\/th>\n<th style=\"text-align: center; width: 19.0391%;\"><img loading=\"lazy\" decoding=\"async\" class=\"wp-image-14257 size-full aligncenter\" src=\"https:\/\/aataudio.com.br\/wp-content\/uploads\/q6100_al_bk.jpg\" alt=\"\" width=\"120\" height=\"120\" \/><strong>AAT Q6-100AL-BK G3<\/strong><\/th>\n<th style=\"text-align: center; width: 19.0391%;\"><img loading=\"lazy\" decoding=\"async\" class=\"wp-image-14259 size-full aligncenter\" src=\"https:\/\/aataudio.com.br\/wp-content\/uploads\/q6100_khl_wh.jpg\" alt=\"\" width=\"120\" height=\"120\" \/><strong>AAT Q6-100KV-WH G3<\/strong><\/th>\n<th style=\"text-align: center; width: 18.8612%;\"><img loading=\"lazy\" decoding=\"async\" class=\"wp-image-14260 size-full aligncenter\" src=\"https:\/\/aataudio.com.br\/wp-content\/uploads\/q6100_kv_bk.jpg\" alt=\"\" width=\"120\" height=\"120\" \/><strong>AAT Q6-100KV-BK G3<\/strong><\/th>\n<\/tr>\n<\/thead>\n<tbody>\n<tr class=\"table-first-row\">\n<th style=\"width: 21.3523%;\" scope=\"row\">Resposta em frequ\u00eancia<\/th>\n<td class=\"table-info-value border-right\" style=\"width: 19.0391%;\">50 \u2013 25KHz<\/td>\n<td class=\"table-info-value border-right\" style=\"width: 19.0391%;\">50 \u2013 25KHz<\/td>\n<td class=\"table-info-value border-right\" style=\"width: 19.0391%;\">45 \u2013 25KHz<\/td>\n<td class=\"table-info-value\" style=\"width: 18.8612%;\">45 &#8211; 25KHz<\/td>\n<\/tr>\n<tr>\n<th style=\"white-space: normal; width: 21.3523%;\" scope=\"row\">Sensibilidade (1W\/1m)<\/th>\n<td class=\"table-info-value border-right\" style=\"width: 19.0391%;\">89dB<\/td>\n<td class=\"table-info-value border-right\" style=\"width: 19.0391%;\">89dB<\/td>\n<td class=\"table-info-value border-right\" style=\"width: 19.0391%;\">89dB<\/td>\n<td class=\"table-info-value\" style=\"width: 18.8612%;\">89dB<\/td>\n<\/tr>\n<tr>\n<th style=\"width: 21.3523%;\" scope=\"row\">Imped\u00e2ncia nominal<\/th>\n<td class=\"table-info-value border-right\" style=\"width: 19.0391%;\">8 ohms<\/td>\n<td class=\"table-info-value border-right\" style=\"width: 19.0391%;\">8 ohms<\/td>\n<td class=\"table-info-value border-right\" style=\"width: 19.0391%;\">8 ohms<\/td>\n<td class=\"table-info-value\" style=\"width: 18.8612%;\">8 ohms<\/td>\n<\/tr>\n<tr>\n<th style=\"width: 21.3523%;\" scope=\"row\">Pot\u00eancia RMS<\/th>\n<td class=\"table-info-value border-right\" style=\"width: 19.0391%;\">100W<\/td>\n<td class=\"table-info-value border-right\" style=\"width: 19.0391%;\">100W<\/td>\n<td class=\"table-info-value border-right\" style=\"width: 19.0391%;\">100W<\/td>\n<td class=\"table-info-value\" style=\"width: 18.8612%;\">100W<\/td>\n<\/tr>\n<tr>\n<th style=\"width: 21.3523%;\" scope=\"row\">Amplificador recomendado<\/th>\n<td class=\"table-info-value border-right\" style=\"width: 19.0391%;\">15 &#8211; 100W<\/td>\n<td class=\"table-info-value border-right\" style=\"width: 19.0391%;\">15 &#8211; 100W<\/td>\n<td class=\"table-info-value border-right\" style=\"width: 19.0391%;\">15 &#8211; 100W<\/td>\n<td class=\"table-info-value\" style=\"width: 18.8612%;\">15 &#8211; 100W<\/td>\n<\/tr>\n<tr>\n<th style=\"width: 21.3523%;\" scope=\"row\">Frequ\u00eancia do cross-over<\/th>\n<td class=\"table-info-value border-right\" style=\"width: 19.0391%;\">3 KHz<\/td>\n<td class=\"table-info-value border-right\" style=\"width: 19.0391%;\">3 KHz<\/td>\n<td class=\"table-info-value border-right\" style=\"width: 19.0391%;\">3 KHz<\/td>\n<td class=\"table-info-value\" style=\"width: 18.8612%;\">3 KHz<\/td>\n<\/tr>\n<tr>\n<th height=\"63\" style=\"width: 21.3523%;\" scope=\"row\">Drivers<\/th>\n<td class=\"table-info-value border-right\" style=\"width: 19.0391%;\">1 woofer de 6,5 com cone em PP com carga de mica aluminizada e 1 tweeter pivotante de\u00a01\u201dcom domo invertido em Mylar<\/td>\n<td class=\"table-info-value border-right\" style=\"width: 19.0391%;\">1 woofer de 6,5 com cone em PP com carga de mica aluminizada e 1 tweeter pivotante de 1\u201d com domo invertido em Mylar unidade: woofer <\/td>\n<td class=\"table-info-value border-right\" style=\"width: 19.0391%;\">1 woofer de 6,5 com cone em Kevlar e 1 tweeter pivotante de 1\u201d com domo invertido em Mylar<\/td>\n<td class=\"table-info-value\" style=\"width: 18.8612%;\">1 woofer de 6,5 com cone em Kevlar e 1 tweeter pivotante de 1\u201d com domo invertido em Mylar <\/td>\n<\/tr>\n<tr>\n<th style=\"width: 21.3523%;\" scope=\"row\">Dimens\u00f5es (Di\u00e2metro x Profundidade)<\/th>\n<td class=\"table-info-value border-right\" style=\"width: 19.0391%;\">\u00a0230 x 85mm<\/td>\n<td class=\"table-info-value border-right\" style=\"width: 19.0391%;\">230 x 85mm<\/td>\n<td class=\"table-info-value border-right\" style=\"width: 19.0391%;\">230 x 85mm<\/td>\n<td class=\"table-info-value\" style=\"width: 18.8612%;\">230 x 85mm<\/td>\n<\/tr>\n<tr>\n<th style=\"width: 21.3523%;\" scope=\"row\">Peso<\/th>\n<td class=\"table-info-value border-right\" style=\"width: 19.0391%;\">1.2\u00a0Kg \/ 1.4 Kg (com embalagem)<\/td>\n<td class=\"table-info-value border-right\" style=\"width: 19.0391%;\">1.2\u00a0Kg \/ 1.4 Kg (com embalagem)<\/td>\n<td class=\"table-info-value border-right\" style=\"width: 19.0391%;\">1.2\u00a0Kg \/ 1.4 Kg (com embalagem)<\/td>\n<td class=\"table-info-value\" style=\"width: 18.8612%;\">1.2\u00a0Kg \/ 1.4 Kg (com embalagem)<\/td>\n<\/tr>\n<tr>\n<th style=\"width: 21.3523%;\" scope=\"row\">Gabarito<\/th>\n<td class=\"table-info-value border-right\" style=\"width: 19.0391%;\"><a class=\"btn btn-sm btn-default btn-download-gabarito\" href=\"https:\/\/aataudio.com.br\/wp-content\/uploads\/gabarito_Q6_G3_-rev_00.pdf\">Baixar Gabarito<\/a><\/td>\n<td class=\"table-info-value border-right\" style=\"width: 19.0391%;\"><a class=\"btn btn-sm btn-default btn-download-gabarito\" href=\"https:\/\/aataudio.com.br\/wp-content\/uploads\/gabarito_Q6_G3_-rev_00.pdf\">Baixar Gabarito<\/a><\/td>\n<td class=\"table-info-value border-right\" style=\"width: 19.0391%;\"><a class=\"btn btn-sm btn-default btn-download-gabarito\" href=\"https:\/\/aataudio.com.br\/wp-content\/uploads\/gabarito_Q6_G3_-rev_00.pdf\">Baixar Gabarito<\/a><\/td>\n<td class=\"table-info-value\" style=\"width: 18.8612%;\"><a class=\"btn btn-sm btn-default btn-download-gabarito\" href=\"https:\/\/aataudio.com.br\/wp-content\/uploads\/gabarito_Q6_G3_-rev_00.pdf\">Baixar Gabarito<\/a><\/td>\n<\/tr>\n<\/tbody>\n<\/table>\n<\/div>\n<p>[\/vc_column_text][\/vc_column][\/vc_row][vc_row css=&#8221;.vc_custom_1618954452915{margin-top: 35px !important;}&#8221; el_id=&#8221;veja-tambem&#8221;][vc_column offset=&#8221;vc_hidden-xs&#8221;][vc_column_text]<\/p>\n<h3 class=\"info-page-title\">VEJA TAMB\u00c9M<\/h3>\n<p>[\/vc_column_text][vc_basic_grid post_type=&#8221;page&#8221; max_items=&#8221;-1&#8243; style=&#8221;pagination&#8221; items_per_page=&#8221;4&#8243; element_width=&#8221;3&#8243; gap=&#8221;20&#8243; orderby=&#8221;menu_order&#8221; order=&#8221;ASC&#8221; arrows_design=&#8221;vc_arrow-icon-arrow_07_left&#8221; arrows_position=&#8221;outside&#8221; arrows_color=&#8221;sky&#8221; paging_color=&#8221;sky&#8221; item=&#8221;184&#8243; initial_loading_animation=&#8221;none&#8221; grid_id=&#8221;vc_gid:1773946866419-cc3108b7551afc4422e8222fff73351d-5&#8243; taxonomies=&#8221;20&#8243; exclude=&#8221;725&#8243;][\/vc_column][\/vc_row][vc_row css=&#8221;.vc_custom_1618954474523{margin-top: 35px !important;}&#8221; el_id=&#8221;veja-tambem-2&#8243;][vc_column offset=&#8221;vc_hidden-lg vc_hidden-md vc_hidden-sm&#8221;][vc_column_text]<\/p>\n<h3 class=\"info-page-title\">VEJA TAMB\u00c9M<\/h3>\n<p>[\/vc_column_text][vc_basic_grid post_type=&#8221;page&#8221; max_items=&#8221;-1&#8243; style=&#8221;pagination&#8221; items_per_page=&#8221;1&#8243; element_width=&#8221;12&#8243; gap=&#8221;20&#8243; orderby=&#8221;menu_order&#8221; order=&#8221;ASC&#8221; arrows_design=&#8221;vc_arrow-icon-arrow_07_left&#8221; arrows_position=&#8221;outside&#8221; arrows_color=&#8221;sky&#8221; paging_color=&#8221;sky&#8221; item=&#8221;184&#8243; initial_loading_animation=&#8221;none&#8221; grid_id=&#8221;vc_gid:1773946866453-0b9014d5f5c887a7e123a85243199ae6-0&#8243; taxonomies=&#8221;20&#8243; exclude=&#8221;725&#8243;][\/vc_column][\/vc_row]<\/p>\n<\/div>","protected":false},"excerpt":{"rendered":"<p>[vc_row][vc_column][vc_row_inner][vc_column_inner][vc_raw_html css=&#8221;&#8221;]JTNDZGl2JTIwY2xhc3MlM0QlMjJlYXN5em9vbSUyMGVhc3l6b29tLS13aXRoLXRodW1ibmFpbHMlMjIlM0UlMEElMjAlMjAlMjAlM0NhJTIwaHJlZiUzRCUyMmh0dHBzJTNBJTJGJTJGYWF0YXVkaW8uY29tLmJyJTJGd3AtY29udGVudCUyRnVwbG9hZHMlMkZBQVQtUTYtMTAwS1YtV0gtRzNfMDEuanBnJTIyJTIwY2xhc3MlM0QlMjJ6b29tLW1hc3RlciUyMiUzRSUwQSUyMCUyMCUyMCUzQ2ltZyUyMHNyYyUzRCUyMmh0dHBzJTNBJTJGJTJGYWF0YXVkaW8uY29tLmJyJTJGd3AtY29udGVudCUyRnVwbG9hZHMlMkZBQVQtUTYtMTAwS1YtV0gtRzNfMDEuanBnJTIyJTIwYWx0JTNEJTIyYWMtMSUyMiUzRSUwQSUyMCUyMCUyMCUzQyUyRmElM0UlMEElMjAlMjAlMjAlM0NkaXYlMjBjbGFzcyUzRCUyMmVhc3l6b29tLWZseW91dCUyMiUzRSUzQyUyRmRpdiUzRSUwQSUzQyUyRmRpdiUzRSUwQSUzQ3VsJTIwY2xhc3MlM0QlMjJ0aHVtYm5haWxzJTIyJTNFJTBBJTIwJTIwJTIwJTNDbGklM0UlMEElMjAlMjAlMjAlMjAlMjAlMjAlM0NhJTIwaHJlZiUzRCUyMmh0dHBzJTNBJTJGJTJGYWF0YXVkaW8uY29tLmJyJTJGd3AtY29udGVudCUyRnVwbG9hZHMlMkZBQVQtUTYtMTAwS1YtV0gtRzNfMDEuanBnJTIyJTIwZGF0YS1zdGFuZGFyZCUzRCUyMmh0dHBzJTNBJTJGJTJGYWF0YXVkaW8uY29tLmJyJTJGd3AtY29udGVudCUyRnVwbG9hZHMlMkZBQVQtUTYtMTAwS1YtV0gtRzNfMDEuanBnJTIyJTNFJTBBJTIwJTIwJTIwJTIwJTIwJTIwJTNDaW1nJTIwc3JjJTNEJTIyaHR0cHMlM0ElMkYlMkZhYXRhdWRpby5jb20uYnIlMkZ3cC1jb250ZW50JTJGdXBsb2FkcyUyRkFBVC1RNi0xMDBLVi1XSC1HM18wMS5qcGclMjIlMjBhbHQlM0QlMjJhYy0xJTIyJTNFJTBBJTIwJTIwJTIwJTIwJTIwJTIwJTNDJTJGYSUzRSUwQSUyMCUyMCUyMCUzQyUyRmxpJTNFJTBBJTIwJTIwJTIwJTNDbGklM0UlMEElMjAlMjAlMjAlMjAlMjAlMjAlM0NhJTIwaHJlZiUzRCUyMmh0dHBzJTNBJTJGJTJGYWF0YXVkaW8uY29tLmJyJTJGd3AtY29udGVudCUyRnVwbG9hZHMlMkZBQVQtUTYtMTAwS1YtV0gtRzNfMDIuanBnJTIyJTIwZGF0YS1zdGFuZGFyZCUzRCUyMmh0dHBzJTNBJTJGJTJGYWF0YXVkaW8uY29tLmJyJTJGd3AtY29udGVudCUyRnVwbG9hZHMlMkZBQVQtUTYtMTAwS1YtV0gtRzNfMDIuanBnJTIyJTNFJTBBJTIwJTIwJTIwJTIwJTIwJTIwJTNDaW1nJTIwc3JjJTNEJTIyaHR0cHMlM0ElMkYlMkZhYXRhdWRpby5jb20uYnIlMkZ3cC1jb250ZW50JTJGdXBsb2FkcyUyRkFBVC1RNi0xMDBLVi1XSC1HM18wMi5qcGclMjIlMjBhbHQlM0QlMjJhYy0yJTIyJTNFJTBBJTIwJTIwJTIwJTIwJTIwJTIwJTNDJTJGYSUzRSUwQSUyMCUyMCUyMCUzQyUyRmxpJTNFJTBBJTIwJTIwJTIwJTNDbGklM0UlMEElMjAlMjAlMjAlMjAlMjAlMjAlM0NhJTIwaHJlZiUzRCUyMmh0dHBzJTNBJTJGJTJGYWF0YXVkaW8uY29tLmJyJTJGd3AtY29udGVudCUyRnVwbG9hZHMlMkZBQVQtUTYtMTAwS1YtV0gtRzNfMDMuanBnJTIyJTIwZGF0YS1zdGFuZGFyZCUzRCUyMmh0dHBzJTNBJTJGJTJGYWF0YXVkaW8uY29tLmJyJTJGd3AtY29udGVudCUyRnVwbG9hZHMlMkZBQVQtUTYtMTAwS1YtV0gtRzNfMDMuanBnJTIyJTNFJTBBJTIwJTIwJTIwJTIwJTIwJTIwJTNDaW1nJTIwc3JjJTNEJTIyaHR0cHMlM0ElMkYlMkZhYXRhdWRpby5jb20uYnIlMkZ3cC1jb250ZW50JTJGdXBsb2FkcyUyRkFBVC1RNi0xMDBLVi1XSC1HM18wMy5qcGclMjIlMjBhbHQlM0QlMjJhYy0zJTIyJTNFJTBBJTIwJTIwJTIwJTIwJTIwJTIwJTNDJTJGYSUzRSUwQSUyMCUyMCUyMCUzQyUyRmxpJTNFJTBBJTIwJTIwJTIwJTNDbGklM0UlMEElMjAlMjAlMjAlMjAlMjAlMjAlM0NhJTIwaHJlZiUzRCUyMmh0dHBzJTNBJTJGJTJGYWF0YXVkaW8uY29tLmJyJTJGd3AtY29udGVudCUyRnVwbG9hZHMlMkZBQVQtUTYtMTAwS1YtV0gtRzNfMDQuanBnJTIyJTIwZGF0YS1zdGFuZGFyZCUzRCUyMmh0dHBzJTNBJTJGJTJGYWF0YXVkaW8uY29tLmJyJTJGd3AtY29udGVudCUyRnVwbG9hZHMlMkZBQVQtUTYtMTAwS1YtV0gtRzNfMDQuanBnJTIyJTNFJTBBJTIwJTIwJTIwJTIwJTIwJTIwJTNDaW1nJTIwc3JjJTNEJTIyaHR0cHMlM0ElMkYlMkZhYXRhdWRpby5jb20uYnIlMkZ3cC1jb250ZW50JTJGdXBsb2FkcyUyRkFBVC1RNi0xMDBLVi1XSC1HM18wNC5qcGclMjIlMjBhbHQlM0QlMjJhYy0zJTIyJTNFJTBBJTIwJTIwJTIwJTIwJTIwJTIwJTNDJTJGYSUzRSUwQSUyMCUyMCUyMCUzQyUyRmxpJTNFJTBBJTIwJTIwJTIwJTNDbGklM0UlMEElMjAlMjAlMjAlMjAlMjAlMjAlM0NhJTIwaHJlZiUzRCUyMmh0dHBzJTNBJTJGJTJGYWF0YXVkaW8uY29tLmJyJTJGd3AtY29udGVudCUyRnVwbG9hZHMlMkZBQVQtUTYtMTAwS1YtV0gtRzNfMDUuanBnJTIyJTIwZGF0YS1zdGFuZGFyZCUzRCUyMmh0dHBzJTNBJTJGJTJGYWF0YXVkaW8uY29tLmJyJTJGd3AtY29udGVudCUyRnVwbG9hZHMlMkZBQVQtUTYtMTAwS1YtV0gtRzNfMDUuanBnJTIyJTNFJTBBJTIwJTIwJTIwJTIwJTIwJTIwJTNDaW1nJTIwc3JjJTNEJTIyaHR0cHMlM0ElMkYlMkZhYXRhdWRpby5jb20uYnIlMkZ3cC1jb250ZW50JTJGdXBsb2FkcyUyRkFBVC1RNi0xMDBLVi1XSC1HM18wNS5qcGclMjIlMjBhbHQlM0QlMjJhYy0zJTIyJTNFJTBBJTIwJTIwJTIwJTIwJTIwJTIwJTNDJTJGYSUzRSUwQSUyMCUyMCUyMCUzQyUyRmxpJTNFJTBBJTIwJTIwJTIwJTNDbGklM0UlMEElMjAlMjAlMjAlMjAlMjAlMjAlM0NhJTIwaHJlZiUzRCUyMmh0dHBzJTNBJTJGJTJGYWF0YXVkaW8uY29tLmJyJTJGd3AtY29udGVudCUyRnVwbG9hZHMlMkZBQVQtUTYtMTAwS1YtV0gtRzNfMDYuanBnJTIyJTIwZGF0YS1zdGFuZGFyZCUzRCUyMmh0dHBzJTNBJTJGJTJGYWF0YXVkaW8uY29tLmJyJTJGd3AtY29udGVudCUyRnVwbG9hZHMlMkZBQVQtUTYtMTAwS1YtV0gtRzNfMDYuanBnJTIyJTNFJTBBJTIwJTIwJTIwJTIwJTIwJTIwJTNDaW1nJTIwc3JjJTNEJTIyaHR0cHMlM0ElMkYlMkZhYXRhdWRpby5jb20uYnIlMkZ3cC1jb250ZW50JTJGdXBsb2FkcyUyRkFBVC1RNi0xMDBLVi1XSC1HM18wNi5qcGclMjIlMjBhbHQlM0QlMjJhYy0zJTIyJTNFJTBBJTIwJTIwJTIwJTIwJTIwJTIwJTNDJTJGYSUzRSUwQSUyMCUyMCUyMCUzQyUyRmxpJTNFJTBBJTIwJTIwJTIwJTNDJTJGdWwlM0U=[\/vc_raw_html][\/vc_column_inner][\/vc_row_inner][vc_row_inner][vc_column_inner width=&#8221;1\/2&#8243;][\/vc_column_inner][vc_column_inner width=&#8221;1\/2&#8243;][vc_column_text] Share via Whatsapp[\/vc_column_text][\/vc_column_inner][\/vc_row_inner][\/vc_column][\/vc_row][vc_row el_id=&#8221;tab-menu-produto&#8221;][vc_column][vc_row_inner][vc_column_inner][vc_btn title=&#8221;Descri\u00e7\u00e3o&#8221; shape=&#8221;square&#8221; link=&#8221;url:%23descricao|||rel:nofollow&#8221; el_class=&#8221;ancor-scroll&#8221;][vc_btn title=&#8221;Caracteristicas&#8221; shape=&#8221;square&#8221; link=&#8221;url:%23caracteristicas|||rel:nofollow&#8221; el_class=&#8221;ancor-scroll&#8221;][vc_btn title=&#8221;Especifica\u00e7\u00f5es&#8221; shape=&#8221;square&#8221; link=&#8221;url:%23especificacoes|||rel:nofollow&#8221; el_class=&#8221;ancor-scroll&#8221;][\/vc_column_inner][\/vc_row_inner][\/vc_column][\/vc_row][vc_row el_id=&#8221;descricao&#8221;][vc_column][vc_row_inner][vc_column_inner][vc_column_text css=&#8221;&#8221;] DESCRI\u00c7\u00c3O Projetadas especialmente para uso no teto, as caixas ac\u00fasticas de embutir em formato quadrado da linha AAT Ambiente Lounge Q6 G3 combinam discri\u00e7\u00e3o, eleg\u00e2ncia e tecnologia ac\u00fastica para instala\u00e7\u00f5es de home theater [&hellip;]<\/p>\n","protected":false},"author":5,"featured_media":14219,"parent":742,"menu_order":3,"comment_status":"closed","ping_status":"closed","template":"page-fullwidth.php","meta":{"footnotes":""},"class_list":["post-725","page","type-page","status-publish","has-post-thumbnail","hentry"],"_links":{"self":[{"href":"https:\/\/aataudio.com.br\/home\/wp-json\/wp\/v2\/pages\/725"}],"collection":[{"href":"https:\/\/aataudio.com.br\/home\/wp-json\/wp\/v2\/pages"}],"about":[{"href":"https:\/\/aataudio.com.br\/home\/wp-json\/wp\/v2\/types\/page"}],"author":[{"embeddable":true,"href":"https:\/\/aataudio.com.br\/home\/wp-json\/wp\/v2\/users\/5"}],"replies":[{"embeddable":true,"href":"https:\/\/aataudio.com.br\/home\/wp-json\/wp\/v2\/comments?post=725"}],"version-history":[{"count":35,"href":"https:\/\/aataudio.com.br\/home\/wp-json\/wp\/v2\/pages\/725\/revisions"}],"predecessor-version":[{"id":16461,"href":"https:\/\/aataudio.com.br\/home\/wp-json\/wp\/v2\/pages\/725\/revisions\/16461"}],"up":[{"embeddable":true,"href":"https:\/\/aataudio.com.br\/home\/wp-json\/wp\/v2\/pages\/742"}],"wp:featuredmedia":[{"embeddable":true,"href":"https:\/\/aataudio.com.br\/home\/wp-json\/wp\/v2\/media\/14219"}],"wp:attachment":[{"href":"https:\/\/aataudio.com.br\/home\/wp-json\/wp\/v2\/media?parent=725"}],"curies":[{"name":"wp","href":"https:\/\/api.w.org\/{rel}","templated":true}]}}