{"id":6396,"date":"2021-04-26T16:55:49","date_gmt":"2021-04-26T19:55:49","guid":{"rendered":"https:\/\/aataudio.com.br\/?page_id=6396"},"modified":"2025-01-31T14:14:25","modified_gmt":"2025-01-31T17:14:25","slug":"ma-3-ci-g2","status":"publish","type":"page","link":"https:\/\/aataudio.com.br\/home\/amplificadores\/mixers\/ma-3-ci-g2\/","title":{"rendered":"AAT MA-3 CI G2"},"content":{"rendered":"<div class=\"wpb-content-wrapper\"><p>[vc_row][vc_column][vc_row_inner][vc_column_inner][vc_raw_html css=&#8221;&#8221;]JTNDZGl2JTIwY2xhc3MlM0QlMjJlYXN5em9vbSUyMGVhc3l6b29tLS13aXRoLXRodW1ibmFpbHMlMjIlM0UlMEElMjAlMjAlMjAlM0NhJTIwaHJlZiUzRCUyMmh0dHBzJTNBJTJGJTJGYWF0YXVkaW8uY29tLmJyJTJGd3AtY29udGVudCUyRnVwbG9hZHMlMkZiYW5uZXItem9vbS1tYS0zY2ktZzIuanBnJTIyJTIwY2xhc3MlM0QlMjJ6b29tLW1hc3RlciUyMiUzRSUwQSUyMCUyMCUyMCUzQ2ltZyUyMHNyYyUzRCUyMmh0dHBzJTNBJTJGJTJGYWF0YXVkaW8uY29tLmJyJTJGd3AtY29udGVudCUyRnVwbG9hZHMlMkZiYW5uZXItem9vbS1tYS0zY2ktZzIuanBnJTIyJTIwYWx0JTNEJTIybWEtMWNpLWcyJTIyJTNFJTBBJTIwJTIwJTIwJTNDJTJGYSUzRSUwQSUyMCUyMCUyMCUzQ2RpdiUyMGNsYXNzJTNEJTIyZWFzeXpvb20tZmx5b3V0JTIyJTNFJTNDJTJGZGl2JTNFJTBBJTNDJTJGZGl2JTNFJTBBJTNDdWwlMjBjbGFzcyUzRCUyMnRodW1ibmFpbHMlMjIlM0UlMEElMjAlMjAlMjAlM0NsaSUzRSUwQSUyMCUyMCUyMCUyMCUyMCUyMCUzQ2ElMjBocmVmJTNEJTIyaHR0cHMlM0ElMkYlMkZhYXRhdWRpby5jb20uYnIlMkZ3cC1jb250ZW50JTJGdXBsb2FkcyUyRmJhbm5lci16b29tLW1hLTNjaS1nMi5qcGclMjIlMjBkYXRhLXN0YW5kYXJkJTNEJTIyaHR0cHMlM0ElMkYlMkZhYXRhdWRpby5jb20uYnIlMkZ3cC1jb250ZW50JTJGdXBsb2FkcyUyRmJhbm5lci16b29tLW1hLTNjaS1nMi5qcGclMjIlM0UlMEElMjAlMjAlMjAlMjAlMjAlMjAlM0NpbWclMjBzcmMlM0QlMjJodHRwcyUzQSUyRiUyRmFhdGF1ZGlvLmNvbS5iciUyRndwLWNvbnRlbnQlMkZ1cGxvYWRzJTJGYmFubmVyLXpvb20tbWEtM2NpLWcyLmpwZyUyMiUyMGFsdCUzRCUyMm1hLTFjaS1nMiUyMiUzRSUwQSUyMCUyMCUyMCUyMCUyMCUyMCUzQyUyRmElM0UlMEElMjAlMjAlMjAlM0MlMkZsaSUzRSUwQSUyMCUyMCUyMCUzQ2xpJTNFJTBBJTIwJTIwJTIwJTIwJTIwJTIwJTNDYSUyMGhyZWYlM0QlMjJodHRwcyUzQSUyRiUyRmFhdGF1ZGlvLmNvbS5iciUyRndwLWNvbnRlbnQlMkZ1cGxvYWRzJTJGYmFubmVyLXpvb20tbWEtM2NpLWcyLTEuanBnJTIyJTIwZGF0YS1zdGFuZGFyZCUzRCUyMmh0dHBzJTNBJTJGJTJGYWF0YXVkaW8uY29tLmJyJTJGd3AtY29udGVudCUyRnVwbG9hZHMlMkZiYW5uZXItem9vbS1tYS0zY2ktZzItMS5qcGclMjIlM0UlMEElMjAlMjAlMjAlMjAlMjAlMjAlM0NpbWclMjBzcmMlM0QlMjJodHRwcyUzQSUyRiUyRmFhdGF1ZGlvLmNvbS5iciUyRndwLWNvbnRlbnQlMkZ1cGxvYWRzJTJGYmFubmVyLXpvb20tbWEtM2NpLWcyLTEuanBnJTIyJTIwYWx0JTNEJTIybWEtMWNpLWcyJTIyJTNFJTBBJTIwJTIwJTIwJTIwJTIwJTIwJTNDJTJGYSUzRSUwQSUyMCUyMCUyMCUzQyUyRmxpJTNFJTBBJTIwJTIwJTIwJTNDbGklM0UlMEElMjAlMjAlMjAlMjAlMjAlMjAlM0NhJTIwaHJlZiUzRCUyMmh0dHBzJTNBJTJGJTJGYWF0YXVkaW8uY29tLmJyJTJGd3AtY29udGVudCUyRnVwbG9hZHMlMkZiYW5uZXItem9vbS1tYS0zY2ktZzItMi0xLmpwZyUyMiUyMGRhdGEtc3RhbmRhcmQlM0QlMjJodHRwcyUzQSUyRiUyRmFhdGF1ZGlvLmNvbS5iciUyRndwLWNvbnRlbnQlMkZ1cGxvYWRzJTJGYmFubmVyLXpvb20tbWEtM2NpLWcyLTItMS5qcGclMjIlM0UlMEElMjAlMjAlMjAlMjAlMjAlMjAlM0NpbWclMjBzcmMlM0QlMjJodHRwcyUzQSUyRiUyRmFhdGF1ZGlvLmNvbS5iciUyRndwLWNvbnRlbnQlMkZ1cGxvYWRzJTJGYmFubmVyLXpvb20tbWEtM2NpLWcyLTItMS5qcGclMjIlMjBhbHQlM0QlMjJtYS0xY2ktZzIlMjIlM0UlMEElMjAlMjAlMjAlMjAlMjAlMjAlM0MlMkZhJTNFJTBBJTIwJTIwJTIwJTNDJTJGbGklM0UlMEElMjAlMjAlMjAlM0NsaSUzRSUwQSUyMCUyMCUyMCUyMCUyMCUyMCUzQ2ElMjBocmVmJTNEJTIyaHR0cHMlM0ElMkYlMkZhYXRhdWRpby5jb20uYnIlMkZ3cC1jb250ZW50JTJGdXBsb2FkcyUyRmJhbm5lci16b29tLW1hLTNjaS1nMi0zLmpwZyUyMiUyMGRhdGEtc3RhbmRhcmQlM0QlMjJodHRwcyUzQSUyRiUyRmFhdGF1ZGlvLmNvbS5iciUyRndwLWNvbnRlbnQlMkZ1cGxvYWRzJTJGYmFubmVyLXpvb20tbWEtM2NpLWcyLTMuanBnJTIyJTNFJTBBJTIwJTIwJTIwJTIwJTIwJTIwJTNDaW1nJTIwc3JjJTNEJTIyaHR0cHMlM0ElMkYlMkZhYXRhdWRpby5jb20uYnIlMkZ3cC1jb250ZW50JTJGdXBsb2FkcyUyRmJhbm5lci16b29tLW1hLTNjaS1nMi0zLmpwZyUyMiUyMGFsdCUzRCUyMm1hLTFjaS1nMiUyMiUzRSUwQSUyMCUyMCUyMCUyMCUyMCUyMCUzQyUyRmElM0UlMEElMjAlMjAlMjAlM0MlMkZsaSUzRSUwQSUyMCUyMCUyMCUzQ2xpJTNFJTBBJTIwJTIwJTIwJTIwJTIwJTIwJTNDYSUyMGhyZWYlM0QlMjJodHRwcyUzQSUyRiUyRmFhdGF1ZGlvLmNvbS5iciUyRndwLWNvbnRlbnQlMkZ1cGxvYWRzJTJGbWEtMS1jaS00LmpwZyUyMiUyMGRhdGEtc3RhbmRhcmQlM0QlMjJodHRwcyUzQSUyRiUyRmFhdGF1ZGlvLmNvbS5iciUyRndwLWNvbnRlbnQlMkZ1cGxvYWRzJTJGbWEtMS1jaS00LmpwZyUyMiUzRSUwQSUyMCUyMCUyMCUyMCUyMCUyMCUzQ2ltZyUyMHNyYyUzRCUyMmh0dHBzJTNBJTJGJTJGYWF0YXVkaW8uY29tLmJyJTJGd3AtY29udGVudCUyRnVwbG9hZHMlMkZtYS0xLWNpLTQuanBnJTIyJTIwYWx0JTNEJTIybWEtMWNpLWcyJTIyJTNFJTBBJTIwJTIwJTIwJTIwJTIwJTIwJTNDJTJGYSUzRSUwQSUyMCUyMCUyMCUzQyUyRmxpJTNFJTBBJTNDJTJGdWwlM0U=[\/vc_raw_html][\/vc_column_inner][\/vc_row_inner][vc_row_inner][vc_column_inner width=&#8221;1\/2&#8243;][\/vc_column_inner][vc_column_inner width=&#8221;1\/2&#8243;][vc_column_text]<aside class=\"mashsb-container mashsb-main mashsb-stretched\"><div class=\"mashsb-box\"><div class=\"mashsb-buttons\"><a class=\"mashicon-facebook mash-small mash-center mashsb-noshadow mashsb-pure-icons\" href=\"https:\/\/www.facebook.com\/sharer.php?u=https%3A%2F%2Faataudio.com.br%2Fhome%2Famplificadores%2Fmixers%2Fma-3-ci-g2%2F\" target=\"_top\" rel=\"nofollow\"><span class=\"icon\"><\/span><span class=\"text\"><\/span><\/a><a class=\"mashicon-twitter mash-small mash-center mashsb-noshadow mashsb-pure-icons\" href=\"https:\/\/twitter.com\/intent\/tweet?text=&amp;url=https:\/\/aataudio.com.br\/home\/amplificadores\/mixers\/ma-3-ci-g2\/\" target=\"_top\" rel=\"nofollow\"><span class=\"icon\"><\/span><span class=\"text\"><\/span><\/a><a class=\"mashicon-whatsapp mash-small mash-center mashsb-noshadow mashsb-pure-icons\" href=\"\" target=\"_top\" rel=\"nofollow\"><span class=\"icon\"><\/span><span class=\"text\"><\/span><\/a><div class=\"onoffswitch2 mash-small mashsb-noshadow\" style=\"display:none\"><\/div><\/div><\/div>\n                    <div style=\"clear:both\"><\/div><div class=\"mashsb-toggle-container\"><\/div><\/aside>\n            <!-- Share buttons made by mashshare.net - Version: 4.0.47--><br \/>\n<a style=\"display: none;\" href=\"whatsapp:\/\/send?text=The text to share!\" data-action=\"share\/whatsapp\/share\">Share via Whatsapp<\/a>[\/vc_column_text][\/vc_column_inner][\/vc_row_inner][\/vc_column][\/vc_row][vc_row el_id=&#8221;tab-menu-produto&#8221;][vc_column][vc_row_inner][vc_column_inner][vc_btn title=&#8221;Descri\u00e7\u00e3o&#8221; shape=&#8221;square&#8221; link=&#8221;url:%23descricao|||rel:nofollow&#8221; el_class=&#8221;ancor-scroll&#8221;][vc_btn title=&#8221;Caracteristicas&#8221; shape=&#8221;square&#8221; link=&#8221;url:%23caracteristicas|||rel:nofollow&#8221; el_class=&#8221;ancor-scroll&#8221;][vc_btn title=&#8221;Especifica\u00e7\u00f5es&#8221; shape=&#8221;square&#8221; link=&#8221;url:%23especificacoes|||rel:nofollow&#8221; el_class=&#8221;ancor-scroll&#8221;][\/vc_column_inner][\/vc_row_inner][\/vc_column][\/vc_row][vc_row el_id=&#8221;descricao&#8221;][vc_column][vc_row_inner][vc_column_inner][vc_column_text]<\/p>\n<h3 class=\"info-page-title\">DESCRI\u00c7\u00c3O<\/h3>\n<p>Os Mixers Amplifier AAT MA-3 CI G2 e AAT MA-4 CI G2 s\u00e3o solu\u00e7\u00f5es ideais e vers\u00e1teis para a sonoriza\u00e7\u00e3o de ambientes comerciais em linhas de 70V, como escrit\u00f3rios, cl\u00ednicas, lojas e supermercados de pequeno e m\u00e9dio porte. Com o uso adicional dos amplificadores AAT linha CI, esses produtos tamb\u00e9m podem ser utilizados como fonte de sinal em ambientes de grande porte, como supermercados, hipermercados e grandes magazines.<\/p>\n<p>A segunda gera\u00e7\u00e3o de mixers da AAT trouxe avan\u00e7os, como o novo controle remoto, mais moderno e completo, e a presen\u00e7a de uma entrada auxiliar frontal. Os produtos ainda oferecem 2 entradas para microfones din\u00e2micos, 2 entradas de n\u00edvel de linha, conex\u00e3o Bluetooth 5.0, entrada para pen drive, r\u00e1dio FM e gerador de gongo (para an\u00fancios de voz). Contam tamb\u00e9m com circuito de prioridade, que abaixa automaticamente a m\u00fasica ao se usar o gongo ou microfone. Todas as entradas s\u00e3o convenientemente mixadas e est\u00e3o dispon\u00edveis para uso com o amplificador interno ou modelos externos.<\/p>\n<p>Os amplificadores internos liberam 100W RMS (AAT MA-3 CI G2) e 200W RMS (AAT MA-4 CI G2) cont\u00ednuos em linhas de 70V pela norma NBR60268-5 e s\u00e3o controlados por um volume master. Os mixers est\u00e3o equipados com indicadores de funcionamento, como ligado, sinal presente e prote\u00e7\u00f5es OK, al\u00e9m do indicador de clipping, e se conectam a smartphones ou outros aparelhos port\u00e1teis via Bluetooth para a reprodu\u00e7\u00e3o de m\u00fasica sem fio, inclusive a partir dos servi\u00e7os Spotify, Tidal, TuneIn e outros.[\/vc_column_text][\/vc_column_inner][\/vc_row_inner][\/vc_column][\/vc_row][vc_row el_id=&#8221;caracteristicas&#8221;][vc_column offset=&#8221;vc_col-lg-12 vc_col-sm-offset-0&#8243;][vc_row_inner][vc_column_inner][vc_column_text]<\/p>\n<h3 class=\"info-page-title\">CARACTER\u00cdSTICAS<\/h3>\n<p>O Mixer Amplifier AAT MA-3 CI G2 libera 100W RMS de pot\u00eancia cont\u00ednua (ou 200W RMS de pot\u00eancia m\u00e1xima) em linha de 70V, de acordo com a Norma NBR60268-5. J\u00e1 o modelo AAT MA-4 CI G2 oferece 200W RMS de pot\u00eancia cont\u00ednua (ou 400W RMS de pot\u00eancia m\u00e1xima) em linha de 70V. Confira a seguir as caracter\u00edsticas dos produtos:<\/p>\n<p>\u2013 Mixers amplificados de 7 entradas: 2 pr\u00e9-amplificadas de baixo ru\u00eddo para microfones din\u00e2micos, 2 line-in traseiras, leitor de pen drive com entrada auxiliar frontal, gerador de sinal de gongo de tom duplo interno e receptor Bluetooth com r\u00e1dio FM integrado e entrada auxiliar traseira;<\/p>\n<p>\u2013 Circuito de prioridade chave\u00e1vel por tecla no painel frontal, que permite atenua\u00e7\u00e3o autom\u00e1tica do sinal musical quando s\u00e3o utilizadas as entradas de microfone ou gongo;<\/p>\n<p>\u2013 Controles de graves, agudos e volume master;<\/p>\n<p>\u2013 Indicadores de funcionamento com 4 LEDs: ligado, prote\u00e7\u00f5es OK, sinal presente e indicador de clipping;<\/p>\n<p>\u2013 Sa\u00eddas n\u00e3o balanceadas (RCA) para Line-out vari\u00e1vel e subwoofer;<\/p>\n<p>\u2013 Sa\u00eddas balanceadas (XLR) do mixer e pre-out. Diferentemente da sa\u00edda pre-out, a sa\u00edda do mixer n\u00e3o \u00e9 afetada pelo controle de volume master nem pelos controles de graves e agudos;<\/p>\n<p>\u2013 Entradas para microfones din\u00e2micos com conectores P10 ou XLR;<\/p>\n<p>\u2013 Prote\u00e7\u00e3o completa: sobretemperatura, curto-circuito, sobrecorrente, subtens\u00e3o;<\/p>\n<p>\u2013 Chave de Ground Lift;<\/p>\n<p>\u2013 Gabinete em tamanho 2U, para montagem em rack com o uso de al\u00e7as (vendidas separadamente);<\/p>\n<p>\u2013 Ventila\u00e7\u00e3o natural sem ventoinhas.[\/vc_column_text][\/vc_column_inner][\/vc_row_inner][\/vc_column][\/vc_row][vc_row el_id=&#8221;especificacoes&#8221;][vc_column][vc_row_inner][vc_column_inner][vc_column_text]<\/p>\n<h3 class=\"info-page-title\">ESPECIFICA\u00c7\u00d5ES<\/h3>\n<p>[\/vc_column_text][\/vc_column_inner][\/vc_row_inner][vc_column_text]<\/p>\n<div class=\"table-responsive\">\n<table class=\"table table-especificacoes\">\n<thead>\n<tr>\n<th><\/th>\n<th style=\"text-align: center;\"><img loading=\"lazy\" decoding=\"async\" class=\"size-full wp-image-6375 aligncenter\" src=\"https:\/\/aataudio.com.br\/wp-content\/uploads\/menu-ma-3-ci.jpg\" alt=\"\" width=\"120\" height=\"120\" \/>ma-3 ci g2<\/th>\n<th style=\"text-align: center;\"><img loading=\"lazy\" decoding=\"async\" class=\"size-full wp-image-6375 aligncenter\" src=\"https:\/\/aataudio.com.br\/wp-content\/uploads\/menu-ma-4-ci.jpg\" alt=\"\" width=\"120\" height=\"120\" \/>ma-4 ci g2<\/th>\n<\/tr>\n<\/thead>\n<tbody>\n<tr>\n<td style=\"border-top: 0;\" colspan=\"2\">\n<h3><strong>AMPLIFICADOR<\/strong><\/h3>\n<\/td>\n<\/tr>\n<tr class=\"table-first-row\">\n<th scope=\"row\">Pot\u00eancia cont\u00ednua RMS de acordo com a Norma NBR60268-5<\/th>\n<td class=\"table-info-value border-right\">1 x 100W RMS em 70V<\/td>\n<td class=\"table-info-value\">1 x 200W RMS em 4 ohms<\/td>\n<\/tr>\n<tr>\n<th style=\"white-space: normal;\" scope=\"row\">Pot\u00eancia m\u00e1xima<\/th>\n<td class=\"table-info-value border-right\">200W RMS<\/td>\n<td class=\"table-info-value\">400W RMS<\/td>\n<\/tr>\n<tr>\n<th scope=\"row\">Imped\u00e2ncia m\u00ednima de trabalho<\/th>\n<td class=\"table-info-value border-right\">50 ohms<\/td>\n<td class=\"table-info-value\">25 ohms<\/td>\n<\/tr>\n<tr>\n<th scope=\"row\">Resposta em frequ\u00eancia (eletronicamente limitada, 12dB\/8a)<\/th>\n<td class=\"table-info-value border-right\">20 Hz \u2013 20 kHz (+0 -3 dB)<\/td>\n<td class=\"table-info-value\">20 Hz \u2013 20 kHz (+0 -3 dB)<\/td>\n<\/tr>\n<tr>\n<th scope=\"row\">Signal Noise Ratio A-Weighted<\/th>\n<td class=\"table-info-value border-right\">&gt;95dB(A)<\/td>\n<td class=\"table-info-value\">&gt;95dB(A)<\/td>\n<\/tr>\n<tr>\n<th scope=\"row\">Fator de Amortecimento<\/th>\n<td class=\"table-info-value border-right\">400 a 20 Hz (8 ohms)<\/td>\n<td class=\"table-info-value\">400 a 20 Hz (8 ohms)<\/td>\n<\/tr>\n<tr>\n<th scope=\"row\">Distor\u00e7\u00e3o Harm\u00f4nica a 10W\/1 KHz\/8 ohms (THD+N)<\/th>\n<td class=\"table-info-value border-right\">0.05%<\/td>\n<td class=\"table-info-value\">0.05%<\/td>\n<\/tr>\n<tr>\n<th scope=\"row\">Slew rate<\/th>\n<td class=\"table-info-value border-right\">40V\/usec<\/td>\n<td class=\"table-info-value\">40V\/usec<\/td>\n<\/tr>\n<tr>\n<td colspan=\"2\">\n<h3><strong>MIXER + PR\u00c9 AMPLIFICADOR<\/strong><\/h3>\n<\/td>\n<\/tr>\n<tr>\n<td style=\"border-top: 0;\" colspan=\"2\">\n<h5><strong>ENTRADAS<\/strong><\/h5>\n<\/td>\n<\/tr>\n<tr>\n<th scope=\"row\">Sensibilidade de entrada<\/th>\n<td class=\"table-info-value border-right\">MIC: \u00a0-52 dBV<br \/>\nAUX: \u00a00 dBV<br \/>\nBT: &#8211; 76 dBm @ 0.1 % BER<\/td>\n<td class=\"table-info-value\">MIC: \u00a0-52 dBV<br \/>\nAUX: \u00a00 dBV<br \/>\nBT: &#8211; 76 dBm @ 0.1 % BER<\/td>\n<\/tr>\n<tr>\n<th scope=\"row\">Imped\u00e2ncia de entrada<\/th>\n<td class=\"table-info-value border-right\">MIC: 33 Kohms<br \/>\nLine In: 22 Kohms<\/td>\n<td class=\"table-info-value\">MIC: 33 Kohms<br \/>\nLine In: 22 Kohms<\/td>\n<\/tr>\n<tr>\n<th scope=\"row\">Rela\u00e7\u00e3o Sinal Ru\u00eddo (S\/N):<\/th>\n<td class=\"table-info-value border-right\">MIC: &gt;65 dB(A)<br \/>\nLine In: &gt;85 dB (A)<\/td>\n<td class=\"table-info-value\">MIC: &gt;65 dB(A)<br \/>\nLine In: &gt;85 dB (A)<\/td>\n<\/tr>\n<tr>\n<th scope=\"row\"><strong>Gongo<\/strong><\/th>\n<td class=\"table-info-value border-right\">Dual Tone \/ Dual envelope<\/td>\n<td class=\"table-info-value\">Dual Tone \/ Dual envelope<\/td>\n<\/tr>\n<tr>\n<th scope=\"row\"><strong>Prioridade<\/strong><\/th>\n<td class=\"table-info-value border-right\">Atenua\u00e7\u00e3o da prioridade: &#8211; 16 dB<\/td>\n<td class=\"table-info-value\">Atenua\u00e7\u00e3o da prioridade: &#8211; 16 dB<\/td>\n<\/tr>\n<tr>\n<th scope=\"row\"><strong>Bluetooth<\/strong><\/th>\n<td class=\"table-info-value border-right\">Bluetooth V2.1 + especifica\u00e7\u00e3o EDR, classes 2 e 3; decodificador A2DP<br \/>\nSensibilidade: -76dBm @ 0.1% BER<br \/>\nDist\u00e2ncia de recep\u00e7\u00e3o: 10 m<br \/>\nFrequ\u00eancia de FM: 88.1 a 106.3 MHz<br \/>\nVers\u00e3o USB: 2.0<br \/>\nSistema de arquivos: FAT32<br \/>\nFormatos de \u00e1udio: MP3\/WMA<\/td>\n<td class=\"table-info-value\">Bluetooth V2.1 + especifica\u00e7\u00e3o EDR, classes 2 e 3; decodificador A2DP<br \/>\nSensibilidade: -76dBm @ 0.1% BER<br \/>\nDist\u00e2ncia de recep\u00e7\u00e3o: 10 m<br \/>\nFrequ\u00eancia de FM: 88.1 a 106.3 MHz<br \/>\nVers\u00e3o USB: 2.0<br \/>\nSistema de arquivos: FAT32<br \/>\nFormatos de \u00e1udio: MP3\/WMA<\/td>\n<\/tr>\n<tr>\n<th scope=\"row\"><strong>Atua\u00e7\u00e3o dos controles de tonalidade<\/strong><\/th>\n<td class=\"table-info-value border-right\">Graves: +\/- 10 dB em 100 Hz<br \/>\nAgudos: +\/- 10 dB em 10 KHz<\/td>\n<td class=\"table-info-value\">Graves: +\/- 10 dB em 100 Hz<br \/>\nAgudos: +\/- 10 dB em 10 KHz<\/td>\n<\/tr>\n<tr>\n<td style=\"border-top: 0;\" colspan=\"2\">\n<h5><strong>SA\u00cdDAS<\/strong><\/h5>\n<\/td>\n<\/tr>\n<tr>\n<th scope=\"row\"><strong>Mixer Bal Out<\/strong><\/th>\n<td class=\"table-info-value border-right\">N\u00edvel de sa\u00edda: 0 dBV<br \/>\nImped\u00e2ncia de sa\u00edda: 100 ohms<br \/>\nDistor\u00e7\u00e3o Harm\u00f4nica (Line-in): 0,02%<br \/>\nRela\u00e7\u00e3o Sinal Ru\u00eddo (Line-in): &gt; 90 dB(A)<\/td>\n<td class=\"table-info-value\">N\u00edvel de sa\u00edda: 0 dBV<br \/>\nImped\u00e2ncia de sa\u00edda: 100 ohms<br \/>\nDistor\u00e7\u00e3o Harm\u00f4nica (Line-in): 0,02%<br \/>\nRela\u00e7\u00e3o Sinal Ru\u00eddo (Line-in): &gt; 90 dB(A)<\/td>\n<\/tr>\n<tr>\n<th scope=\"row\">Line out \/ Bal out<\/th>\n<td class=\"table-info-value border-right\">Sa\u00edda nominal: +3.5 dBV<br \/>\nImped\u00e2ncia de sa\u00edda: 470 ohms<br \/>\nDistor\u00e7\u00e3o harm\u00f4nica: 0,03%<br \/>\nRela\u00e7\u00e3o Sinal Ru\u00eddo: &gt;88 dB(A)<\/td>\n<td class=\"table-info-value\">Sa\u00edda nominal: +3.5 dBV<br \/>\nImped\u00e2ncia de sa\u00edda: 470 ohms<br \/>\nDistor\u00e7\u00e3o harm\u00f4nica: 0,03%<br \/>\nRela\u00e7\u00e3o Sinal Ru\u00eddo: &gt;88 dB(A)<\/td>\n<\/tr>\n<tr>\n<th scope=\"row\">Sub out<\/th>\n<td class=\"table-info-value border-right\">Sa\u00edda nominal: +3.5 dBV<br \/>\nImped\u00e2ncia de sa\u00edda: 470 ohms<br \/>\nFrequ\u00eancia de corte: 80 Hz<\/td>\n<td class=\"table-info-value\">Sa\u00edda nominal: +3.5 dBV<br \/>\nImped\u00e2ncia de sa\u00edda: 470 ohms<br \/>\nFrequ\u00eancia de corte: 80 Hz<\/td>\n<\/tr>\n<tr>\n<td style=\"border-top: 0;\" colspan=\"2\">\n<h5><strong>GERAL<\/strong><\/h5>\n<\/td>\n<\/tr>\n<tr>\n<th scope=\"row\">Consumo m\u00e1ximo<\/th>\n<td class=\"table-info-value border-right\">200W<\/td>\n<td class=\"table-info-value\">400W<\/td>\n<\/tr>\n<tr>\n<th scope=\"row\">Tens\u00e3o de opera\u00e7\u00e3o<\/th>\n<td class=\"table-info-value border-right\">99-140V e 198-242V (50\/60)Hz<\/td>\n<td class=\"table-info-value\">99-140V e 198-242V (50\/60)Hz<\/td>\n<\/tr>\n<tr>\n<th scope=\"row\">Dimens\u00f5es (L x P x A)<\/th>\n<td class=\"table-info-value border-right\">432 x 280 x 95 mm (com p\u00e9s \u2013 sem al\u00e7as);<br \/>\n482\u00d7280 x 88,9 mm (com al\u00e7as \/sem p\u00e9s)<\/td>\n<td class=\"table-info-value\">432 x 280 x 95 mm (com p\u00e9s \u2013 sem al\u00e7as);<br \/>\n482\u00d7280 x 88,9 mm (com al\u00e7as \/sem p\u00e9s)<\/td>\n<\/tr>\n<tr>\n<th scope=\"row\">Peso (sem embalagem)<\/th>\n<td class=\"table-info-value border-right\">7.5 Kg<\/td>\n<td class=\"table-info-value\">8.5 Kg<\/td>\n<\/tr>\n<tr>\n<th scope=\"row\">Peso (com embalagem)<\/th>\n<td class=\"table-info-value border-right\">8.2 Kg<\/td>\n<td class=\"table-info-value\">9.2 Kg<\/td>\n<\/tr>\n<tr>\n<th scope=\"row\"><strong>Itens inclusos na embalagem<\/strong><\/th>\n<td class=\"table-info-value border-right\">&#8211; Controle remoto<br \/>\n&#8211; Antena Bluetooth<br \/>\n&#8211; Antena FM<br \/>\n&#8211; Cabo de energia destac\u00e1vel<br \/>\n&#8211; Manual do usu\u00e1rio<\/td>\n<td class=\"table-info-value\">&#8211; Controle remoto<br \/>\n&#8211; Antena Bluetooth<br \/>\n&#8211; Antena FM<br \/>\n&#8211; Cabo de energia destac\u00e1vel<br \/>\n&#8211; Manual do usu\u00e1rio<\/td>\n<\/tr>\n<\/tbody>\n<\/table>\n<\/div>\n<p>[\/vc_column_text][\/vc_column][\/vc_row][vc_row css=&#8221;.vc_custom_1619471770776{margin-top: 35px !important;}&#8221; el_id=&#8221;veja-tambem&#8221;][vc_column offset=&#8221;vc_hidden-xs&#8221;][vc_column_text]<\/p>\n<h3 class=\"info-page-title\">VEJA TAMB\u00c9M<\/h3>\n<p>[\/vc_column_text][vc_basic_grid post_type=&#8221;page&#8221; max_items=&#8221;-1&#8243; style=&#8221;pagination&#8221; items_per_page=&#8221;4&#8243; element_width=&#8221;3&#8243; gap=&#8221;20&#8243; orderby=&#8221;menu_order&#8221; order=&#8221;ASC&#8221; arrows_design=&#8221;vc_arrow-icon-arrow_07_left&#8221; arrows_position=&#8221;outside&#8221; arrows_color=&#8221;sky&#8221; paging_color=&#8221;sky&#8221; item=&#8221;184&#8243; initial_loading_animation=&#8221;none&#8221; grid_id=&#8221;vc_gid:1738343192614-504884108252bf48164eb5fc1505a36d-6&#8243; taxonomies=&#8221;39&#8243; exclude=&#8221;6396&#8243;][\/vc_column][\/vc_row][vc_row css=&#8221;.vc_custom_1618950093139{margin-top: 35px !important;}&#8221; el_id=&#8221;veja-tambem-2&#8243;][vc_column offset=&#8221;vc_hidden-lg vc_hidden-md vc_hidden-sm&#8221;][vc_column_text]<\/p>\n<h3 class=\"info-page-title\">VEJA TAMB\u00c9M<\/h3>\n<p>[\/vc_column_text][vc_basic_grid post_type=&#8221;page&#8221; max_items=&#8221;-1&#8243; style=&#8221;pagination&#8221; items_per_page=&#8221;1&#8243; element_width=&#8221;12&#8243; gap=&#8221;20&#8243; orderby=&#8221;menu_order&#8221; order=&#8221;ASC&#8221; arrows_design=&#8221;vc_arrow-icon-arrow_07_left&#8221; arrows_position=&#8221;outside&#8221; arrows_color=&#8221;sky&#8221; paging_color=&#8221;sky&#8221; item=&#8221;184&#8243; initial_loading_animation=&#8221;none&#8221; grid_id=&#8221;vc_gid:1738343192710-32f051d39ac8ed2e68db1304c2b3ffd8-7&#8243; taxonomies=&#8221;39&#8243; exclude=&#8221;6396&#8243;][\/vc_column][\/vc_row]<\/p>\n<\/div>","protected":false},"excerpt":{"rendered":"<p>[vc_row][vc_column][vc_row_inner][vc_column_inner][vc_raw_html css=&#8221;&#8221;]JTNDZGl2JTIwY2xhc3MlM0QlMjJlYXN5em9vbSUyMGVhc3l6b29tLS13aXRoLXRodW1ibmFpbHMlMjIlM0UlMEElMjAlMjAlMjAlM0NhJTIwaHJlZiUzRCUyMmh0dHBzJTNBJTJGJTJGYWF0YXVkaW8uY29tLmJyJTJGd3AtY29udGVudCUyRnVwbG9hZHMlMkZiYW5uZXItem9vbS1tYS0zY2ktZzIuanBnJTIyJTIwY2xhc3MlM0QlMjJ6b29tLW1hc3RlciUyMiUzRSUwQSUyMCUyMCUyMCUzQ2ltZyUyMHNyYyUzRCUyMmh0dHBzJTNBJTJGJTJGYWF0YXVkaW8uY29tLmJyJTJGd3AtY29udGVudCUyRnVwbG9hZHMlMkZiYW5uZXItem9vbS1tYS0zY2ktZzIuanBnJTIyJTIwYWx0JTNEJTIybWEtMWNpLWcyJTIyJTNFJTBBJTIwJTIwJTIwJTNDJTJGYSUzRSUwQSUyMCUyMCUyMCUzQ2RpdiUyMGNsYXNzJTNEJTIyZWFzeXpvb20tZmx5b3V0JTIyJTNFJTNDJTJGZGl2JTNFJTBBJTNDJTJGZGl2JTNFJTBBJTNDdWwlMjBjbGFzcyUzRCUyMnRodW1ibmFpbHMlMjIlM0UlMEElMjAlMjAlMjAlM0NsaSUzRSUwQSUyMCUyMCUyMCUyMCUyMCUyMCUzQ2ElMjBocmVmJTNEJTIyaHR0cHMlM0ElMkYlMkZhYXRhdWRpby5jb20uYnIlMkZ3cC1jb250ZW50JTJGdXBsb2FkcyUyRmJhbm5lci16b29tLW1hLTNjaS1nMi5qcGclMjIlMjBkYXRhLXN0YW5kYXJkJTNEJTIyaHR0cHMlM0ElMkYlMkZhYXRhdWRpby5jb20uYnIlMkZ3cC1jb250ZW50JTJGdXBsb2FkcyUyRmJhbm5lci16b29tLW1hLTNjaS1nMi5qcGclMjIlM0UlMEElMjAlMjAlMjAlMjAlMjAlMjAlM0NpbWclMjBzcmMlM0QlMjJodHRwcyUzQSUyRiUyRmFhdGF1ZGlvLmNvbS5iciUyRndwLWNvbnRlbnQlMkZ1cGxvYWRzJTJGYmFubmVyLXpvb20tbWEtM2NpLWcyLmpwZyUyMiUyMGFsdCUzRCUyMm1hLTFjaS1nMiUyMiUzRSUwQSUyMCUyMCUyMCUyMCUyMCUyMCUzQyUyRmElM0UlMEElMjAlMjAlMjAlM0MlMkZsaSUzRSUwQSUyMCUyMCUyMCUzQ2xpJTNFJTBBJTIwJTIwJTIwJTIwJTIwJTIwJTNDYSUyMGhyZWYlM0QlMjJodHRwcyUzQSUyRiUyRmFhdGF1ZGlvLmNvbS5iciUyRndwLWNvbnRlbnQlMkZ1cGxvYWRzJTJGYmFubmVyLXpvb20tbWEtM2NpLWcyLTEuanBnJTIyJTIwZGF0YS1zdGFuZGFyZCUzRCUyMmh0dHBzJTNBJTJGJTJGYWF0YXVkaW8uY29tLmJyJTJGd3AtY29udGVudCUyRnVwbG9hZHMlMkZiYW5uZXItem9vbS1tYS0zY2ktZzItMS5qcGclMjIlM0UlMEElMjAlMjAlMjAlMjAlMjAlMjAlM0NpbWclMjBzcmMlM0QlMjJodHRwcyUzQSUyRiUyRmFhdGF1ZGlvLmNvbS5iciUyRndwLWNvbnRlbnQlMkZ1cGxvYWRzJTJGYmFubmVyLXpvb20tbWEtM2NpLWcyLTEuanBnJTIyJTIwYWx0JTNEJTIybWEtMWNpLWcyJTIyJTNFJTBBJTIwJTIwJTIwJTIwJTIwJTIwJTNDJTJGYSUzRSUwQSUyMCUyMCUyMCUzQyUyRmxpJTNFJTBBJTIwJTIwJTIwJTNDbGklM0UlMEElMjAlMjAlMjAlMjAlMjAlMjAlM0NhJTIwaHJlZiUzRCUyMmh0dHBzJTNBJTJGJTJGYWF0YXVkaW8uY29tLmJyJTJGd3AtY29udGVudCUyRnVwbG9hZHMlMkZiYW5uZXItem9vbS1tYS0zY2ktZzItMi0xLmpwZyUyMiUyMGRhdGEtc3RhbmRhcmQlM0QlMjJodHRwcyUzQSUyRiUyRmFhdGF1ZGlvLmNvbS5iciUyRndwLWNvbnRlbnQlMkZ1cGxvYWRzJTJGYmFubmVyLXpvb20tbWEtM2NpLWcyLTItMS5qcGclMjIlM0UlMEElMjAlMjAlMjAlMjAlMjAlMjAlM0NpbWclMjBzcmMlM0QlMjJodHRwcyUzQSUyRiUyRmFhdGF1ZGlvLmNvbS5iciUyRndwLWNvbnRlbnQlMkZ1cGxvYWRzJTJGYmFubmVyLXpvb20tbWEtM2NpLWcyLTItMS5qcGclMjIlMjBhbHQlM0QlMjJtYS0xY2ktZzIlMjIlM0UlMEElMjAlMjAlMjAlMjAlMjAlMjAlM0MlMkZhJTNFJTBBJTIwJTIwJTIwJTNDJTJGbGklM0UlMEElMjAlMjAlMjAlM0NsaSUzRSUwQSUyMCUyMCUyMCUyMCUyMCUyMCUzQ2ElMjBocmVmJTNEJTIyaHR0cHMlM0ElMkYlMkZhYXRhdWRpby5jb20uYnIlMkZ3cC1jb250ZW50JTJGdXBsb2FkcyUyRmJhbm5lci16b29tLW1hLTNjaS1nMi0zLmpwZyUyMiUyMGRhdGEtc3RhbmRhcmQlM0QlMjJodHRwcyUzQSUyRiUyRmFhdGF1ZGlvLmNvbS5iciUyRndwLWNvbnRlbnQlMkZ1cGxvYWRzJTJGYmFubmVyLXpvb20tbWEtM2NpLWcyLTMuanBnJTIyJTNFJTBBJTIwJTIwJTIwJTIwJTIwJTIwJTNDaW1nJTIwc3JjJTNEJTIyaHR0cHMlM0ElMkYlMkZhYXRhdWRpby5jb20uYnIlMkZ3cC1jb250ZW50JTJGdXBsb2FkcyUyRmJhbm5lci16b29tLW1hLTNjaS1nMi0zLmpwZyUyMiUyMGFsdCUzRCUyMm1hLTFjaS1nMiUyMiUzRSUwQSUyMCUyMCUyMCUyMCUyMCUyMCUzQyUyRmElM0UlMEElMjAlMjAlMjAlM0MlMkZsaSUzRSUwQSUyMCUyMCUyMCUzQ2xpJTNFJTBBJTIwJTIwJTIwJTIwJTIwJTIwJTNDYSUyMGhyZWYlM0QlMjJodHRwcyUzQSUyRiUyRmFhdGF1ZGlvLmNvbS5iciUyRndwLWNvbnRlbnQlMkZ1cGxvYWRzJTJGbWEtMS1jaS00LmpwZyUyMiUyMGRhdGEtc3RhbmRhcmQlM0QlMjJodHRwcyUzQSUyRiUyRmFhdGF1ZGlvLmNvbS5iciUyRndwLWNvbnRlbnQlMkZ1cGxvYWRzJTJGbWEtMS1jaS00LmpwZyUyMiUzRSUwQSUyMCUyMCUyMCUyMCUyMCUyMCUzQ2ltZyUyMHNyYyUzRCUyMmh0dHBzJTNBJTJGJTJGYWF0YXVkaW8uY29tLmJyJTJGd3AtY29udGVudCUyRnVwbG9hZHMlMkZtYS0xLWNpLTQuanBnJTIyJTIwYWx0JTNEJTIybWEtMWNpLWcyJTIyJTNFJTBBJTIwJTIwJTIwJTIwJTIwJTIwJTNDJTJGYSUzRSUwQSUyMCUyMCUyMCUzQyUyRmxpJTNFJTBBJTNDJTJGdWwlM0U=[\/vc_raw_html][\/vc_column_inner][\/vc_row_inner][vc_row_inner][vc_column_inner width=&#8221;1\/2&#8243;][\/vc_column_inner][vc_column_inner width=&#8221;1\/2&#8243;][vc_column_text] Share via Whatsapp[\/vc_column_text][\/vc_column_inner][\/vc_row_inner][\/vc_column][\/vc_row][vc_row el_id=&#8221;tab-menu-produto&#8221;][vc_column][vc_row_inner][vc_column_inner][vc_btn title=&#8221;Descri\u00e7\u00e3o&#8221; shape=&#8221;square&#8221; link=&#8221;url:%23descricao|||rel:nofollow&#8221; el_class=&#8221;ancor-scroll&#8221;][vc_btn title=&#8221;Caracteristicas&#8221; shape=&#8221;square&#8221; link=&#8221;url:%23caracteristicas|||rel:nofollow&#8221; el_class=&#8221;ancor-scroll&#8221;][vc_btn title=&#8221;Especifica\u00e7\u00f5es&#8221; shape=&#8221;square&#8221; link=&#8221;url:%23especificacoes|||rel:nofollow&#8221; el_class=&#8221;ancor-scroll&#8221;][\/vc_column_inner][\/vc_row_inner][\/vc_column][\/vc_row][vc_row el_id=&#8221;descricao&#8221;][vc_column][vc_row_inner][vc_column_inner][vc_column_text] DESCRI\u00c7\u00c3O Os Mixers Amplifier AAT MA-3 CI G2 e AAT MA-4 CI G2 s\u00e3o solu\u00e7\u00f5es ideais e vers\u00e1teis para a sonoriza\u00e7\u00e3o de ambientes comerciais em linhas de 70V, como escrit\u00f3rios, cl\u00ednicas, lojas e supermercados [&hellip;]<\/p>\n","protected":false},"author":5,"featured_media":12896,"parent":4617,"menu_order":3,"comment_status":"closed","ping_status":"closed","template":"page-fullwidth.php","meta":{"footnotes":""},"class_list":["post-6396","page","type-page","status-publish","has-post-thumbnail","hentry"],"_links":{"self":[{"href":"https:\/\/aataudio.com.br\/home\/wp-json\/wp\/v2\/pages\/6396"}],"collection":[{"href":"https:\/\/aataudio.com.br\/home\/wp-json\/wp\/v2\/pages"}],"about":[{"href":"https:\/\/aataudio.com.br\/home\/wp-json\/wp\/v2\/types\/page"}],"author":[{"embeddable":true,"href":"https:\/\/aataudio.com.br\/home\/wp-json\/wp\/v2\/users\/5"}],"replies":[{"embeddable":true,"href":"https:\/\/aataudio.com.br\/home\/wp-json\/wp\/v2\/comments?post=6396"}],"version-history":[{"count":12,"href":"https:\/\/aataudio.com.br\/home\/wp-json\/wp\/v2\/pages\/6396\/revisions"}],"predecessor-version":[{"id":14540,"href":"https:\/\/aataudio.com.br\/home\/wp-json\/wp\/v2\/pages\/6396\/revisions\/14540"}],"up":[{"embeddable":true,"href":"https:\/\/aataudio.com.br\/home\/wp-json\/wp\/v2\/pages\/4617"}],"wp:featuredmedia":[{"embeddable":true,"href":"https:\/\/aataudio.com.br\/home\/wp-json\/wp\/v2\/media\/12896"}],"wp:attachment":[{"href":"https:\/\/aataudio.com.br\/home\/wp-json\/wp\/v2\/media?parent=6396"}],"curies":[{"name":"wp","href":"https:\/\/api.w.org\/{rel}","templated":true}]}}