{"id":5050,"date":"2020-10-05T19:01:08","date_gmt":"2020-10-05T22:01:08","guid":{"rendered":"https:\/\/aataudio.com.br\/?page_id=5050"},"modified":"2026-04-22T11:33:03","modified_gmt":"2026-04-22T14:33:03","slug":"aat-pmr-3","status":"publish","type":"page","link":"https:\/\/aataudio.com.br\/home\/multirooms\/aat-pmr-3\/","title":{"rendered":"AAT PMR-3"},"content":{"rendered":"<div class=\"wpb-content-wrapper\"><p>[vc_row][vc_column][vc_row_inner][vc_column_inner][vc_raw_html]JTNDZGl2JTIwY2xhc3MlM0QlMjJlYXN5em9vbSUyMGVhc3l6b29tLS13aXRoLXRodW1ibmFpbHMlMjIlM0UlMEElMjAlMjAlMjAlMjAlM0NhJTIwaHJlZiUzRCUyMmh0dHBzJTNBJTJGJTJGYWF0YXVkaW8uY29tLmJyJTJGd3AtY29udGVudCUyRnVwbG9hZHMlMkZiYW5uZXItem9vbS1wbXItMy0yLXYyLmpwZyUyMiUyMGNsYXNzJTNEJTIyem9vbS1tYXN0ZXIlMjIlM0UlMEElMjAlMjAlMjAlM0NpbWclMjBzcmMlM0QlMjJodHRwcyUzQSUyRiUyRmFhdGF1ZGlvLmNvbS5iciUyRndwLWNvbnRlbnQlMkZ1cGxvYWRzJTJGYmFubmVyLXpvb20tcG1yLTMtMi12Mi5qcGclMjIlMjBhbHQlM0QlMjJhYy0xJTIyJTNFJTBBJTIwJTIwJTIwJTNDJTJGYSUzRSUwQSUyMCUyMCUyMCUzQ2RpdiUyMGNsYXNzJTNEJTIyZWFzeXpvb20tZmx5b3V0JTIyJTNFJTNDJTJGZGl2JTNFJTBBJTNDJTJGZGl2JTNFJTBBJTNDdWwlMjBjbGFzcyUzRCUyMnRodW1ibmFpbHMlMjIlM0UlMEElMjAlMjAlMjAlM0NsaSUzRSUwQSUyMCUyMCUyMCUyMCUyMCUyMCUzQ2ElMjBocmVmJTNEJTIyaHR0cHMlM0ElMkYlMkZhYXRhdWRpby5jb20uYnIlMkZ3cC1jb250ZW50JTJGdXBsb2FkcyUyRmJhbm5lci16b29tLXBtci0zLTItdjIuanBnJTIyJTIwZGF0YS1zdGFuZGFyZCUzRCUyMmh0dHBzJTNBJTJGJTJGYWF0YXVkaW8uY29tLmJyJTJGd3AtY29udGVudCUyRnVwbG9hZHMlMkZiYW5uZXItem9vbS1wbXItMy0yLXYyLmpwZyUyMiUzRSUwQSUyMCUyMCUyMCUyMCUyMCUyMCUzQ2ltZyUyMHNyYyUzRCUyMmh0dHBzJTNBJTJGJTJGYWF0YXVkaW8uY29tLmJyJTJGd3AtY29udGVudCUyRnVwbG9hZHMlMkZiYW5uZXItem9vbS1wbXItMy0yLXYyLmpwZyUyMiUyMGFsdCUzRCUyMmFjLTElMjIlM0UlMEElMjAlMjAlMjAlMjAlMjAlMjAlM0MlMkZhJTNFJTBBJTIwJTIwJTIwJTNDJTJGbGklM0UlMEElMjAlMjAlMjAlM0NsaSUzRSUwQSUyMCUyMCUyMCUyMCUyMCUyMCUzQ2ElMjBocmVmJTNEJTIyaHR0cHMlM0ElMkYlMkZhYXRhdWRpby5jb20uYnIlMkZ3cC1jb250ZW50JTJGdXBsb2FkcyUyRmJhbm5lci16b29tLXBtci0zLXYyLmpwZyUyMiUyMGRhdGEtc3RhbmRhcmQlM0QlMjJodHRwcyUzQSUyRiUyRmFhdGF1ZGlvLmNvbS5iciUyRndwLWNvbnRlbnQlMkZ1cGxvYWRzJTJGYmFubmVyLXpvb20tcG1yLTMtdjIuanBnJTIyJTNFJTBBJTIwJTIwJTIwJTIwJTIwJTIwJTNDaW1nJTIwc3JjJTNEJTIyaHR0cHMlM0ElMkYlMkZhYXRhdWRpby5jb20uYnIlMkZ3cC1jb250ZW50JTJGdXBsb2FkcyUyRmJhbm5lci16b29tLXBtci0zLXYyLmpwZyUyMiUyMGFsdCUzRCUyMmFjLTIlMjIlM0UlMEElMjAlMjAlMjAlMjAlMjAlMjAlM0MlMkZhJTNFJTBBJTIwJTIwJTIwJTNDJTJGbGklM0UlMEElMjAlMjAlMjAlM0NsaSUzRSUwQSUyMCUyMCUyMCUyMCUyMCUyMCUzQ2ElMjBocmVmJTNEJTIyaHR0cHMlM0ElMkYlMkZhYXRhdWRpby5jb20uYnIlMkZ3cC1jb250ZW50JTJGdXBsb2FkcyUyRmJhbm5lci16b29tLXBtci0zLTMtdjIuanBnJTIyJTIwZGF0YS1zdGFuZGFyZCUzRCUyMmh0dHBzJTNBJTJGJTJGYWF0YXVkaW8uY29tLmJyJTJGd3AtY29udGVudCUyRnVwbG9hZHMlMkZiYW5uZXItem9vbS1wbXItMy0zLXYyLmpwZyUyMiUzRSUwQSUyMCUyMCUyMCUyMCUyMCUyMCUzQ2ltZyUyMHNyYyUzRCUyMmh0dHBzJTNBJTJGJTJGYWF0YXVkaW8uY29tLmJyJTJGd3AtY29udGVudCUyRnVwbG9hZHMlMkZiYW5uZXItem9vbS1wbXItMy0zLXYyLmpwZyUyMiUyMGFsdCUzRCUyMmFjLTMlMjIlM0UlMEElMjAlMjAlMjAlMjAlMjAlMjAlM0MlMkZhJTNFJTBBJTIwJTIwJTIwJTNDJTJGbGklM0UlMEElM0MlMkZ1bCUzRQ==[\/vc_raw_html][\/vc_column_inner][\/vc_row_inner][vc_row_inner][vc_column_inner width=&#8221;1\/2&#8243;][\/vc_column_inner][vc_column_inner width=&#8221;1\/2&#8243;][vc_column_text]<aside class=\"mashsb-container mashsb-main mashsb-stretched\"><div class=\"mashsb-box\"><div class=\"mashsb-buttons\"><a class=\"mashicon-facebook mash-small mash-center mashsb-noshadow mashsb-pure-icons\" href=\"https:\/\/www.facebook.com\/sharer.php?u=https%3A%2F%2Faataudio.com.br%2Fhome%2Fmultirooms%2Faat-pmr-3%2F\" target=\"_top\" rel=\"nofollow\"><span class=\"icon\"><\/span><span class=\"text\"><\/span><\/a><a class=\"mashicon-twitter mash-small mash-center mashsb-noshadow mashsb-pure-icons\" href=\"https:\/\/twitter.com\/intent\/tweet?text=&amp;url=https:\/\/aataudio.com.br\/home\/multirooms\/aat-pmr-3\/\" target=\"_top\" rel=\"nofollow\"><span class=\"icon\"><\/span><span class=\"text\"><\/span><\/a><a class=\"mashicon-whatsapp mash-small mash-center mashsb-noshadow mashsb-pure-icons\" href=\"\" target=\"_top\" rel=\"nofollow\"><span class=\"icon\"><\/span><span class=\"text\"><\/span><\/a><div class=\"onoffswitch2 mash-small mashsb-noshadow\" style=\"display:none\"><\/div><\/div><\/div>\n                    <div style=\"clear:both\"><\/div><div class=\"mashsb-toggle-container\"><\/div><\/aside>\n            <!-- Share buttons made by mashshare.net - Version: 4.0.47--><br \/>\n<a style=\"display: none;\" href=\"whatsapp:\/\/send?text=The text to share!\" data-action=\"share\/whatsapp\/share\">Share via Whatsapp<\/a>[\/vc_column_text][\/vc_column_inner][\/vc_row_inner][\/vc_column][\/vc_row][vc_row el_id=&#8221;tab-menu-produto&#8221;][vc_column][vc_row_inner][vc_column_inner][vc_btn title=&#8221;Descri\u00e7\u00e3o&#8221; shape=&#8221;square&#8221; link=&#8221;url:%23descricao|||rel:nofollow&#8221; el_class=&#8221;ancor-scroll&#8221;][vc_btn title=&#8221;Caracteristicas&#8221; shape=&#8221;square&#8221; link=&#8221;url:%23caracteristicas|||rel:nofollow&#8221; el_class=&#8221;ancor-scroll&#8221;][vc_btn title=&#8221;Especifica\u00e7\u00f5es&#8221; shape=&#8221;square&#8221; link=&#8221;url:%23especificacoes|||rel:nofollow&#8221; el_class=&#8221;ancor-scroll&#8221;][\/vc_column_inner][\/vc_row_inner][\/vc_column][\/vc_row][vc_row el_id=&#8221;descricao&#8221;][vc_column][vc_row_inner][vc_column_inner][vc_column_text]<\/p>\n<h3 class=\"info-page-title\">DESCRI\u00c7\u00c3O<\/h3>\n<p>O amplificador multiroom AAT PMR-3 \u00e9 a solu\u00e7\u00e3o ideal para quem precisa de uma zona de \u00e1udio adicional em uma pequena resid\u00eancia, escrit\u00f3rio, loja ou restaurante, sem abrir m\u00e3o da melhor qualidade sonora do mercado. O produto traz dois canais de amplifica\u00e7\u00e3o digital classe D (uma zona est\u00e9reo) com pot\u00eancia de 100W RMS m\u00e1ximos por canal, totalizando 200W RMS. E isso com os dois canais operando simultaneamente.<\/p>\n<p>Destaque para a tecnologia ZDTS (Zero Dead Time Switching), exclusiva da AAT, que garante a menor distor\u00e7\u00e3o do mercado, aliada a uma efici\u00eancia t\u00edpica de 91%. Isso se traduz em menos calor, menor consumo de energia e maior confiabilidade.[\/vc_column_text][\/vc_column_inner][\/vc_row_inner][\/vc_column][\/vc_row][vc_row el_id=&#8221;caracteristicas&#8221;][vc_column offset=&#8221;vc_col-lg-12 vc_col-sm-offset-0&#8243;][vc_row_inner][vc_column_inner][vc_column_text]<\/p>\n<h3 class=\"info-page-title\">CARACTER\u00cdSTICAS<\/h3>\n<ul>\n<li>2 canais com pot\u00eancia de 100W RMS m\u00e1ximos, entregues com todos os canais operando SIMULTANEAMENTE<\/li>\n<li>Amplifica\u00e7\u00e3o digital classe D com tecnologia ZDTS (Zero Dead Time Switching): a menor distor\u00e7\u00e3o harm\u00f4nica do mercado<\/li>\n<li>Sistema de prote\u00e7\u00e3o APMS (Advanced Protection Management System), exclusivo da AAT, protege o PMR-3 contra sobrecorrente, curto-circuito, temperatura excessiva, DC na sa\u00edda, subtens\u00e3o, sobretens\u00e3o e supply unbalance, al\u00e9m de proporcionar opera\u00e7\u00e3o silenciosa durante a liga\u00e7\u00e3o e o desligamento<\/li>\n<li>EMC Product Compliance: garantia de aus\u00eancia de ru\u00eddos e interfer\u00eancias entre zonas ou com outros produtos<\/li>\n<li>Controle de volume e controles de graves e agudos do tipo Active Baxandall, funcionais em toda a escala de atua\u00e7\u00e3o, encontrados somente em produtos de alta performance e custo mais elevado<\/li>\n<li>Auto-on, Trigger-on ou Always-on: tr\u00eas modos de opera\u00e7\u00e3o para garantir a maior flexibilidade na instala\u00e7\u00e3o<\/li>\n<li>Sa\u00eddas loop-out, para expans\u00e3o com a conex\u00e3o de mais amplificadores PMR-1 ou PMR-2, em caso de necessidade de expans\u00e3o do sistema instalado<\/li>\n<li>Duas entradas que podem ser roteadas para as duas zonas de forma independente, com crosstalk extremamente baixo<\/li>\n<li>Chaveamento est\u00e9reo-mono para cada entrada permite maior flexibilidade na instala\u00e7\u00e3o de som ambiente, de acordo com a necessidade de cada instalador<\/li>\n<\/ul>\n<p>[\/vc_column_text][\/vc_column_inner][\/vc_row_inner][vc_raw_html css=&#8221;&#8221;]JTNDaDMlMjBjbGFzcyUzRCUyMmluZm8tcGFnZS10aXRsZSUyMiUzRVJFQUxJREFERSUyMEFVTUVOVEFEQSUzQyUyRmgzJTNFJTBBRXNjYW5laWUlMjBvJTIwUVIlMjBDb2RlJTIwY29tJTIwYSUyMGMlQzMlQTJtZXJhJTIwZG8lMjBzZXUlMjBjZWx1bGFyJTIwZSUyMHZlamElMjBvJTIwcHJvZHV0byUyMGVtJTIwM0QlMjBpbnNlcmlkbyUyMGVtJTIwdGFtYW5obyUyMHJlYWwlMjBubyUyMHNldSUyMGFtYmllbnRlLg==[\/vc_raw_html][\/vc_column][\/vc_row][vc_row el_id=&#8221;especificacoes&#8221;][vc_column][vc_raw_html css=&#8221;&#8221;]JTNDJTIxZG9jdHlwZSUyMGh0bWwlM0UlMEElM0NodG1sJTIwbGFuZyUzRCUyMmVuJTIyJTNFJTBBJTIwJTIwJTNDaGVhZCUzRSUwQSUyMCUyMCUyMCUyMCUzQ3RpdGxlJTNFJTI2bHQlM0Jtb2RlbC12aWV3ZXIlMjZndCUzQiUyMHRlbXBsYXRlJTNDJTJGdGl0bGUlM0UlMEElMjAlMjAlMjAlMjAlM0NtZXRhJTIwY2hhcnNldCUzRCUyMnV0Zi04JTIyJTNFJTBBJTIwJTIwJTIwJTIwJTNDbWV0YSUyMG5hbWUlM0QlMjJkZXNjcmlwdGlvbiUyMiUyMGNvbnRlbnQlM0QlMjIlMjZsdCUzQm1vZGVsLXZpZXdlciUyNmd0JTNCJTIwdGVtcGxhdGUlMjIlM0UlMEElMjAlMjAlMjAlMjAlM0NtZXRhJTIwbmFtZSUzRCUyMnZpZXdwb3J0JTIyJTIwY29udGVudCUzRCUyMndpZHRoJTNEZGV2aWNlLXdpZHRoJTJDJTIwaW5pdGlhbC1zY2FsZSUzRDElMjIlM0UlMEElMjAlMjAlM0NzdHlsZSUzRSUyMCUyRiUyQSUyMEVzdGlsbyUyMHBhZHIlQzMlQTNvJTIwcGFyYSUyMGRlc2t0b3AlMjAlMkElMkYlMjBtb2RlbC12aWV3ZXIlMjAlN0IlMjB3aWR0aCUzQSUyMDgwMHB4JTNCJTIwaGVpZ2h0JTNBJTIwNjAwcHglM0IlMjAlN0QlMjAlMkYlMkElMjBBanVzdGUlMjBwYXJhJTIwdGVsYXMlMjBtZW5vcmVzJTIwJTI4bW9iaWxlJTI5JTIwJTJBJTJGJTIwJTQwbWVkaWElMjAlMjhtYXgtd2lkdGglM0ElMjA3NjhweCUyOSUyMCU3QiUyMG1vZGVsLXZpZXdlciUyMCU3QiUyMHdpZHRoJTNBJTIwMTAwJTI1JTNCJTIwJTJGJTJBJTIwb2N1cGElMjB0b2RhJTIwYSUyMGxhcmd1cmElMjBkaXNwb24lQzMlQUR2ZWwlMjAlMkElMkYlMjBoZWlnaHQlM0ElMjAzMDBweCUzQiUyMCUyRiUyQSUyMGFsdHVyYSUyMHJlZHV6aWRhJTIwJTJBJTJGJTIwJTdEJTIwJTdEJTIwJTBBJTBBJTIzYXItYnV0dG9uJTIwJTdCJTIwYmFja2dyb3VuZC1jb2xvciUzQSUyMHdoaXRlJTNCJTIwYm9yZGVyLXJhZGl1cyUzQSUyMDRweCUzQiUyMGJvcmRlciUzQSUyMG5vbmUlM0IlMjBwb3NpdGlvbiUzQSUyMGFic29sdXRlJTNCJTIwYm90dG9tJTNBJTIwMzBweCUzQiUzQiUyMHJpZ2h0JTNBJTIwMTZweCUzQiUyMHBhZGRpbmclM0ElMjAxMHB4JTNCJTIwJTdEJTBBJTBBJTIzYXItcHJvbXB0JTIwJTdCJTIwYmFja2dyb3VuZC1jb2xvciUzQSUyMHdoaXRlJTNCJTIwYm9yZGVyLXJhZGl1cyUzQSUyMDRweCUzQiUyMGJvcmRlciUzQSUyMG5vbmUlM0IlMjBwb3NpdGlvbiUzQSUyMGFic29sdXRlJTNCJTIwYm90dG9tJTNBJTIwMzBweCUzQiUzQiUyMGxlZnQlM0ElMjAxNnB4JTNCJTIwcGFkZGluZyUzQSUyMDEwcHglM0IlMjAlN0QlMEElMEElMjNsb2dvMSUyMCU3QiUwQSUyMCUyMCUyMCUyMCUyMCUyMHBvc2l0aW9uJTNBJTIwZml4ZWQlM0IlMjAlMjAlMjAlMkYlMkElMjBmaXhhJTIwYSUyMGltYWdlbSUyMG5hJTIwdGVsYSUyMCUyQSUyRiUwQSUyMCUyMCUyMCUyMCUyMCUyMHRvcCUzQSUyMDAlM0IlMjAlMjAlMjAlMjAlMjAlMjAlMjAlMjAlMjAlMjAlMjAlMjAlMkYlMkElMjBkaXN0JUMzJUEybmNpYSUyMGRvJTIwdG9wbyUyMCUyQSUyRiUwQSUyMCUyMCUyMCUyMCUyMCUyMGxlZnQlM0ElMjAwJTNCJTIwJTIwJTIwJTIwJTIwJTIwJTIwJTIwJTIwJTIwJTIwJTJGJTJBJTIwZGlzdCVDMyVBMm5jaWElMjBkYSUyMGVzcXVlcmRhJTIwJTJBJTJGJTBBJTIwJTIwJTIwJTIwJTIwJTIwd2lkdGglM0ElMjAxNjBweCUzQiUyMCUyMCUyMCUyMCUyMCUyMCUyRiUyQSUyMGFqdXN0ZSUyMG8lMjB0YW1hbmhvJTIwY29uZm9ybWUlMjBuZWNlc3MlQzMlQTFyaW8lMjAlMkElMkYlMEElMjAlMjAlMjAlMjAlMjAlMjBoZWlnaHQlM0ElMjBhdXRvJTNCJTIwJTIwJTIwJTIwJTIwJTIwJTJGJTJBJTIwbWFudCVDMyVBOW0lMjBhJTIwcHJvcG9yJUMzJUE3JUMzJUEzbyUyMCUyQSUyRiUwQSUyMCUyMCUyMCUyMCUyMCUyMHotaW5kZXglM0ElMjA5OTk5JTNCJTIwJTIwJTIwJTIwJTIwJTJGJTJBJTIwZ2FyYW50ZSUyMHF1ZSUyMGZpcXVlJTIwYWNpbWElMjBkb3MlMjBvdXRyb3MlMjBlbGVtZW50b3MlMjAlMkElMkYlMEElMjAlMjAlMjAlMjAlMjAlMjBkaXNwbGF5JTNBJTIwbm9uZSUzQiUwQSU0MG1lZGlhJTIwJTI4bWluLXdpZHRoJTNBJTIwMTAyNHB4JTI5JTIwJTdCJTBBJTIwJTIwJTIwJTIwZGlzcGxheSUzQSUyMGJsb2NrJTNCJTBBJTIwJTIwJTdEJTBBJTdEJTBBJTBBJTBBJTBBJTNDJTJGc3R5bGUlM0UlMEElMjAlMjAlM0MlMkZoZWFkJTNFJTBBJTIwJTIwJTIwJTIwJTNDYm9keSUzRSUwQSUyMCUyMCUyMCUzQ2RpdiUyMGFsaWduJTNEJTIyY2VudGVyJTIyJTNFJTIwJTNDJTIxLS0lMjAlM0Ntb2RlbC12aWV3ZXIlM0UlMjBIVE1MJTIwZWxlbWVudCUyMC0tJTNFJTBBJTIwJTIwJTIwJTIwJTNDbW9kZWwtdmlld2VyJTIwc3JjJTNEJTIyaHR0cHMlM0ElMkYlMkZhYXRhdWRpby5jb20uYnIlMkZtb2RlbHZpZXdlciUyRnBtcl8zJTJGUE1SXzNfQUFUX09UTS5nbGIlMjIlMjBhciUyMGFyLW1vZGVzJTNEJTIyd2VieHIlMjBzY2VuZS12aWV3ZXIlMjBxdWljay1sb29rJTIyJTIwY2FtZXJhLWNvbnRyb2xzJTIwdG9uZS1tYXBwaW5nJTNEJTIybmV1dHJhbCUyMiUyMHBvc3RlciUzRCUyMmh0dHBzJTNBJTJGJTJGYWF0YXVkaW8uY29tLmJyJTJGbW9kZWx2aWV3ZXIlMkZwbXJfMyUyRnBvc3Rlci53ZWJwJTIyJTIwc2hhZG93LWludGVuc2l0eSUzRCUyMjElMjIlMjBlbnZpcm9ubWVudC1pbWFnZSUzRCUyMmh0dHBzJTNBJTJGJTJGYWF0YXVkaW8uY29tLmJyJTJGbW9kZWx2aWV3ZXIlMkZwbXJfMyUyRkhEUklfTU9ERUxfVklFV0VSX1BBRFJBTy5wbmclMjIlMjBleHBvc3VyZSUzRCUyMjIlMjIlMjBjYW1lcmEtb3JiaXQlM0QlMjIyLjI2NmRlZyUyMDg2LjYxZGVnJTIwMS4xNW0lMjIlMjBmaWVsZC1vZi12aWV3JTNEJTIyMzBkZWclMjIlM0UlMEElMjAlMjAlMjAlMjAlMjAlMjAlM0NkaXYlMjBjbGFzcyUzRCUyMnByb2dyZXNzLWJhciUyMGhpZGUlMjIlMjBzbG90JTNEJTIycHJvZ3Jlc3MtYmFyJTIyJTNFJTBBJTIwJTIwJTIwJTIwJTIwJTIwJTIwJTIwJTIwJTIwJTNDZGl2JTIwY2xhc3MlM0QlMjJ1cGRhdGUtYmFyJTIyJTNFJTNDJTJGZGl2JTNFJTBBJTIwJTIwJTIwJTIwJTIwJTIwJTNDJTJGZGl2JTNFJTBBJTIwJTIwJTIwJTIwJTIwJTIwJTNDYnV0dG9uJTIwc2xvdCUzRCUyMmFyLWJ1dHRvbiUyMiUyMGlkJTNEJTIyYXItYnV0dG9uJTIyJTNFJTBBJTIwJTIwJTIwJTIwJTIwJTIwJTIwJTIwJTIwJTIwVmVqYSUyMG5vJTIwc2V1JTIwZXNwYSVDMyVBN28lMEElMjAlMjAlMjAlMjAlMjAlMjAlM0MlMkZidXR0b24lM0UlMEElMjAlM0NkaXYlMjBpZCUzRCUyMmxvZ28xJTIyJTNFJTBBJTNDaW1nJTIwY2xhc3MlM0QlMjJxcmNvZGUlMjIlMjBzcmMlM0QlMjJodHRwcyUzQSUyRiUyRmFhdGF1ZGlvLmNvbS5iciUyRm1vZGVsdmlld2VyJTJGcG1yXzMlMkZxcl9jb2RlLnBuZyUyMiUyMGFsdCUzRCUyMlFSJTIwQ29kZSUyMiUzRSUwQSUzQyUyRmRpdiUzRSUwQSUyMCUyMCUyMCUyMCUyMCUyMCUzQ2RpdiUyMGlkJTNEJTIyYXItcHJvbXB0JTIyJTNFJTBBJTIwJTIwJTIwJTIwJTIwJTIwJTIwJTIwJTIwJTIwJTNDaW1nJTIwc3JjJTNEJTIyaHR0cHMlM0ElMkYlMkZhYXRhdWRpby5jb20uYnIlMkZtb2RlbHZpZXdlciUyRnBtcl8zJTJGYXJfaGFuZF9wcm9tcHQucG5nJTIyJTNFJTBBJTIwJTIwJTIwJTIwJTIwJTIwJTNDJTJGZGl2JTNFJTBBJTIwJTIwJTIwJTIwJTNDJTJGbW9kZWwtdmlld2VyJTNFJTIwJTIwJTBBJTNDJTJGZGl2JTNFJTBBJTIwJTIwJTIwJTIwJTNDc2NyaXB0JTIwc3JjJTNEJTIyaHR0cHMlM0ElMkYlMkZhYXRhdWRpby5jb20uYnIlMkZtb2RlbHZpZXdlciUyRnBtcl8zJTJGc2NyaXB0LmpzJTIyJTNFJTNDJTJGc2NyaXB0JTNFJTBBJTIwJTIwJTIwJTIwJTNDJTIxLS0lMjBMb2FkcyUyMCUzQ21vZGVsLXZpZXdlciUzRSUyMGZvciUyMGJyb3dzZXJzJTNBJTIwLS0lM0UlMEElMjAlMjAlMjAlMjAlM0NzY3JpcHQlMjB0eXBlJTNEJTIybW9kdWxlJTIyJTIwc3JjJTNEJTIyaHR0cHMlM0ElMkYlMkZhamF4Lmdvb2dsZWFwaXMuY29tJTJGYWpheCUyRmxpYnMlMkZtb2RlbC12aWV3ZXIlMkY0LjAuMCUyRm1vZGVsLXZpZXdlci5taW4uanMlMjIlM0UlM0MlMkZzY3JpcHQlM0UlMEElMjAlMjAlM0MlMkZib2R5JTNFJTBBJTNDJTJGaHRtbCUzRSUwQQ==[\/vc_raw_html][vc_row_inner][vc_column_inner][vc_column_text]<\/p>\n<h3 class=\"info-page-title\">ESPECIFICA\u00c7\u00d5ES<\/h3>\n<p>[\/vc_column_text][\/vc_column_inner][\/vc_row_inner][vc_column_text]<\/p>\n<div class=\"table-responsive\">\n<table class=\"table table-especificacoes\">\n<thead>\n<tr>\n<th><\/th>\n<th style=\"text-align: center;\"><img loading=\"lazy\" decoding=\"async\" class=\"wp-image-5055 size-full aligncenter\" src=\"https:\/\/aataudio.com.br\/wp-content\/uploads\/menu-pmr-3.jpg\" alt=\"\" width=\"120\" height=\"120\" \/>aat pmr-3<\/th>\n<\/tr>\n<\/thead>\n<tbody>\n<tr class=\"table-first-row\">\n<th scope=\"row\">Pot\u00eancia de sa\u00edda<\/th>\n<td class=\"table-info-value\">\n<p class=\"indent\"><strong>2 canais operando simultaneamente<\/strong>: <strong>50Wx2 RMS<\/strong> <strong>cont\u00ednuos<\/strong> (total <strong>1<\/strong><strong>00W<\/strong>) pela norma NBR 60268-3 ou <strong>2X100 W RMS m\u00e1ximos<\/strong> (total <strong>2<\/strong><strong>00W<\/strong>);<\/p>\n<\/td>\n<\/tr>\n<tr>\n<th style=\"white-space: normal;\" scope=\"row\">Imped\u00e2ncia de trabalho<\/th>\n<td class=\"table-info-value\">4 -16 ohms<\/td>\n<\/tr>\n<tr>\n<th scope=\"row\">Distor\u00e7\u00e3o Harm\u00f4nica<\/th>\n<td class=\"table-info-value\">0,05% a 10 W<\/td>\n<\/tr>\n<tr>\n<th scope=\"row\">Resposta em frequ\u00eancia<\/th>\n<td class=\"table-info-value\">7Hz a 50 KHz, &#8211; 3 dB a 1W<\/td>\n<\/tr>\n<tr>\n<th scope=\"row\">Rela\u00e7\u00e3o S\/N<\/th>\n<td class=\"table-info-value\">Melhor que 78 dB Unweighted e 85 dB A-weighted<\/td>\n<\/tr>\n<tr>\n<th scope=\"row\">Crosstalk entre zonas<\/th>\n<td class=\"table-info-value\">-75 dB<\/td>\n<\/tr>\n<tr>\n<th scope=\"row\">Separa\u00e7\u00e3o entre canais<\/th>\n<td class=\"table-info-value\">-77 dB<\/td>\n<\/tr>\n<tr>\n<th scope=\"row\">Imped\u00e2ncia de entrada<\/th>\n<td class=\"table-info-value\">18 Kohms<\/td>\n<\/tr>\n<tr>\n<th scope=\"row\">Imped\u00e2ncia do loop-out<\/th>\n<td class=\"table-info-value\">18 Kohms<\/td>\n<\/tr>\n<tr>\n<th scope=\"row\">Sensibilidade de entrada<\/th>\n<td class=\"table-info-value\">330 mV<\/td>\n<\/tr>\n<tr>\n<th scope=\"row\">Atua\u00e7\u00e3o dos controles tonais<\/th>\n<td class=\"table-info-value\">+\/- 10 dB em 100 Hz e em 10 KHz<\/td>\n<\/tr>\n<tr>\n<th scope=\"row\">Consumo m\u00e1ximo<\/th>\n<td class=\"table-info-value\">130W<\/td>\n<\/tr>\n<tr>\n<th style=\"white-space: normal;\" scope=\"row\">Tens\u00e3o de alimenta\u00e7\u00e3o<\/th>\n<td class=\"table-info-value\">BiVolt 110\/220 (limites de 99 a 140V e 198 a 242V)<\/td>\n<\/tr>\n<tr>\n<th scope=\"row\">Fus\u00edvel externo<\/th>\n<td class=\"table-info-value\">2A (110V) e 1A (220V)<\/td>\n<\/tr>\n<tr>\n<th style=\"white-space: normal;\" scope=\"row\">Dimens\u00f5es (L x P x A)<\/th>\n<td class=\"table-info-value\">320x225x75 mm (com p\u00e9s)\/65 mm (sem p\u00e9s)<\/td>\n<\/tr>\n<tr>\n<th scope=\"row\">Peso<\/th>\n<td class=\"table-info-value\">4Kg \/ 5Kg (com embalagem)<\/td>\n<\/tr>\n<\/tbody>\n<\/table>\n<\/div>\n<p>[\/vc_column_text][\/vc_column][\/vc_row][vc_row css=&#8221;.vc_custom_1618946558337{margin-top: 35px !important;}&#8221; el_id=&#8221;veja-tambem&#8221;][vc_column offset=&#8221;vc_hidden-xs&#8221;][vc_column_text]<\/p>\n<h3 class=\"info-page-title\">VEJA TAMB\u00c9M<\/h3>\n<p>[\/vc_column_text][vc_basic_grid post_type=&#8221;page&#8221; max_items=&#8221;-1&#8243; style=&#8221;pagination&#8221; items_per_page=&#8221;4&#8243; element_width=&#8221;3&#8243; gap=&#8221;20&#8243; orderby=&#8221;menu_order&#8221; order=&#8221;ASC&#8221; arrows_design=&#8221;vc_arrow-icon-arrow_07_left&#8221; arrows_position=&#8221;outside&#8221; arrows_color=&#8221;sky&#8221; paging_color=&#8221;sky&#8221; item=&#8221;184&#8243; initial_loading_animation=&#8221;none&#8221; grid_id=&#8221;vc_gid:1776868343429-ab02dd8088997f37abf40e1e2cbc195e-7&#8243; taxonomies=&#8221;40&#8243; exclude=&#8221;5050&#8243;][\/vc_column][\/vc_row][vc_row css=&#8221;.vc_custom_1618946572461{margin-top: 35px !important;}&#8221; el_id=&#8221;veja-tambem-2&#8243;][vc_column offset=&#8221;vc_hidden-lg vc_hidden-md vc_hidden-sm&#8221;][vc_column_text]<\/p>\n<h3 class=\"info-page-title\">VEJA TAMB\u00c9M<\/h3>\n<p>[\/vc_column_text][vc_basic_grid post_type=&#8221;page&#8221; max_items=&#8221;-1&#8243; style=&#8221;pagination&#8221; items_per_page=&#8221;1&#8243; element_width=&#8221;12&#8243; gap=&#8221;20&#8243; orderby=&#8221;menu_order&#8221; order=&#8221;ASC&#8221; arrows_design=&#8221;vc_arrow-icon-arrow_07_left&#8221; arrows_position=&#8221;outside&#8221; arrows_color=&#8221;sky&#8221; paging_color=&#8221;sky&#8221; item=&#8221;184&#8243; initial_loading_animation=&#8221;none&#8221; grid_id=&#8221;vc_gid:1776868343475-6192684aa3339decacd3a6e6caf3aef5-7&#8243; taxonomies=&#8221;40&#8243; exclude=&#8221;5050&#8243;][\/vc_column][\/vc_row]<\/p>\n<\/div>","protected":false},"excerpt":{"rendered":"<p>[vc_row][vc_column][vc_row_inner][vc_column_inner][vc_raw_html]JTNDZGl2JTIwY2xhc3MlM0QlMjJlYXN5em9vbSUyMGVhc3l6b29tLS13aXRoLXRodW1ibmFpbHMlMjIlM0UlMEElMjAlMjAlMjAlMjAlM0NhJTIwaHJlZiUzRCUyMmh0dHBzJTNBJTJGJTJGYWF0YXVkaW8uY29tLmJyJTJGd3AtY29udGVudCUyRnVwbG9hZHMlMkZiYW5uZXItem9vbS1wbXItMy0yLXYyLmpwZyUyMiUyMGNsYXNzJTNEJTIyem9vbS1tYXN0ZXIlMjIlM0UlMEElMjAlMjAlMjAlM0NpbWclMjBzcmMlM0QlMjJodHRwcyUzQSUyRiUyRmFhdGF1ZGlvLmNvbS5iciUyRndwLWNvbnRlbnQlMkZ1cGxvYWRzJTJGYmFubmVyLXpvb20tcG1yLTMtMi12Mi5qcGclMjIlMjBhbHQlM0QlMjJhYy0xJTIyJTNFJTBBJTIwJTIwJTIwJTNDJTJGYSUzRSUwQSUyMCUyMCUyMCUzQ2RpdiUyMGNsYXNzJTNEJTIyZWFzeXpvb20tZmx5b3V0JTIyJTNFJTNDJTJGZGl2JTNFJTBBJTNDJTJGZGl2JTNFJTBBJTNDdWwlMjBjbGFzcyUzRCUyMnRodW1ibmFpbHMlMjIlM0UlMEElMjAlMjAlMjAlM0NsaSUzRSUwQSUyMCUyMCUyMCUyMCUyMCUyMCUzQ2ElMjBocmVmJTNEJTIyaHR0cHMlM0ElMkYlMkZhYXRhdWRpby5jb20uYnIlMkZ3cC1jb250ZW50JTJGdXBsb2FkcyUyRmJhbm5lci16b29tLXBtci0zLTItdjIuanBnJTIyJTIwZGF0YS1zdGFuZGFyZCUzRCUyMmh0dHBzJTNBJTJGJTJGYWF0YXVkaW8uY29tLmJyJTJGd3AtY29udGVudCUyRnVwbG9hZHMlMkZiYW5uZXItem9vbS1wbXItMy0yLXYyLmpwZyUyMiUzRSUwQSUyMCUyMCUyMCUyMCUyMCUyMCUzQ2ltZyUyMHNyYyUzRCUyMmh0dHBzJTNBJTJGJTJGYWF0YXVkaW8uY29tLmJyJTJGd3AtY29udGVudCUyRnVwbG9hZHMlMkZiYW5uZXItem9vbS1wbXItMy0yLXYyLmpwZyUyMiUyMGFsdCUzRCUyMmFjLTElMjIlM0UlMEElMjAlMjAlMjAlMjAlMjAlMjAlM0MlMkZhJTNFJTBBJTIwJTIwJTIwJTNDJTJGbGklM0UlMEElMjAlMjAlMjAlM0NsaSUzRSUwQSUyMCUyMCUyMCUyMCUyMCUyMCUzQ2ElMjBocmVmJTNEJTIyaHR0cHMlM0ElMkYlMkZhYXRhdWRpby5jb20uYnIlMkZ3cC1jb250ZW50JTJGdXBsb2FkcyUyRmJhbm5lci16b29tLXBtci0zLXYyLmpwZyUyMiUyMGRhdGEtc3RhbmRhcmQlM0QlMjJodHRwcyUzQSUyRiUyRmFhdGF1ZGlvLmNvbS5iciUyRndwLWNvbnRlbnQlMkZ1cGxvYWRzJTJGYmFubmVyLXpvb20tcG1yLTMtdjIuanBnJTIyJTNFJTBBJTIwJTIwJTIwJTIwJTIwJTIwJTNDaW1nJTIwc3JjJTNEJTIyaHR0cHMlM0ElMkYlMkZhYXRhdWRpby5jb20uYnIlMkZ3cC1jb250ZW50JTJGdXBsb2FkcyUyRmJhbm5lci16b29tLXBtci0zLXYyLmpwZyUyMiUyMGFsdCUzRCUyMmFjLTIlMjIlM0UlMEElMjAlMjAlMjAlMjAlMjAlMjAlM0MlMkZhJTNFJTBBJTIwJTIwJTIwJTNDJTJGbGklM0UlMEElMjAlMjAlMjAlM0NsaSUzRSUwQSUyMCUyMCUyMCUyMCUyMCUyMCUzQ2ElMjBocmVmJTNEJTIyaHR0cHMlM0ElMkYlMkZhYXRhdWRpby5jb20uYnIlMkZ3cC1jb250ZW50JTJGdXBsb2FkcyUyRmJhbm5lci16b29tLXBtci0zLTMtdjIuanBnJTIyJTIwZGF0YS1zdGFuZGFyZCUzRCUyMmh0dHBzJTNBJTJGJTJGYWF0YXVkaW8uY29tLmJyJTJGd3AtY29udGVudCUyRnVwbG9hZHMlMkZiYW5uZXItem9vbS1wbXItMy0zLXYyLmpwZyUyMiUzRSUwQSUyMCUyMCUyMCUyMCUyMCUyMCUzQ2ltZyUyMHNyYyUzRCUyMmh0dHBzJTNBJTJGJTJGYWF0YXVkaW8uY29tLmJyJTJGd3AtY29udGVudCUyRnVwbG9hZHMlMkZiYW5uZXItem9vbS1wbXItMy0zLXYyLmpwZyUyMiUyMGFsdCUzRCUyMmFjLTMlMjIlM0UlMEElMjAlMjAlMjAlMjAlMjAlMjAlM0MlMkZhJTNFJTBBJTIwJTIwJTIwJTNDJTJGbGklM0UlMEElM0MlMkZ1bCUzRQ==[\/vc_raw_html][\/vc_column_inner][\/vc_row_inner][vc_row_inner][vc_column_inner width=&#8221;1\/2&#8243;][\/vc_column_inner][vc_column_inner width=&#8221;1\/2&#8243;][vc_column_text] Share via Whatsapp[\/vc_column_text][\/vc_column_inner][\/vc_row_inner][\/vc_column][\/vc_row][vc_row el_id=&#8221;tab-menu-produto&#8221;][vc_column][vc_row_inner][vc_column_inner][vc_btn title=&#8221;Descri\u00e7\u00e3o&#8221; shape=&#8221;square&#8221; link=&#8221;url:%23descricao|||rel:nofollow&#8221; el_class=&#8221;ancor-scroll&#8221;][vc_btn title=&#8221;Caracteristicas&#8221; shape=&#8221;square&#8221; link=&#8221;url:%23caracteristicas|||rel:nofollow&#8221; el_class=&#8221;ancor-scroll&#8221;][vc_btn title=&#8221;Especifica\u00e7\u00f5es&#8221; shape=&#8221;square&#8221; link=&#8221;url:%23especificacoes|||rel:nofollow&#8221; el_class=&#8221;ancor-scroll&#8221;][\/vc_column_inner][\/vc_row_inner][\/vc_column][\/vc_row][vc_row el_id=&#8221;descricao&#8221;][vc_column][vc_row_inner][vc_column_inner][vc_column_text] DESCRI\u00c7\u00c3O O amplificador multiroom AAT PMR-3 \u00e9 a solu\u00e7\u00e3o ideal para quem precisa de uma zona de \u00e1udio adicional em uma pequena resid\u00eancia, escrit\u00f3rio, loja ou restaurante, sem abrir m\u00e3o da melhor qualidade sonora do [&hellip;]<\/p>\n","protected":false},"author":5,"featured_media":14785,"parent":9681,"menu_order":3,"comment_status":"closed","ping_status":"closed","template":"page-fullwidth.php","meta":{"footnotes":""},"class_list":["post-5050","page","type-page","status-publish","has-post-thumbnail","hentry","categories-multiroom","tags-analogicos"],"_links":{"self":[{"href":"https:\/\/aataudio.com.br\/home\/wp-json\/wp\/v2\/pages\/5050"}],"collection":[{"href":"https:\/\/aataudio.com.br\/home\/wp-json\/wp\/v2\/pages"}],"about":[{"href":"https:\/\/aataudio.com.br\/home\/wp-json\/wp\/v2\/types\/page"}],"author":[{"embeddable":true,"href":"https:\/\/aataudio.com.br\/home\/wp-json\/wp\/v2\/users\/5"}],"replies":[{"embeddable":true,"href":"https:\/\/aataudio.com.br\/home\/wp-json\/wp\/v2\/comments?post=5050"}],"version-history":[{"count":13,"href":"https:\/\/aataudio.com.br\/home\/wp-json\/wp\/v2\/pages\/5050\/revisions"}],"predecessor-version":[{"id":16617,"href":"https:\/\/aataudio.com.br\/home\/wp-json\/wp\/v2\/pages\/5050\/revisions\/16617"}],"up":[{"embeddable":true,"href":"https:\/\/aataudio.com.br\/home\/wp-json\/wp\/v2\/pages\/9681"}],"wp:featuredmedia":[{"embeddable":true,"href":"https:\/\/aataudio.com.br\/home\/wp-json\/wp\/v2\/media\/14785"}],"wp:attachment":[{"href":"https:\/\/aataudio.com.br\/home\/wp-json\/wp\/v2\/media?parent=5050"}],"curies":[{"name":"wp","href":"https:\/\/api.w.org\/{rel}","templated":true}]}}