{"id":1959,"date":"2018-10-18T14:49:35","date_gmt":"2018-10-18T17:49:35","guid":{"rendered":"https:\/\/aataudio.com.br\/?page_id=1959"},"modified":"2021-05-06T16:57:18","modified_gmt":"2021-05-06T19:57:18","slug":"politica-de-privacidade","status":"publish","type":"page","link":"https:\/\/aataudio.com.br\/home\/politica-de-privacidade\/","title":{"rendered":"Pol\u00edtica de Privacidade"},"content":{"rendered":"<div class=\"wpb-content-wrapper\"><p>[vc_row][vc_column][vc_column_text]<strong>A AAT se compromete a seguir a seguinte pol\u00edtica de privacidade no tratamento das informa\u00e7\u00f5es enviadas por meio eletr\u00f4nico:<\/strong><\/p>\n<ol>\n<li>As suas informa\u00e7\u00f5es pessoais (como nome, endere\u00e7o e n\u00famero de telefone) e aquelas pertinentes a seu contato n\u00e3o ser\u00e3o fornecidas ou vendidas a nenhuma organiza\u00e7\u00e3o externa para uso com fins comerciais ou de promo\u00e7\u00e3o de produtos e\/ou servi\u00e7os.<\/li>\n<\/ol>\n<ol start=\"2\">\n<li>Suas informa\u00e7\u00f5es ser\u00e3o utilizadas apenas para oferecer promo\u00e7\u00f5es de nossa empresa atrav\u00e9s de e-mail.<\/li>\n<\/ol>\n<ol start=\"3\">\n<li>Os sites e servi\u00e7os da internet de outras empresas porventura acess\u00edveis atrav\u00e9s de nosso site t\u00eam procedimentos independentes de privacidade e coleta de dados que est\u00e3o fora do nosso alcance. A AAT n\u00e3o ser\u00e1 de nenhum modo respons\u00e1vel pelas pol\u00edticas destas outras empresas ou por a\u00e7\u00f5es independentes de terceiros.<\/li>\n<\/ol>\n<ol start=\"4\">\n<li>S\u00f3 voc\u00ea \u00e9 respons\u00e1vel por manter o sigilo de suas informa\u00e7\u00f5es. Seja cuidadoso e respons\u00e1vel sempre que estiver conectado \u00e0 internet. Se voc\u00ea expor informa\u00e7\u00f5es pessoais on-line acess\u00edveis ao p\u00fablico em geral, \u00e9 poss\u00edvel que receba mensagens n\u00e3o solicitadas de outras empresas.<\/li>\n<\/ol>\n<ol start=\"5\">\n<li>A AAT adota uma posi\u00e7\u00e3o que se op\u00f5e ao uso de spam como ferramenta de marketing e somente enviar\u00e1 de forma eventual informa\u00e7\u00f5es e\/ou promo\u00e7\u00f5es de produtos para clientes que se cadastraram no site. Uma op\u00e7\u00e3o de opt-out estar\u00e1 sempre dispon\u00edvel em nossa comunica\u00e7\u00e3o on-line, de acordo com a legisla\u00e7\u00e3o vigente.<\/li>\n<\/ol>\n<p>[\/vc_column_text][\/vc_column][\/vc_row][vc_row][vc_column][vc_empty_space height=&#8221;80px&#8221;][\/vc_column][\/vc_row]<\/p>\n<\/div>","protected":false},"excerpt":{"rendered":"<p>[vc_row][vc_column][vc_column_text]A AAT se compromete a seguir a seguinte pol\u00edtica de privacidade no tratamento das informa\u00e7\u00f5es enviadas por meio eletr\u00f4nico: As suas informa\u00e7\u00f5es pessoais (como nome, endere\u00e7o e n\u00famero de telefone) e aquelas pertinentes a seu contato n\u00e3o ser\u00e3o fornecidas ou vendidas a nenhuma organiza\u00e7\u00e3o externa para uso com fins comerciais ou de promo\u00e7\u00e3o de produtos [&hellip;]<\/p>\n","protected":false},"author":5,"featured_media":0,"parent":0,"menu_order":0,"comment_status":"closed","ping_status":"closed","template":"page-fullwidth.php","meta":{"footnotes":""},"class_list":["post-1959","page","type-page","status-publish","hentry"],"_links":{"self":[{"href":"https:\/\/aataudio.com.br\/home\/wp-json\/wp\/v2\/pages\/1959"}],"collection":[{"href":"https:\/\/aataudio.com.br\/home\/wp-json\/wp\/v2\/pages"}],"about":[{"href":"https:\/\/aataudio.com.br\/home\/wp-json\/wp\/v2\/types\/page"}],"author":[{"embeddable":true,"href":"https:\/\/aataudio.com.br\/home\/wp-json\/wp\/v2\/users\/5"}],"replies":[{"embeddable":true,"href":"https:\/\/aataudio.com.br\/home\/wp-json\/wp\/v2\/comments?post=1959"}],"version-history":[{"count":9,"href":"https:\/\/aataudio.com.br\/home\/wp-json\/wp\/v2\/pages\/1959\/revisions"}],"predecessor-version":[{"id":6559,"href":"https:\/\/aataudio.com.br\/home\/wp-json\/wp\/v2\/pages\/1959\/revisions\/6559"}],"wp:attachment":[{"href":"https:\/\/aataudio.com.br\/home\/wp-json\/wp\/v2\/media?parent=1959"}],"curies":[{"name":"wp","href":"https:\/\/api.w.org\/{rel}","templated":true}]}}