{"id":15594,"date":"2025-08-28T07:50:31","date_gmt":"2025-08-28T10:50:31","guid":{"rendered":"https:\/\/aataudio.com.br\/home\/?page_id=15594"},"modified":"2026-02-23T20:42:33","modified_gmt":"2026-02-23T23:42:33","slug":"aat-str-2","status":"publish","type":"page","link":"https:\/\/aataudio.com.br\/home\/receivers\/aat-str-2\/","title":{"rendered":"AAT STR-2"},"content":{"rendered":"<div class=\"wpb-content-wrapper\"><p>[vc_row][vc_column][vc_row_inner][vc_column_inner][vc_raw_html css=&#8221;&#8221;]JTNDZGl2JTIwY2xhc3MlM0QlMjJlYXN5em9vbSUyMGVhc3l6b29tLS13aXRoLXRodW1ibmFpbHMlMjIlM0UlMEElMjAlMjAlMjAlM0NhJTIwaHJlZiUzRCUyMmh0dHBzJTNBJTJGJTJGYWF0YXVkaW8uY29tLmJyJTJGd3AtY29udGVudCUyRnVwbG9hZHMlMkZBQVQtUkVDRUlWRVItU1RSLTItMl8uanBnJTIyJTIwY2xhc3MlM0QlMjJ6b29tLW1hc3RlciUyMiUzRSUwQSUyMCUyMCUyMCUzQ2ltZyUyMHNyYyUzRCUyMmh0dHBzJTNBJTJGJTJGYWF0YXVkaW8uY29tLmJyJTJGd3AtY29udGVudCUyRnVwbG9hZHMlMkZBQVQtUkVDRUlWRVItU1RSLTItMl8uanBnJTIyJTIwYWx0JTNEJTIybWEtMWNpLWcyJTIyJTNFJTBBJTIwJTIwJTIwJTNDJTJGYSUzRSUwQSUyMCUyMCUyMCUzQ2RpdiUyMGNsYXNzJTNEJTIyZWFzeXpvb20tZmx5b3V0JTIyJTNFJTNDJTJGZGl2JTNFJTBBJTNDJTJGZGl2JTNFJTBBJTNDdWwlMjBjbGFzcyUzRCUyMnRodW1ibmFpbHMlMjIlM0UlMEElMjAlMjAlMjAlM0NsaSUzRSUwQSUyMCUyMCUyMCUyMCUyMCUyMCUzQ2ElMjBocmVmJTNEJTIyaHR0cHMlM0ElMkYlMkZhYXRhdWRpby5jb20uYnIlMkZ3cC1jb250ZW50JTJGdXBsb2FkcyUyRkFBVC1SRUNFSVZFUi1TVFItMi0yXy5qcGclMjIlMjBkYXRhLXN0YW5kYXJkJTNEJTIyaHR0cHMlM0ElMkYlMkZhYXRhdWRpby5jb20uYnIlMkZ3cC1jb250ZW50JTJGdXBsb2FkcyUyRkFBVC1SRUNFSVZFUi1TVFItMi0yXy5qcGclMjIlM0UlMEElMjAlMjAlMjAlMjAlMjAlMjAlM0NpbWclMjBzcmMlM0QlMjJodHRwcyUzQSUyRiUyRmFhdGF1ZGlvLmNvbS5iciUyRndwLWNvbnRlbnQlMkZ1cGxvYWRzJTJGQUFULVJFQ0VJVkVSLVNUUi0yLTJfLmpwZyUyMiUyMGFsdCUzRCUyMm1hLTFjaS1nMiUyMiUzRSUwQSUyMCUyMCUyMCUyMCUyMCUyMCUzQyUyRmElM0UlMEElMjAlMjAlMjAlM0MlMkZsaSUzRSUwQSUyMCUyMCUyMCUzQ2xpJTNFJTBBJTIwJTIwJTIwJTIwJTIwJTIwJTNDYSUyMGhyZWYlM0QlMjJodHRwcyUzQSUyRiUyRmFhdGF1ZGlvLmNvbS5iciUyRndwLWNvbnRlbnQlMkZ1cGxvYWRzJTJGQUFULVJFQ0VJVkVSLVNUUi0yLTNfLmpwZyUyMiUyMGRhdGEtc3RhbmRhcmQlM0QlMjJodHRwcyUzQSUyRiUyRmFhdGF1ZGlvLmNvbS5iciUyRndwLWNvbnRlbnQlMkZ1cGxvYWRzJTJGQUFULVJFQ0VJVkVSLVNUUi0yLTNfLmpwZyUyMiUzRSUwQSUyMCUyMCUyMCUyMCUyMCUyMCUzQ2ltZyUyMHNyYyUzRCUyMmh0dHBzJTNBJTJGJTJGYWF0YXVkaW8uY29tLmJyJTJGd3AtY29udGVudCUyRnVwbG9hZHMlMkZBQVQtUkVDRUlWRVItU1RSLTItM18uanBnJTIyJTIwYWx0JTNEJTIybWEtMWNpLWcyJTIyJTNFJTBBJTIwJTIwJTIwJTIwJTIwJTIwJTNDJTJGYSUzRSUwQSUyMCUyMCUyMCUzQyUyRmxpJTNFJTBBJTIwJTIwJTIwJTNDbGklM0UlMEElMjAlMjAlMjAlMjAlMjAlMjAlM0NhJTIwaHJlZiUzRCUyMmh0dHBzJTNBJTJGJTJGYWF0YXVkaW8uY29tLmJyJTJGd3AtY29udGVudCUyRnVwbG9hZHMlMkZBQVQtUkVDRUlWRVItU1RSLTItMV8uanBnJTIyJTIwZGF0YS1zdGFuZGFyZCUzRCUyMmh0dHBzJTNBJTJGJTJGYWF0YXVkaW8uY29tLmJyJTJGd3AtY29udGVudCUyRnVwbG9hZHMlMkZBQVQtUkVDRUlWRVItU1RSLTItMV8uanBnJTIyJTNFJTBBJTIwJTIwJTIwJTIwJTIwJTIwJTNDaW1nJTIwc3JjJTNEJTIyaHR0cHMlM0ElMkYlMkZhYXRhdWRpby5jb20uYnIlMkZ3cC1jb250ZW50JTJGdXBsb2FkcyUyRkFBVC1SRUNFSVZFUi1TVFItMi0xXy5qcGclMjIlMjBhbHQlM0QlMjJtYS0xY2ktZzIlMjIlM0UlMEElMjAlMjAlMjAlMjAlMjAlMjAlM0MlMkZhJTNFJTBBJTIwJTIwJTIwJTNDJTJGbGklM0UlMEElMjAlMjAlMjAlM0NsaSUzRSUwQSUyMCUyMCUyMCUyMCUyMCUyMCUzQ2ElMjBocmVmJTNEJTIyaHR0cHMlM0ElMkYlMkZhYXRhdWRpby5jb20uYnIlMkZ3cC1jb250ZW50JTJGdXBsb2FkcyUyRmFtYmllbnRhZGFfMDEuanBnJTIyJTIwZGF0YS1zdGFuZGFyZCUzRCUyMmh0dHBzJTNBJTJGJTJGYWF0YXVkaW8uY29tLmJyJTJGd3AtY29udGVudCUyRnVwbG9hZHMlMkZhbWJpZW50YWRhXzAxLmpwZyUyMiUzRSUwQSUyMCUyMCUyMCUyMCUyMCUyMCUzQ2ltZyUyMHNyYyUzRCUyMmh0dHBzJTNBJTJGJTJGYWF0YXVkaW8uY29tLmJyJTJGd3AtY29udGVudCUyRnVwbG9hZHMlMkZhbWJpZW50YWRhXzAxLmpwZyUyMiUyMGFsdCUzRCUyMm1hLTFjaS1nMiUyMiUzRSUwQSUyMCUyMCUyMCUyMCUyMCUyMCUzQyUyRmElM0UlMEElMjAlMjAlMjAlM0MlMkZsaSUzRSUwQSUyMCUyMCUyMCUzQyUyRnVsJTNF[\/vc_raw_html][\/vc_column_inner][\/vc_row_inner][vc_row_inner][vc_column_inner width=&#8221;1\/2&#8243;][\/vc_column_inner][vc_column_inner width=&#8221;1\/2&#8243;][vc_column_text]<aside class=\"mashsb-container mashsb-main mashsb-stretched\"><div class=\"mashsb-box\"><div class=\"mashsb-buttons\"><a class=\"mashicon-facebook mash-small mash-center mashsb-noshadow mashsb-pure-icons\" href=\"https:\/\/www.facebook.com\/sharer.php?u=https%3A%2F%2Faataudio.com.br%2Fhome%2Freceivers%2Faat-str-2%2F\" target=\"_top\" rel=\"nofollow\"><span class=\"icon\"><\/span><span class=\"text\"><\/span><\/a><a class=\"mashicon-twitter mash-small mash-center mashsb-noshadow mashsb-pure-icons\" href=\"https:\/\/twitter.com\/intent\/tweet?text=&amp;url=https:\/\/aataudio.com.br\/home\/receivers\/aat-str-2\/\" target=\"_top\" rel=\"nofollow\"><span class=\"icon\"><\/span><span class=\"text\"><\/span><\/a><a class=\"mashicon-whatsapp mash-small mash-center mashsb-noshadow mashsb-pure-icons\" href=\"\" target=\"_top\" rel=\"nofollow\"><span class=\"icon\"><\/span><span class=\"text\"><\/span><\/a><div class=\"onoffswitch2 mash-small mashsb-noshadow\" style=\"display:none\"><\/div><\/div><\/div>\n                    <div style=\"clear:both\"><\/div><div class=\"mashsb-toggle-container\"><\/div><\/aside>\n            <!-- Share buttons made by mashshare.net - Version: 4.0.47--><br \/>\n<a style=\"display: none;\" href=\"whatsapp:\/\/send?text=The text to share!\" data-action=\"share\/whatsapp\/share\">Share via Whatsapp<\/a>[\/vc_column_text][\/vc_column_inner][\/vc_row_inner][\/vc_column][\/vc_row][vc_row el_id=&#8221;tab-menu-produto&#8221;][vc_column][vc_row_inner][vc_column_inner][vc_btn title=&#8221;Descri\u00e7\u00e3o&#8221; shape=&#8221;square&#8221; link=&#8221;url:%23descricao|||rel:nofollow&#8221; el_class=&#8221;ancor-scroll&#8221;][vc_btn title=&#8221;Caracteristicas&#8221; shape=&#8221;square&#8221; link=&#8221;url:%23caracteristicas|||rel:nofollow&#8221; el_class=&#8221;ancor-scroll&#8221;][vc_btn title=&#8221;Especifica\u00e7\u00f5es&#8221; shape=&#8221;square&#8221; link=&#8221;url:%23especificacoes|||rel:nofollow&#8221; el_class=&#8221;ancor-scroll&#8221;][\/vc_column_inner][\/vc_row_inner][\/vc_column][\/vc_row][vc_row el_id=&#8221;descricao&#8221;][vc_column][vc_row_inner][vc_column_inner][vc_column_text css=&#8221;&#8221;]<\/p>\n<h3 class=\"info-page-title\">DESCRI\u00c7\u00c3O<\/h3>\n<p>A AAT revoluciona o mercado de \u00e1udio com a chegada do <strong>primeiro receiver de alta performance totalmente fabricado no Brasil nos \u00faltimos 30 anos<\/strong> e do jeito que s\u00f3 a AAT sabe fazer. O receiver AAT STR-2 ainda oferece uma <strong>ampla variedade de recursos e as mais modernas op\u00e7\u00f5es de conectividade <\/strong>para que voc\u00ea tenha uma completa experi\u00eancia de \u00e1udio no seu projeto.<\/p>\n<p>Com <strong>pot\u00eancia de 80W RMS cont\u00ednuos ou 160W RMS m\u00e1ximos por canal (80W RMS ou 160W RMS x 4.2 canais)<\/strong>, de acordo com a norma NBR 60268-3, o AAT STR-2 entrega <strong>\u00e1udio de elevada fidelidade e precis\u00e3o em at\u00e9 quatro canais<\/strong>. \u00c9 o primeiro receiver no mercado a reunir <strong>amplifica\u00e7\u00e3o classe D<\/strong> de alta efici\u00eancia e m\u00ednima distor\u00e7\u00e3o, <strong>funcionalidades de multiroom digital<\/strong>, al\u00e9m de <strong>ajustes de \u00e1udio<\/strong>, como equaliza\u00e7\u00e3o, ganho pr\u00e9-amplificado e balan\u00e7o, independentes para cada fonte de sinal e at\u00e9 dois ambientes (Zona 1 e Zona 2).<\/p>\n<p>Para maior versatilidade, o receiver AAT STR-2 inclui ainda dois canais adicionais A+B* dedicados \u00e0 Zona 1, permitindo conectar um par extra de caixas e sonorizar espa\u00e7os amplos, como living e varanda gourmet, com maior abrang\u00eancia sonora e clareza. Com Tuner FM (banda estendida at\u00e9 76MHz) e plataforma de streaming AudioCast, o receiver reproduz m\u00fasicas de servi\u00e7os como Spotify, Tidal, Amazon Music, Qobuz, TuneIn, entre outros, via <strong>Wi-Fi, Spotify Connect, AirPlay ou Bluetooth<\/strong>.<\/p>\n<p>\u00c9 ainda o <strong>receiver com a maior quantidade de entradas da categoria<\/strong>, oferecendo ampla conectividade. S\u00e3o entradas HDMI ARC, \u00f3ptica (Toslink), coaxial (S\/PDIF), PHONO (toca-discos MM), tr\u00eas RCA auxiliares, tr\u00eas sa\u00eddas est\u00e9reo RCA (uma fixa e duas vari\u00e1veis) e duas mono vari\u00e1veis para subwoofer ativo (uma para cada zona). No painel frontal, ficam a entrada P10 para fones de ouvido, o display informativo e dois knobs multifuncionais, que garantem opera\u00e7\u00e3o simples e intuitiva em um receiver slim de apenas 6,7cm de altura.<\/p>\n<p>O STR-2 tamb\u00e9m \u00e9 <strong>totalmente compat\u00edvel com as principais marcas de automa\u00e7\u00e3o residencial<\/strong>, integrando-se a sistemas via TCP (LAN), serial (RS-232), IR e Trigger 12V (entrada\/sa\u00edda). Para maior conveni\u00eancia, o usu\u00e1rio pode <strong>comandar o produto atrav\u00e9s do aplicativo AAT Receiver para iOS e Android<\/strong>, via smartphone ou tablet.<\/p>\n<p>Entre para o mundo AAT e descubra como o novo receiver STR-2 pode tornar a sua experi\u00eancia musical inigual\u00e1vel![\/vc_column_text][\/vc_column_inner][\/vc_row_inner][vc_column_text css=&#8221;&#8221;]<em><span style=\"font-size: 10pt;\">* Ao utilizar os canais estendidos (A+B), a amplifica\u00e7\u00e3o para a Zona 1 \u00e9 dividida de dois para quatro canais, resultando em 40W RMS x 4, e a imped\u00e2ncia m\u00ednima em cada sa\u00edda passa a ser de 8 ohms.<\/span><\/em>[\/vc_column_text][\/vc_column][\/vc_row][vc_row el_id=&#8221;caracteristicas&#8221;][vc_column offset=&#8221;vc_col-lg-12 vc_col-sm-offset-0&#8243;][vc_row_inner][vc_column_inner][vc_column_text css=&#8221;&#8221;]<\/p>\n<h3 class=\"info-page-title\">CARACTER\u00cdSTICAS<\/h3>\n<ul>\n<li>Pot\u00eancia de <strong>80W RMS cont\u00ednuos <\/strong>ou <strong>160W RMS m\u00e1ximos por canal <\/strong>distribu\u00eddos em <strong>duas zonas <\/strong>ou <strong>quatro canais<\/strong>;<\/li>\n<li>Inclui ainda <strong>dois canais adicionais <\/strong>apenas <strong>para a Zona 1<\/strong>, totalizando <strong>quatro canais (40W RMS cont\u00ednuos quando ativados \u201cA+B\u201d)<\/strong>, permitindo conectar um par adicional de caixas;<\/li>\n<li><strong>At\u00e9 seis <\/strong><strong>canais de amplifica\u00e7\u00e3o digital classe D <\/strong>com a menor distor\u00e7\u00e3o do mercado (tipicamente 0.008%), aliada a uma efici\u00eancia t\u00edpica de 91%, gerando menos calor, menor consumo de energia e maior confiabilidade do produto;<\/li>\n<li>Sintonizador FM de banda estendida at\u00e9 76MHz;<\/li>\n<li><strong>Chaveamento matricial 8&#215;2 <\/strong>(entradas x zonas); ou seja, qualquer entrada pode ser conectada a qualquer zona;<\/li>\n<li><strong>Tr\u00eas entradas anal\u00f3gicas <\/strong>(AUX);<\/li>\n<li><strong>Entrada PHONO <\/strong>para toca-discos (MM);<\/li>\n<li><strong>Entrada HDMI ARC;<\/strong><\/li>\n<li><strong>Entrada digital <\/strong>(TOSLINK ou S\/PDIF);<\/li>\n<li><strong>Tr\u00eas sa\u00eddas Line-out<\/strong>, sendo uma fixa e duas vari\u00e1veis (uma por zona);<\/li>\n<li><strong>Sa\u00eddas para subwoofer vari\u00e1veis <\/strong>por zona;<\/li>\n<li><strong>Sa\u00edda frontal P10 <\/strong>para fones de ouvido;<\/li>\n<li><strong>Streamer integrado <\/strong>com conectividades Wi-Fi, AirPlay, Spotify Connect e Bluetooth;<\/li>\n<li><strong>Controles dispon\u00edveis para cada entrada e cada zona<\/strong>: ajustes de Volume (m\u00ednimo\/m\u00e1ximo), Equaliza\u00e7\u00e3o (Graves\/M\u00e9dios\/Agudos), Balan\u00e7o, Ganho Pr\u00e9-Amp, Mute, Zona Stand-by:<\/li>\n<li>Controle completo por automa\u00e7\u00e3o: <strong>TCP, Serial (RS-232), IR e Trigger IN\/OUT <\/strong>dispon\u00edveis;<\/li>\n<li>Controle tamb\u00e9m pelo <strong>painel frontal com \u00e1rea de instala\u00e7\u00e3o <\/strong>protegida por senha;<\/li>\n<li>Atribui\u00e7\u00e3o de endere\u00e7o por DHCP (IP din\u00e2mico) e est\u00e1tico;<\/li>\n<li>Comandos por TCP e Serial <strong>com feedback <\/strong>ap\u00f3s execu\u00e7\u00e3o;<\/li>\n<li><strong>Upgrade de firmware <\/strong>pela internet com tecnologia <strong>Safe Upgrade<\/strong>, sem risco de corrup\u00e7\u00e3o de mem\u00f3ria e travamento durante a atualiza\u00e7\u00e3o, mesmo que a conex\u00e3o caia no meio do processo;<\/li>\n<li><strong>Power Down Memory<\/strong>, que memoriza todos os par\u00e2metros ajustados antes de desligar, voltando sempre \u00e0 \u00faltima condi\u00e7\u00e3o;<\/li>\n<li>Full reset com <strong>restaura\u00e7\u00e3o completa <\/strong>dos par\u00e2metros de f\u00e1brica;<\/li>\n<li><strong>App para iOS e Android <\/strong>com capacidade para controlar dezenas de <strong>receivers AAT STR-2<\/strong>;<\/li>\n<li>Processador <strong>RISC <\/strong>de alta performance, que supervisiona toda a opera\u00e7\u00e3o do produto;<\/li>\n<li>Presen\u00e7a de um processador <strong>DCSP (Digital Controlled Signal Processor) <\/strong>por zona;<\/li>\n<li><strong>Sistema de prote\u00e7\u00e3o APMS (Advanced Protection Management System), exclusivo da AAT<\/strong>, que protege o receiver contra sobre-corrente, curto-circuito, temperatura excessiva, DC na sa\u00edda, sub-tens\u00e3o, sobre-tens\u00e3o e supply unbalance, al\u00e9m de proporcionar opera\u00e7\u00e3o silenciosa na hora de ligar e desligar;<\/li>\n<li><strong>EMC Product Compliance<\/strong>: garantia de aus\u00eancia de ru\u00eddos e interfer\u00eancias entre zonas ou com outros produtos;<\/li>\n<li><strong>Produto Bi-Volt: <\/strong>110V\/220V <strong>(aten\u00e7\u00e3o ao seletor de voltagem)<\/strong>.<\/li>\n<\/ul>\n<p>[\/vc_column_text][\/vc_column_inner][\/vc_row_inner][\/vc_column][\/vc_row][vc_row css=&#8221;.vc_custom_1619473276675{margin-top: 35px !important;}&#8221; el_id=&#8221;veja-tambem&#8221;][vc_column offset=&#8221;vc_hidden-xs&#8221;][vc_column_text]<\/p>\n<h3 class=\"info-page-title\">VEJA TAMB\u00c9M<\/h3>\n<p>[\/vc_column_text][vc_basic_grid post_type=&#8221;page&#8221; max_items=&#8221;-1&#8243; style=&#8221;pagination&#8221; items_per_page=&#8221;4&#8243; element_width=&#8221;3&#8243; gap=&#8221;20&#8243; orderby=&#8221;menu_order&#8221; order=&#8221;ASC&#8221; arrows_design=&#8221;vc_arrow-icon-arrow_07_left&#8221; arrows_position=&#8221;outside&#8221; arrows_color=&#8221;sky&#8221; paging_color=&#8221;sky&#8221; item=&#8221;184&#8243; initial_loading_animation=&#8221;none&#8221; css=&#8221;&#8221; grid_id=&#8221;vc_gid:1771890063900-f829e1ab1858f75aa87d2deaab9d9ee2-0&#8243; taxonomies=&#8221;52&#8243; exclude=&#8221;4627&#8243;][\/vc_column][\/vc_row][vc_row css=&#8221;.vc_custom_1618950093139{margin-top: 35px !important;}&#8221; el_id=&#8221;veja-tambem-2&#8243;][vc_column offset=&#8221;vc_hidden-lg vc_hidden-md vc_hidden-sm&#8221;][vc_column_text]<\/p>\n<h3 class=\"info-page-title\">VEJA TAMB\u00c9M<\/h3>\n<p>[\/vc_column_text][vc_basic_grid post_type=&#8221;page&#8221; max_items=&#8221;-1&#8243; style=&#8221;pagination&#8221; items_per_page=&#8221;1&#8243; element_width=&#8221;12&#8243; gap=&#8221;20&#8243; orderby=&#8221;menu_order&#8221; order=&#8221;ASC&#8221; arrows_design=&#8221;vc_arrow-icon-arrow_07_left&#8221; arrows_position=&#8221;outside&#8221; arrows_color=&#8221;sky&#8221; paging_color=&#8221;sky&#8221; item=&#8221;184&#8243; initial_loading_animation=&#8221;none&#8221; grid_id=&#8221;vc_gid:1771890063937-3fd19a1a497ce6bbf5edbf9345dfed13-2&#8243; taxonomies=&#8221;39&#8243; exclude=&#8221;4627&#8243;][\/vc_column][\/vc_row]<\/p>\n<\/div>","protected":false},"excerpt":{"rendered":"<p>[vc_row][vc_column][vc_row_inner][vc_column_inner][vc_raw_html css=&#8221;&#8221;]JTNDZGl2JTIwY2xhc3MlM0QlMjJlYXN5em9vbSUyMGVhc3l6b29tLS13aXRoLXRodW1ibmFpbHMlMjIlM0UlMEElMjAlMjAlMjAlM0NhJTIwaHJlZiUzRCUyMmh0dHBzJTNBJTJGJTJGYWF0YXVkaW8uY29tLmJyJTJGd3AtY29udGVudCUyRnVwbG9hZHMlMkZBQVQtUkVDRUlWRVItU1RSLTItMl8uanBnJTIyJTIwY2xhc3MlM0QlMjJ6b29tLW1hc3RlciUyMiUzRSUwQSUyMCUyMCUyMCUzQ2ltZyUyMHNyYyUzRCUyMmh0dHBzJTNBJTJGJTJGYWF0YXVkaW8uY29tLmJyJTJGd3AtY29udGVudCUyRnVwbG9hZHMlMkZBQVQtUkVDRUlWRVItU1RSLTItMl8uanBnJTIyJTIwYWx0JTNEJTIybWEtMWNpLWcyJTIyJTNFJTBBJTIwJTIwJTIwJTNDJTJGYSUzRSUwQSUyMCUyMCUyMCUzQ2RpdiUyMGNsYXNzJTNEJTIyZWFzeXpvb20tZmx5b3V0JTIyJTNFJTNDJTJGZGl2JTNFJTBBJTNDJTJGZGl2JTNFJTBBJTNDdWwlMjBjbGFzcyUzRCUyMnRodW1ibmFpbHMlMjIlM0UlMEElMjAlMjAlMjAlM0NsaSUzRSUwQSUyMCUyMCUyMCUyMCUyMCUyMCUzQ2ElMjBocmVmJTNEJTIyaHR0cHMlM0ElMkYlMkZhYXRhdWRpby5jb20uYnIlMkZ3cC1jb250ZW50JTJGdXBsb2FkcyUyRkFBVC1SRUNFSVZFUi1TVFItMi0yXy5qcGclMjIlMjBkYXRhLXN0YW5kYXJkJTNEJTIyaHR0cHMlM0ElMkYlMkZhYXRhdWRpby5jb20uYnIlMkZ3cC1jb250ZW50JTJGdXBsb2FkcyUyRkFBVC1SRUNFSVZFUi1TVFItMi0yXy5qcGclMjIlM0UlMEElMjAlMjAlMjAlMjAlMjAlMjAlM0NpbWclMjBzcmMlM0QlMjJodHRwcyUzQSUyRiUyRmFhdGF1ZGlvLmNvbS5iciUyRndwLWNvbnRlbnQlMkZ1cGxvYWRzJTJGQUFULVJFQ0VJVkVSLVNUUi0yLTJfLmpwZyUyMiUyMGFsdCUzRCUyMm1hLTFjaS1nMiUyMiUzRSUwQSUyMCUyMCUyMCUyMCUyMCUyMCUzQyUyRmElM0UlMEElMjAlMjAlMjAlM0MlMkZsaSUzRSUwQSUyMCUyMCUyMCUzQ2xpJTNFJTBBJTIwJTIwJTIwJTIwJTIwJTIwJTNDYSUyMGhyZWYlM0QlMjJodHRwcyUzQSUyRiUyRmFhdGF1ZGlvLmNvbS5iciUyRndwLWNvbnRlbnQlMkZ1cGxvYWRzJTJGQUFULVJFQ0VJVkVSLVNUUi0yLTNfLmpwZyUyMiUyMGRhdGEtc3RhbmRhcmQlM0QlMjJodHRwcyUzQSUyRiUyRmFhdGF1ZGlvLmNvbS5iciUyRndwLWNvbnRlbnQlMkZ1cGxvYWRzJTJGQUFULVJFQ0VJVkVSLVNUUi0yLTNfLmpwZyUyMiUzRSUwQSUyMCUyMCUyMCUyMCUyMCUyMCUzQ2ltZyUyMHNyYyUzRCUyMmh0dHBzJTNBJTJGJTJGYWF0YXVkaW8uY29tLmJyJTJGd3AtY29udGVudCUyRnVwbG9hZHMlMkZBQVQtUkVDRUlWRVItU1RSLTItM18uanBnJTIyJTIwYWx0JTNEJTIybWEtMWNpLWcyJTIyJTNFJTBBJTIwJTIwJTIwJTIwJTIwJTIwJTNDJTJGYSUzRSUwQSUyMCUyMCUyMCUzQyUyRmxpJTNFJTBBJTIwJTIwJTIwJTNDbGklM0UlMEElMjAlMjAlMjAlMjAlMjAlMjAlM0NhJTIwaHJlZiUzRCUyMmh0dHBzJTNBJTJGJTJGYWF0YXVkaW8uY29tLmJyJTJGd3AtY29udGVudCUyRnVwbG9hZHMlMkZBQVQtUkVDRUlWRVItU1RSLTItMV8uanBnJTIyJTIwZGF0YS1zdGFuZGFyZCUzRCUyMmh0dHBzJTNBJTJGJTJGYWF0YXVkaW8uY29tLmJyJTJGd3AtY29udGVudCUyRnVwbG9hZHMlMkZBQVQtUkVDRUlWRVItU1RSLTItMV8uanBnJTIyJTNFJTBBJTIwJTIwJTIwJTIwJTIwJTIwJTNDaW1nJTIwc3JjJTNEJTIyaHR0cHMlM0ElMkYlMkZhYXRhdWRpby5jb20uYnIlMkZ3cC1jb250ZW50JTJGdXBsb2FkcyUyRkFBVC1SRUNFSVZFUi1TVFItMi0xXy5qcGclMjIlMjBhbHQlM0QlMjJtYS0xY2ktZzIlMjIlM0UlMEElMjAlMjAlMjAlMjAlMjAlMjAlM0MlMkZhJTNFJTBBJTIwJTIwJTIwJTNDJTJGbGklM0UlMEElMjAlMjAlMjAlM0NsaSUzRSUwQSUyMCUyMCUyMCUyMCUyMCUyMCUzQ2ElMjBocmVmJTNEJTIyaHR0cHMlM0ElMkYlMkZhYXRhdWRpby5jb20uYnIlMkZ3cC1jb250ZW50JTJGdXBsb2FkcyUyRmFtYmllbnRhZGFfMDEuanBnJTIyJTIwZGF0YS1zdGFuZGFyZCUzRCUyMmh0dHBzJTNBJTJGJTJGYWF0YXVkaW8uY29tLmJyJTJGd3AtY29udGVudCUyRnVwbG9hZHMlMkZhbWJpZW50YWRhXzAxLmpwZyUyMiUzRSUwQSUyMCUyMCUyMCUyMCUyMCUyMCUzQ2ltZyUyMHNyYyUzRCUyMmh0dHBzJTNBJTJGJTJGYWF0YXVkaW8uY29tLmJyJTJGd3AtY29udGVudCUyRnVwbG9hZHMlMkZhbWJpZW50YWRhXzAxLmpwZyUyMiUyMGFsdCUzRCUyMm1hLTFjaS1nMiUyMiUzRSUwQSUyMCUyMCUyMCUyMCUyMCUyMCUzQyUyRmElM0UlMEElMjAlMjAlMjAlM0MlMkZsaSUzRSUwQSUyMCUyMCUyMCUzQyUyRnVsJTNF[\/vc_raw_html][\/vc_column_inner][\/vc_row_inner][vc_row_inner][vc_column_inner width=&#8221;1\/2&#8243;][\/vc_column_inner][vc_column_inner width=&#8221;1\/2&#8243;][vc_column_text] Share via Whatsapp[\/vc_column_text][\/vc_column_inner][\/vc_row_inner][\/vc_column][\/vc_row][vc_row el_id=&#8221;tab-menu-produto&#8221;][vc_column][vc_row_inner][vc_column_inner][vc_btn title=&#8221;Descri\u00e7\u00e3o&#8221; shape=&#8221;square&#8221; link=&#8221;url:%23descricao|||rel:nofollow&#8221; el_class=&#8221;ancor-scroll&#8221;][vc_btn title=&#8221;Caracteristicas&#8221; shape=&#8221;square&#8221; link=&#8221;url:%23caracteristicas|||rel:nofollow&#8221; el_class=&#8221;ancor-scroll&#8221;][vc_btn title=&#8221;Especifica\u00e7\u00f5es&#8221; shape=&#8221;square&#8221; link=&#8221;url:%23especificacoes|||rel:nofollow&#8221; el_class=&#8221;ancor-scroll&#8221;][\/vc_column_inner][\/vc_row_inner][\/vc_column][\/vc_row][vc_row el_id=&#8221;descricao&#8221;][vc_column][vc_row_inner][vc_column_inner][vc_column_text css=&#8221;&#8221;] DESCRI\u00c7\u00c3O A AAT revoluciona o mercado de \u00e1udio com a chegada do primeiro receiver de alta performance totalmente fabricado no Brasil nos \u00faltimos 30 anos e do jeito que s\u00f3 a AAT sabe [&hellip;]<\/p>\n","protected":false},"author":5,"featured_media":15623,"parent":15617,"menu_order":1,"comment_status":"closed","ping_status":"closed","template":"page-fullwidth.php","meta":{"footnotes":""},"class_list":["post-15594","page","type-page","status-publish","has-post-thumbnail","hentry","categories-multiroom","tags-receivers"],"_links":{"self":[{"href":"https:\/\/aataudio.com.br\/home\/wp-json\/wp\/v2\/pages\/15594"}],"collection":[{"href":"https:\/\/aataudio.com.br\/home\/wp-json\/wp\/v2\/pages"}],"about":[{"href":"https:\/\/aataudio.com.br\/home\/wp-json\/wp\/v2\/types\/page"}],"author":[{"embeddable":true,"href":"https:\/\/aataudio.com.br\/home\/wp-json\/wp\/v2\/users\/5"}],"replies":[{"embeddable":true,"href":"https:\/\/aataudio.com.br\/home\/wp-json\/wp\/v2\/comments?post=15594"}],"version-history":[{"count":14,"href":"https:\/\/aataudio.com.br\/home\/wp-json\/wp\/v2\/pages\/15594\/revisions"}],"predecessor-version":[{"id":16367,"href":"https:\/\/aataudio.com.br\/home\/wp-json\/wp\/v2\/pages\/15594\/revisions\/16367"}],"up":[{"embeddable":true,"href":"https:\/\/aataudio.com.br\/home\/wp-json\/wp\/v2\/pages\/15617"}],"wp:featuredmedia":[{"embeddable":true,"href":"https:\/\/aataudio.com.br\/home\/wp-json\/wp\/v2\/media\/15623"}],"wp:attachment":[{"href":"https:\/\/aataudio.com.br\/home\/wp-json\/wp\/v2\/media?parent=15594"}],"curies":[{"name":"wp","href":"https:\/\/api.w.org\/{rel}","templated":true}]}}