{"id":14576,"date":"2025-04-29T07:29:30","date_gmt":"2025-04-29T10:29:30","guid":{"rendered":"https:\/\/aataudio.com.br\/home\/?page_id=14576"},"modified":"2025-06-04T18:03:55","modified_gmt":"2025-06-04T21:03:55","slug":"aat-pm-5-g2","status":"publish","type":"page","link":"https:\/\/aataudio.com.br\/home\/amplificadores\/amplificadores-de-potencia\/aat-pm-5-g2\/","title":{"rendered":"AAT PM-5 G2"},"content":{"rendered":"<div class=\"wpb-content-wrapper\"><p>[vc_row][vc_column][vc_row_inner][vc_column_inner][vc_raw_html css=&#8221;&#8221;]JTNDZGl2JTIwY2xhc3MlM0QlMjJlYXN5em9vbSUyMGVhc3l6b29tLS13aXRoLXRodW1ibmFpbHMlMjIlM0UlMEElMjAlMjAlMjAlM0NhJTIwaHJlZiUzRCUyMmh0dHBzJTNBJTJGJTJGYWF0YXVkaW8uY29tLmJyJTJGd3AtY29udGVudCUyRnVwbG9hZHMlMkZBQVQtUE0tNS1HMi0xLmpwZyUyMiUyMGNsYXNzJTNEJTIyem9vbS1tYXN0ZXIlMjIlM0UlMEElMjAlMjAlMjAlM0NpbWclMjBzcmMlM0QlMjJodHRwcyUzQSUyRiUyRmFhdGF1ZGlvLmNvbS5iciUyRndwLWNvbnRlbnQlMkZ1cGxvYWRzJTJGQUFULVBNLTUtRzItMS5qcGclMjIlMjBhbHQlM0QlMjJhYy0xJTIyJTNFJTBBJTIwJTIwJTIwJTNDJTJGYSUzRSUwQSUyMCUyMCUyMCUzQ2RpdiUyMGNsYXNzJTNEJTIyZWFzeXpvb20tZmx5b3V0JTIyJTNFJTNDJTJGZGl2JTNFJTBBJTNDJTJGZGl2JTNFJTBBJTNDdWwlMjBjbGFzcyUzRCUyMnRodW1ibmFpbHMlMjIlM0UlMEElMjAlMjAlMjAlM0NsaSUzRSUwQSUyMCUyMCUyMCUyMCUyMCUyMCUzQ2ElMjBocmVmJTNEJTIyaHR0cHMlM0ElMkYlMkZhYXRhdWRpby5jb20uYnIlMkZ3cC1jb250ZW50JTJGdXBsb2FkcyUyRkFBVC1QTS01LUcyLTEuanBnJTIyJTIwZGF0YS1zdGFuZGFyZCUzRCUyMmh0dHBzJTNBJTJGJTJGYWF0YXVkaW8uY29tLmJyJTJGd3AtY29udGVudCUyRnVwbG9hZHMlMkZBQVQtUE0tNS1HMi0xLmpwZyUyMiUzRSUwQSUyMCUyMCUyMCUyMCUyMCUyMCUzQ2ltZyUyMHNyYyUzRCUyMmh0dHBzJTNBJTJGJTJGYWF0YXVkaW8uY29tLmJyJTJGd3AtY29udGVudCUyRnVwbG9hZHMlMkZBQVQtUE0tNS1HMi0xLmpwZyUyMiUyMGFsdCUzRCUyMmFjLTElMjIlM0UlMEElMjAlMjAlMjAlMjAlMjAlMjAlM0MlMkZhJTNFJTBBJTIwJTIwJTIwJTNDJTJGbGklM0UlMEElMjAlMjAlMjAlM0NsaSUzRSUwQSUyMCUyMCUyMCUyMCUyMCUyMCUzQ2ElMjBocmVmJTNEJTIyaHR0cHMlM0ElMkYlMkZhYXRhdWRpby5jb20uYnIlMkZ3cC1jb250ZW50JTJGdXBsb2FkcyUyRkFBVC1QTS01LUcyLTIuanBnJTIyJTIwZGF0YS1zdGFuZGFyZCUzRCUyMmh0dHBzJTNBJTJGJTJGYWF0YXVkaW8uY29tLmJyJTJGd3AtY29udGVudCUyRnVwbG9hZHMlMkZBQVQtUE0tNS1HMi0yLmpwZyUyMiUzRSUwQSUyMCUyMCUyMCUyMCUyMCUyMCUzQ2ltZyUyMHNyYyUzRCUyMmh0dHBzJTNBJTJGJTJGYWF0YXVkaW8uY29tLmJyJTJGd3AtY29udGVudCUyRnVwbG9hZHMlMkZBQVQtUE0tNS1HMi0yLmpwZyUyMiUyMGFsdCUzRCUyMmFjLTIlMjIlM0UlMEElMjAlMjAlMjAlMjAlMjAlMjAlM0MlMkZhJTNFJTBBJTIwJTIwJTIwJTNDJTJGbGklM0UlMEElMjAlMjAlMjAlM0NsaSUzRSUwQSUyMCUyMCUyMCUyMCUyMCUyMCUzQ2ElMjBocmVmJTNEJTIyaHR0cHMlM0ElMkYlMkZhYXRhdWRpby5jb20uYnIlMkZ3cC1jb250ZW50JTJGdXBsb2FkcyUyRkFBVC1QTS01LUcyLTMuanBnJTIyJTIwZGF0YS1zdGFuZGFyZCUzRCUyMmh0dHBzJTNBJTJGJTJGYWF0YXVkaW8uY29tLmJyJTJGd3AtY29udGVudCUyRnVwbG9hZHMlMkZBQVQtUE0tNS1HMi0zLmpwZyUyMiUzRSUwQSUyMCUyMCUyMCUyMCUyMCUyMCUzQ2ltZyUyMHNyYyUzRCUyMmh0dHBzJTNBJTJGJTJGYWF0YXVkaW8uY29tLmJyJTJGd3AtY29udGVudCUyRnVwbG9hZHMlMkZBQVQtUE0tNS1HMi0zLmpwZyUyMiUyMGFsdCUzRCUyMmFjLTMlMjIlM0UlMEElMjAlMjAlMjAlMjAlMjAlMjAlM0MlMkZhJTNFJTBBJTIwJTIwJTIwJTNDJTJGbGklM0UlMEElMjAlM0NsaSUzRSUwQSUyMCUyMCUyMCUyMCUyMCUyMCUzQ2ElMjBocmVmJTNEJTIyaHR0cHMlM0ElMkYlMkZhYXRhdWRpby5jb20uYnIlMkZ3cC1jb250ZW50JTJGdXBsb2FkcyUyRkFBVC1QTS01LUcyLTQuanBnJTIyJTIwZGF0YS1zdGFuZGFyZCUzRCUyMmh0dHBzJTNBJTJGJTJGYWF0YXVkaW8uY29tLmJyJTJGd3AtY29udGVudCUyRnVwbG9hZHMlMkZBQVQtUE0tNS1HMi00LmpwZyUyMiUzRSUwQSUyMCUyMCUyMCUyMCUyMCUyMCUzQ2ltZyUyMHNyYyUzRCUyMmh0dHBzJTNBJTJGJTJGYWF0YXVkaW8uY29tLmJyJTJGd3AtY29udGVudCUyRnVwbG9hZHMlMkZBQVQtUE0tNS1HMi00LmpwZyUyMiUyMGFsdCUzRCUyMmFjLTMlMjIlM0UlMEElMjAlMjAlMjAlMjAlMjAlMjAlM0MlMkZhJTNFJTBBJTIwJTIwJTIwJTNDJTJGbGklM0UlMEElMEElM0MlMkZ1bCUzRQ==[\/vc_raw_html][\/vc_column_inner][\/vc_row_inner][vc_row_inner][vc_column_inner width=&#8221;1\/2&#8243;][\/vc_column_inner][vc_column_inner width=&#8221;1\/2&#8243;][vc_column_text]<aside class=\"mashsb-container mashsb-main mashsb-stretched\"><div class=\"mashsb-box\"><div class=\"mashsb-buttons\"><a class=\"mashicon-facebook mash-small mash-center mashsb-noshadow mashsb-pure-icons\" href=\"https:\/\/www.facebook.com\/sharer.php?u=https%3A%2F%2Faataudio.com.br%2Fhome%2Famplificadores%2Famplificadores-de-potencia%2Faat-pm-5-g2%2F\" target=\"_top\" rel=\"nofollow\"><span class=\"icon\"><\/span><span class=\"text\"><\/span><\/a><a class=\"mashicon-twitter mash-small mash-center mashsb-noshadow mashsb-pure-icons\" href=\"https:\/\/twitter.com\/intent\/tweet?text=&amp;url=https:\/\/aataudio.com.br\/home\/amplificadores\/amplificadores-de-potencia\/aat-pm-5-g2\/\" target=\"_top\" rel=\"nofollow\"><span class=\"icon\"><\/span><span class=\"text\"><\/span><\/a><a class=\"mashicon-whatsapp mash-small mash-center mashsb-noshadow mashsb-pure-icons\" href=\"\" target=\"_top\" rel=\"nofollow\"><span class=\"icon\"><\/span><span class=\"text\"><\/span><\/a><div class=\"onoffswitch2 mash-small mashsb-noshadow\" style=\"display:none\"><\/div><\/div><\/div>\n                    <div style=\"clear:both\"><\/div><div class=\"mashsb-toggle-container\"><\/div><\/aside>\n            <!-- Share buttons made by mashshare.net - Version: 4.0.47--><br \/>\n<a style=\"display: none;\" href=\"whatsapp:\/\/send?text=The text to share!\" data-action=\"share\/whatsapp\/share\">Share via Whatsapp<\/a>[\/vc_column_text][\/vc_column_inner][\/vc_row_inner][\/vc_column][\/vc_row][vc_row el_id=&#8221;tab-menu-produto&#8221;][vc_column][vc_row_inner][vc_column_inner][vc_btn title=&#8221;Descri\u00e7\u00e3o&#8221; shape=&#8221;square&#8221; link=&#8221;url:%23descricao|||rel:nofollow&#8221; el_class=&#8221;ancor-scroll&#8221;][vc_btn title=&#8221;Caracteristicas&#8221; shape=&#8221;square&#8221; link=&#8221;url:%23caracteristicas|||rel:nofollow&#8221; el_class=&#8221;ancor-scroll&#8221;][vc_btn title=&#8221;Especifica\u00e7\u00f5es&#8221; shape=&#8221;square&#8221; link=&#8221;url:%23especificacoes|||rel:nofollow&#8221; el_class=&#8221;ancor-scroll&#8221;][\/vc_column_inner][\/vc_row_inner][\/vc_column][\/vc_row][vc_row el_id=&#8221;descricao&#8221;][vc_column][vc_row_inner][vc_column_inner][vc_column_text css=&#8221;&#8221;]<\/p>\n<h3 class=\"info-page-title\">DESCRI\u00c7\u00c3O<\/h3>\n<p>Os amplificadores de dois canais AAT PM-2 G2 e PM-5 G2 est\u00e3o ainda melhores. Os modelos de Segunda Gera\u00e7\u00e3o trazem novo amplificador classe AB de alta defini\u00e7\u00e3o, proporcionando maior pot\u00eancia e melhor qualidade de amplifica\u00e7\u00e3o. Agora, s\u00e3o 500W RMS de pot\u00eancia (2x250W RMS) no AAT PM-2 G2 em 4 ohms, de acordo com a norma NBR IEC60268-5; e 350W RMS (2x175W RMS) no AAT PM-5 G2.<\/p>\n<p>Montados em um gabinete com altura de duas unidades rack (2U), os amplificadores apresentam excelente performance tanto subjetiva (avaliada em testes auditivos) como em bancada (avaliada por meio de medi\u00e7\u00f5es el\u00e9tricas), aliada a um custo bem atraente. Essas caracter\u00edsticas tornam os produtos indicados para as mais diversas aplica\u00e7\u00f5es em projetos residenciais e corporativos. Podem assumir o papel de amplificador de pot\u00eancia para sistemas est\u00e9reo de alta qualidade e sistemas de home theater ou tamb\u00e9m para uma segunda zona de \u00e1udio ou som ambiente.<\/p>\n<p>A conectividade e a flexibilidade do produto tamb\u00e9m resultam em v\u00e1rios avan\u00e7os em rela\u00e7\u00e3o \u00e0s vers\u00f5es anteriores. Entre os destaques, est\u00e3o a conex\u00e3o Loop Out, que permite ligar outros amplificadores ao sistema, e a possibilidade de escolher entre os modos Est\u00e9reo, Mono (paralelo) ou Bridge, deixando a instala\u00e7\u00e3o mais flex\u00edvel. D\u00e1 ainda para alterar o modo de liga\u00e7\u00e3o dos amplificadores entre ALWAYS ON (sempre ligados), AUTO ON (ligados pelo sinal de \u00e1udio e desligados automaticamente ap\u00f3s cinco minutos sem sinal) e TRIGGER IN (acionados por automa\u00e7\u00e3o).[\/vc_column_text][\/vc_column_inner][\/vc_row_inner][\/vc_column][\/vc_row][vc_row el_id=&#8221;caracteristicas&#8221;][vc_column offset=&#8221;vc_col-lg-12 vc_col-sm-offset-0&#8243;][vc_row_inner][vc_column_inner][vc_column_text css=&#8221;&#8221;]<\/p>\n<h3 class=\"info-page-title\">CARACTER\u00cdSTICAS<\/h3>\n<p>\u2013 Pot\u00eancia de sa\u00edda: 2 x 125W RMS em 8 ohms, 2 x 175W RMS em 4 ohms e 350W RMS em 8 ohms (Bridge Mode);<\/p>\n<p>\u2013 Amplificador de pot\u00eancia em classe AB com tecnologia bipolar 100% discreta para a melhor qualidade de \u00e1udio poss\u00edvel;<\/p>\n<p>\u2013 Constru\u00e7\u00e3o discreta, com 6 transistores bipolares por canal no est\u00e1gio de sa\u00edda;<\/p>\n<p>\u2013 Capacidade de corrente por canal: 32 A cont\u00ednuos, 60 A m\u00e1ximos;<\/p>\n<p>\u2013 Amplificador servo-controlado com acoplamento DC e resposta desde zero Hertz. Na pr\u00e1tica, por precau\u00e7\u00e3o a resposta come\u00e7a em 0.4Hz;<\/p>\n<p>\u2013 Fonte de alimenta\u00e7\u00e3o com transformador toroidal de baixo ru\u00eddo e fonte auxiliar de stand-by. Possui capacit\u00e2ncia total de 20.000 uF e consumo em stand-by da ordem de 5W;<\/p>\n<p>&#8211; Entradas balanceadas com conectores XLR;<\/p>\n<p>&#8211; Entradas desbalanceadas com conectores RCA com Loop Outputs;<\/p>\n<p>&#8211;\u00a0\u00a0 Chave Est\u00e9reo\/Mono\/Bridge<\/p>\n<p>&#8211; Controles de ganho traseiros e independentes;<\/p>\n<p>&#8211; Chave MODE: permite alterar o modo de liga\u00e7\u00e3o dos produtos entre ALWAYS ON, AUTO ON, TRIGGER IN. ALWAYS ON deixa os amplificadores sempre ligados; AUTO ON, ligados pelo sinal de \u00e1udio; e TRIGGER IN, acionados pela entrada TRIGGER via sistemas de automa\u00e7\u00e3o. No modo AUTO ON, os produtos ficam ligados ao menos cinco minutos quando n\u00e3o h\u00e1 sinal;<\/p>\n<p>&#8211; Conectores de sa\u00edda: Speak-on e binding posts banhados a ouro;<\/p>\n<p>&#8211; Chave de Ground Lift com 3 posi\u00e7\u00f5es: OFF, AC e DC, para efetiva elimina\u00e7\u00e3o de loops de terra;<\/p>\n<p>&#8211; Conector de entrada de rede tripolar 2P+T, tipo IEC-320;<\/p>\n<p>&#8211; Prote\u00e7\u00e3o completa: DC na sa\u00edda, sobrecarga, sobrecorrente, sobretemperatura, curto-circuito e subtens\u00e3o;<\/p>\n<p>&#8211; Indicadores de stand-by: Ligado (ON), Prote\u00e7\u00e3o OK e Clipping (calibrado para acender quando a distor\u00e7\u00e3o atinge 2%);<\/p>\n<p>&#8211; Gabinete em tamanho 2U, mont\u00e1vel em rack com o uso de al\u00e7as (vendidas separadamente);<\/p>\n<p>&#8211; Painel frontal em alum\u00ednio anodizado preto, com chassis estampado em pintura ep\u00f3xi preta.[\/vc_column_text][\/vc_column_inner][\/vc_row_inner][\/vc_column][\/vc_row][vc_row el_id=&#8221;especificacoes&#8221;][vc_column][vc_row_inner][vc_column_inner][vc_column_text]<\/p>\n<h3 class=\"info-page-title\">ESPECIFICA\u00c7\u00d5ES<\/h3>\n<p>[\/vc_column_text][\/vc_column_inner][\/vc_row_inner][vc_column_text css=&#8221;&#8221;]<\/p>\n<div class=\"table-responsive\">\n<table class=\"table table-especificacoes\" style=\"width: 100%;\">\n<thead>\n<tr>\n<th style=\"width: 37.7224%;\" width=\"409\"><\/th>\n<th style=\"text-align: center; width: 31.8505%;\" width=\"117\"><strong><img loading=\"lazy\" decoding=\"async\" class=\"size-full wp-image-14574 aligncenter\" src=\"https:\/\/aataudio.com.br\/wp-content\/uploads\/menu_icon_pm_2_g2.jpg\" alt=\"\" width=\"120\" height=\"120\" \/>\u00a0 \u00a0 \u00a0 <\/strong><strong>AAT pm-2 G2 <\/strong><\/th>\n<th style=\"text-align: center; width: 28.6477%;\" width=\"397\"><img loading=\"lazy\" decoding=\"async\" class=\"wp-image-2540 size-full aligncenter\" src=\"https:\/\/aataudio.com.br\/wp-content\/uploads\/menu_icon_pm_5_g2.jpg\" alt=\"\" width=\"120\" height=\"120\" \/><strong>AAT PM-5 G2 <\/strong><\/th>\n<\/tr>\n<\/thead>\n<tbody>\n<tr class=\"table-first-row\">\n<th style=\"width: 37.7224%;\" scope=\"row\">Pot\u00eancia\u00a0<strong>RMS Cont\u00ednua<\/strong>\u00a0pela norma NBR IEC 60268-3<\/th>\n<td class=\"table-info-value\" style=\"width: 31.8505%;\">\u2013 1 canal operando: 230W RMS (8 ohms) \/ 400W RMS (4 ohms)<\/p>\n<p>\u2013 2 canais operando simultaneamente: 200W RMS (8 ohms) \/ 250W RMS (4 ohms)<\/p>\n<p>\u2013 Em bridge: 500W RMS em 8 ohms<\/td>\n<td class=\"table-info-value\" style=\"width: 28.6477%;\">\n<p class=\"indent\">\u2013 1 canal operando: 150 W RMS (8 ohms) \/ 210W RMS (4 ohms)<\/p>\n<p class=\"indent\">\u2013 2 canais operando simultaneamente: 125 W RMS (8 ohms) \/ 175 W RMS (4 ohms)<\/p>\n<p class=\"indent\">\u2013 Em bridge: 350 W RMS em 8 ohms<\/p>\n<\/td>\n<\/tr>\n<tr>\n<th style=\"white-space: normal; width: 37.7224%;\" scope=\"row\">Resposta em frequ\u00eancia a 1W: 10 Hz &#8211; 100 KHz (+0 , -0.2 dB)<\/th>\n<td class=\"table-info-value\" style=\"width: 31.8505%;\">0.4 Hz \u2013 300 KHz (-3 dB)<\/td>\n<td class=\"table-info-value\" style=\"width: 28.6477%;\">-0.4 Hz \u2013 300 KHz (-3 dB)<\/td>\n<\/tr>\n<tr>\n<th style=\"width: 37.7224%;\" scope=\"row\">Signal Noise Ratio (S\/N) A-Weighted<\/th>\n<td class=\"table-info-value\" style=\"width: 31.8505%;\">116 dB(A)<\/td>\n<td class=\"table-info-value\" style=\"width: 28.6477%;\">116 dB(A)<\/td>\n<\/tr>\n<tr>\n<th style=\"width: 37.7224%;\" scope=\"row\">Crosstalk (1 KHz)<\/th>\n<td class=\"table-info-value\" style=\"width: 31.8505%;\">90 dB(A)<\/td>\n<td class=\"table-info-value\" style=\"width: 28.6477%;\">90 dB(A)<\/td>\n<\/tr>\n<tr>\n<th style=\"width: 37.7224%;\" scope=\"row\">Fator de Amortecimento<\/th>\n<td class=\"table-info-value\" style=\"width: 31.8505%;\">1.000 a 20 Hz<\/td>\n<td class=\"table-info-value\" style=\"width: 28.6477%;\">1000 a 20 Hz<\/td>\n<\/tr>\n<tr>\n<th style=\"width: 37.7224%;\" scope=\"row\">Distor\u00e7\u00e3o Harmonica a 10W \/ 1 KHz (THD+N)<\/th>\n<td class=\"table-info-value\" style=\"width: 31.8505%;\">0.006%<\/td>\n<td class=\"table-info-value\" style=\"width: 28.6477%;\">0.006%<\/td>\n<\/tr>\n<tr>\n<th style=\"width: 37.7224%;\" scope=\"row\">Clipping led calibrado THD<\/th>\n<td class=\"table-info-value\" style=\"width: 31.8505%;\">2%<\/td>\n<td class=\"table-info-value\" style=\"width: 28.6477%;\">2%<\/td>\n<\/tr>\n<tr>\n<th style=\"width: 37.7224%;\" scope=\"row\">Sensibilidade de entrada RCA<\/th>\n<td class=\"table-info-value\" style=\"width: 31.8505%;\">1.25 V<\/td>\n<td class=\"table-info-value\" style=\"width: 28.6477%;\">1.25 V<\/td>\n<\/tr>\n<tr>\n<th style=\"width: 37.7224%;\" scope=\"row\">Sensibilidade de entrada XLR<\/th>\n<td class=\"table-info-value\" style=\"width: 31.8505%;\">625 mV<\/td>\n<td class=\"table-info-value\" style=\"width: 28.6477%;\">625 mV<\/td>\n<\/tr>\n<tr>\n<th style=\"width: 37.7224%;\" scope=\"row\">Sensibilidade do Auto-on<\/th>\n<td class=\"table-info-value\" style=\"width: 31.8505%;\">Low: 20 mV \/ High 40 mV<\/td>\n<td class=\"table-info-value\" style=\"width: 28.6477%;\">Low: 20 mV \/ High 40 mV<\/td>\n<\/tr>\n<tr>\n<th style=\"width: 37.7224%;\" scope=\"row\">Imped\u00e2ncia de entrada (Unbal)<\/th>\n<td class=\"table-info-value\" style=\"width: 31.8505%;\">10 Kohms<\/td>\n<td class=\"table-info-value\" style=\"width: 28.6477%;\">10 Kohms<\/td>\n<\/tr>\n<tr>\n<th style=\"width: 37.7224%;\" scope=\"row\">Imped\u00e2ncia de entrada (Bal)<\/th>\n<td class=\"table-info-value\" style=\"width: 31.8505%;\">47 Kohms<\/td>\n<td class=\"table-info-value\" style=\"width: 28.6477%;\">47 Kohms<\/td>\n<\/tr>\n<tr>\n<th style=\"white-space: normal; width: 37.7224%;\" scope=\"row\">Consumo m\u00e1ximo<\/th>\n<td class=\"table-info-value\" style=\"width: 31.8505%;\">1.100W; IEC: 200W<\/td>\n<td class=\"table-info-value\" style=\"width: 28.6477%;\">\n<table border=\"0\" cellspacing=\"0\" cellpadding=\"0\">\n<tbody>\n<tr>\n<td valign=\"top\"><\/td>\n<td valign=\"top\">800W; IEC: 150W<\/td>\n<\/tr>\n<\/tbody>\n<\/table>\n<\/td>\n<\/tr>\n<tr>\n<th style=\"white-space: normal; width: 37.7224%;\" scope=\"row\">Tens\u00e3o de opera\u00e7\u00e3o<\/th>\n<td class=\"table-info-value\" style=\"width: 31.8505%;\">99-140V e 198-242V 50\/60Hz<\/td>\n<td class=\"table-info-value\" style=\"width: 28.6477%;\">99-140V e 198-242V 50\/60Hz<\/td>\n<\/tr>\n<tr>\n<th style=\"white-space: normal; width: 37.7224%;\" scope=\"row\">Dimens\u00f5es (L x P x A)<\/th>\n<td class=\"table-info-value\" style=\"width: 31.8505%;\">432 x 445 x 105 mm<\/td>\n<td class=\"table-info-value\" style=\"width: 28.6477%;\">432 x 445 x 105 mm<\/td>\n<\/tr>\n<tr>\n<th style=\"white-space: normal; width: 37.7224%;\" scope=\"row\">Peso<\/th>\n<td class=\"table-info-value\" style=\"width: 31.8505%;\">16 Kg \/ 17 Kg (com embalagem)<\/td>\n<td class=\"table-info-value\" style=\"width: 28.6477%;\">14 Kg \/ 15 Kg (com embalagem)<\/td>\n<\/tr>\n<\/tbody>\n<\/table>\n<\/div>\n<p>[\/vc_column_text][\/vc_column][\/vc_row][vc_row css=&#8221;.vc_custom_1618939664412{margin-top: 35px !important;}&#8221; el_id=&#8221;veja-tambem&#8221;][vc_column offset=&#8221;vc_hidden-xs&#8221;][vc_column_text]<\/p>\n<h3 class=\"info-page-title\">VEJA TAMB\u00c9M<\/h3>\n<p>[\/vc_column_text][vc_basic_grid post_type=&#8221;page&#8221; max_items=&#8221;-1&#8243; style=&#8221;pagination&#8221; items_per_page=&#8221;4&#8243; element_width=&#8221;3&#8243; gap=&#8221;20&#8243; orderby=&#8221;menu_order&#8221; order=&#8221;ASC&#8221; arrows_design=&#8221;vc_arrow-icon-arrow_07_left&#8221; arrows_position=&#8221;outside&#8221; arrows_color=&#8221;sky&#8221; paging_color=&#8221;sky&#8221; item=&#8221;184&#8243; initial_loading_animation=&#8221;none&#8221; grid_id=&#8221;vc_gid:1745934907719-d89b7129-118b-5&#8243; taxonomies=&#8221;13&#8243; exclude=&#8221;912&#8243;][\/vc_column][\/vc_row][vc_row css=&#8221;.vc_custom_1618939676081{margin-top: 35px !important;}&#8221; el_id=&#8221;veja-tambem-2&#8243;][vc_column offset=&#8221;vc_hidden-lg vc_hidden-md vc_hidden-sm&#8221;][vc_column_text]<\/p>\n<h3 class=\"info-page-title\">VEJA TAMB\u00c9M<\/h3>\n<p>[\/vc_column_text][vc_basic_grid post_type=&#8221;page&#8221; max_items=&#8221;-1&#8243; style=&#8221;pagination&#8221; items_per_page=&#8221;1&#8243; element_width=&#8221;12&#8243; gap=&#8221;20&#8243; orderby=&#8221;menu_order&#8221; order=&#8221;ASC&#8221; arrows_design=&#8221;vc_arrow-icon-arrow_07_left&#8221; arrows_position=&#8221;outside&#8221; arrows_color=&#8221;sky&#8221; paging_color=&#8221;sky&#8221; item=&#8221;184&#8243; initial_loading_animation=&#8221;none&#8221; grid_id=&#8221;vc_gid:1745934907720-503c7ba0-d513-8&#8243; taxonomies=&#8221;13&#8243; exclude=&#8221;912&#8243;][\/vc_column][\/vc_row]<\/p>\n<\/div>","protected":false},"excerpt":{"rendered":"<p>[vc_row][vc_column][vc_row_inner][vc_column_inner][vc_raw_html css=&#8221;&#8221;]JTNDZGl2JTIwY2xhc3MlM0QlMjJlYXN5em9vbSUyMGVhc3l6b29tLS13aXRoLXRodW1ibmFpbHMlMjIlM0UlMEElMjAlMjAlMjAlM0NhJTIwaHJlZiUzRCUyMmh0dHBzJTNBJTJGJTJGYWF0YXVkaW8uY29tLmJyJTJGd3AtY29udGVudCUyRnVwbG9hZHMlMkZBQVQtUE0tNS1HMi0xLmpwZyUyMiUyMGNsYXNzJTNEJTIyem9vbS1tYXN0ZXIlMjIlM0UlMEElMjAlMjAlMjAlM0NpbWclMjBzcmMlM0QlMjJodHRwcyUzQSUyRiUyRmFhdGF1ZGlvLmNvbS5iciUyRndwLWNvbnRlbnQlMkZ1cGxvYWRzJTJGQUFULVBNLTUtRzItMS5qcGclMjIlMjBhbHQlM0QlMjJhYy0xJTIyJTNFJTBBJTIwJTIwJTIwJTNDJTJGYSUzRSUwQSUyMCUyMCUyMCUzQ2RpdiUyMGNsYXNzJTNEJTIyZWFzeXpvb20tZmx5b3V0JTIyJTNFJTNDJTJGZGl2JTNFJTBBJTNDJTJGZGl2JTNFJTBBJTNDdWwlMjBjbGFzcyUzRCUyMnRodW1ibmFpbHMlMjIlM0UlMEElMjAlMjAlMjAlM0NsaSUzRSUwQSUyMCUyMCUyMCUyMCUyMCUyMCUzQ2ElMjBocmVmJTNEJTIyaHR0cHMlM0ElMkYlMkZhYXRhdWRpby5jb20uYnIlMkZ3cC1jb250ZW50JTJGdXBsb2FkcyUyRkFBVC1QTS01LUcyLTEuanBnJTIyJTIwZGF0YS1zdGFuZGFyZCUzRCUyMmh0dHBzJTNBJTJGJTJGYWF0YXVkaW8uY29tLmJyJTJGd3AtY29udGVudCUyRnVwbG9hZHMlMkZBQVQtUE0tNS1HMi0xLmpwZyUyMiUzRSUwQSUyMCUyMCUyMCUyMCUyMCUyMCUzQ2ltZyUyMHNyYyUzRCUyMmh0dHBzJTNBJTJGJTJGYWF0YXVkaW8uY29tLmJyJTJGd3AtY29udGVudCUyRnVwbG9hZHMlMkZBQVQtUE0tNS1HMi0xLmpwZyUyMiUyMGFsdCUzRCUyMmFjLTElMjIlM0UlMEElMjAlMjAlMjAlMjAlMjAlMjAlM0MlMkZhJTNFJTBBJTIwJTIwJTIwJTNDJTJGbGklM0UlMEElMjAlMjAlMjAlM0NsaSUzRSUwQSUyMCUyMCUyMCUyMCUyMCUyMCUzQ2ElMjBocmVmJTNEJTIyaHR0cHMlM0ElMkYlMkZhYXRhdWRpby5jb20uYnIlMkZ3cC1jb250ZW50JTJGdXBsb2FkcyUyRkFBVC1QTS01LUcyLTIuanBnJTIyJTIwZGF0YS1zdGFuZGFyZCUzRCUyMmh0dHBzJTNBJTJGJTJGYWF0YXVkaW8uY29tLmJyJTJGd3AtY29udGVudCUyRnVwbG9hZHMlMkZBQVQtUE0tNS1HMi0yLmpwZyUyMiUzRSUwQSUyMCUyMCUyMCUyMCUyMCUyMCUzQ2ltZyUyMHNyYyUzRCUyMmh0dHBzJTNBJTJGJTJGYWF0YXVkaW8uY29tLmJyJTJGd3AtY29udGVudCUyRnVwbG9hZHMlMkZBQVQtUE0tNS1HMi0yLmpwZyUyMiUyMGFsdCUzRCUyMmFjLTIlMjIlM0UlMEElMjAlMjAlMjAlMjAlMjAlMjAlM0MlMkZhJTNFJTBBJTIwJTIwJTIwJTNDJTJGbGklM0UlMEElMjAlMjAlMjAlM0NsaSUzRSUwQSUyMCUyMCUyMCUyMCUyMCUyMCUzQ2ElMjBocmVmJTNEJTIyaHR0cHMlM0ElMkYlMkZhYXRhdWRpby5jb20uYnIlMkZ3cC1jb250ZW50JTJGdXBsb2FkcyUyRkFBVC1QTS01LUcyLTMuanBnJTIyJTIwZGF0YS1zdGFuZGFyZCUzRCUyMmh0dHBzJTNBJTJGJTJGYWF0YXVkaW8uY29tLmJyJTJGd3AtY29udGVudCUyRnVwbG9hZHMlMkZBQVQtUE0tNS1HMi0zLmpwZyUyMiUzRSUwQSUyMCUyMCUyMCUyMCUyMCUyMCUzQ2ltZyUyMHNyYyUzRCUyMmh0dHBzJTNBJTJGJTJGYWF0YXVkaW8uY29tLmJyJTJGd3AtY29udGVudCUyRnVwbG9hZHMlMkZBQVQtUE0tNS1HMi0zLmpwZyUyMiUyMGFsdCUzRCUyMmFjLTMlMjIlM0UlMEElMjAlMjAlMjAlMjAlMjAlMjAlM0MlMkZhJTNFJTBBJTIwJTIwJTIwJTNDJTJGbGklM0UlMEElMjAlM0NsaSUzRSUwQSUyMCUyMCUyMCUyMCUyMCUyMCUzQ2ElMjBocmVmJTNEJTIyaHR0cHMlM0ElMkYlMkZhYXRhdWRpby5jb20uYnIlMkZ3cC1jb250ZW50JTJGdXBsb2FkcyUyRkFBVC1QTS01LUcyLTQuanBnJTIyJTIwZGF0YS1zdGFuZGFyZCUzRCUyMmh0dHBzJTNBJTJGJTJGYWF0YXVkaW8uY29tLmJyJTJGd3AtY29udGVudCUyRnVwbG9hZHMlMkZBQVQtUE0tNS1HMi00LmpwZyUyMiUzRSUwQSUyMCUyMCUyMCUyMCUyMCUyMCUzQ2ltZyUyMHNyYyUzRCUyMmh0dHBzJTNBJTJGJTJGYWF0YXVkaW8uY29tLmJyJTJGd3AtY29udGVudCUyRnVwbG9hZHMlMkZBQVQtUE0tNS1HMi00LmpwZyUyMiUyMGFsdCUzRCUyMmFjLTMlMjIlM0UlMEElMjAlMjAlMjAlMjAlMjAlMjAlM0MlMkZhJTNFJTBBJTIwJTIwJTIwJTNDJTJGbGklM0UlMEElMEElM0MlMkZ1bCUzRQ==[\/vc_raw_html][\/vc_column_inner][\/vc_row_inner][vc_row_inner][vc_column_inner width=&#8221;1\/2&#8243;][\/vc_column_inner][vc_column_inner width=&#8221;1\/2&#8243;][vc_column_text] Share via Whatsapp[\/vc_column_text][\/vc_column_inner][\/vc_row_inner][\/vc_column][\/vc_row][vc_row el_id=&#8221;tab-menu-produto&#8221;][vc_column][vc_row_inner][vc_column_inner][vc_btn title=&#8221;Descri\u00e7\u00e3o&#8221; shape=&#8221;square&#8221; link=&#8221;url:%23descricao|||rel:nofollow&#8221; el_class=&#8221;ancor-scroll&#8221;][vc_btn title=&#8221;Caracteristicas&#8221; shape=&#8221;square&#8221; link=&#8221;url:%23caracteristicas|||rel:nofollow&#8221; el_class=&#8221;ancor-scroll&#8221;][vc_btn title=&#8221;Especifica\u00e7\u00f5es&#8221; shape=&#8221;square&#8221; link=&#8221;url:%23especificacoes|||rel:nofollow&#8221; el_class=&#8221;ancor-scroll&#8221;][\/vc_column_inner][\/vc_row_inner][\/vc_column][\/vc_row][vc_row el_id=&#8221;descricao&#8221;][vc_column][vc_row_inner][vc_column_inner][vc_column_text css=&#8221;&#8221;] DESCRI\u00c7\u00c3O Os amplificadores de dois canais AAT PM-2 G2 e PM-5 G2 est\u00e3o ainda melhores. Os modelos de Segunda Gera\u00e7\u00e3o trazem novo amplificador classe AB de alta defini\u00e7\u00e3o, proporcionando maior pot\u00eancia e melhor [&hellip;]<\/p>\n","protected":false},"author":5,"featured_media":14581,"parent":394,"menu_order":6,"comment_status":"closed","ping_status":"closed","template":"page-fullwidth.php","meta":{"footnotes":""},"class_list":["post-14576","page","type-page","status-publish","has-post-thumbnail","hentry","tags-potencia"],"_links":{"self":[{"href":"https:\/\/aataudio.com.br\/home\/wp-json\/wp\/v2\/pages\/14576"}],"collection":[{"href":"https:\/\/aataudio.com.br\/home\/wp-json\/wp\/v2\/pages"}],"about":[{"href":"https:\/\/aataudio.com.br\/home\/wp-json\/wp\/v2\/types\/page"}],"author":[{"embeddable":true,"href":"https:\/\/aataudio.com.br\/home\/wp-json\/wp\/v2\/users\/5"}],"replies":[{"embeddable":true,"href":"https:\/\/aataudio.com.br\/home\/wp-json\/wp\/v2\/comments?post=14576"}],"version-history":[{"count":8,"href":"https:\/\/aataudio.com.br\/home\/wp-json\/wp\/v2\/pages\/14576\/revisions"}],"predecessor-version":[{"id":14817,"href":"https:\/\/aataudio.com.br\/home\/wp-json\/wp\/v2\/pages\/14576\/revisions\/14817"}],"up":[{"embeddable":true,"href":"https:\/\/aataudio.com.br\/home\/wp-json\/wp\/v2\/pages\/394"}],"wp:featuredmedia":[{"embeddable":true,"href":"https:\/\/aataudio.com.br\/home\/wp-json\/wp\/v2\/media\/14581"}],"wp:attachment":[{"href":"https:\/\/aataudio.com.br\/home\/wp-json\/wp\/v2\/media?parent=14576"}],"curies":[{"name":"wp","href":"https:\/\/api.w.org\/{rel}","templated":true}]}}