{"id":11375,"date":"2022-08-01T18:41:19","date_gmt":"2022-08-01T21:41:19","guid":{"rendered":"https:\/\/aataudio.com.br\/?page_id=11375"},"modified":"2024-09-11T16:42:15","modified_gmt":"2024-09-11T19:42:15","slug":"aat-pma-1","status":"publish","type":"page","link":"https:\/\/aataudio.com.br\/home\/multirooms-pre-amplificados\/aat-pma-1\/","title":{"rendered":"AAT PMA-1"},"content":{"rendered":"<div class=\"wpb-content-wrapper\"><p>[vc_row][vc_column][vc_row_inner][vc_column_inner][vc_raw_html css=&#8221;&#8221;]JTNDZGl2JTIwY2xhc3MlM0QlMjJlYXN5em9vbSUyMGVhc3l6b29tLS13aXRoLXRodW1ibmFpbHMlMjIlM0UlMEElMjAlMjAlMjAlM0NhJTIwaHJlZiUzRCUyMmh0dHBzJTNBJTJGJTJGYWF0YXVkaW8uY29tLmJyJTJGd3AtY29udGVudCUyRnVwbG9hZHMlMkZiYW5uZXItem9vbS1BQVQtUE1BMS0zLmpwZyUyMiUyMGNsYXNzJTNEJTIyem9vbS1tYXN0ZXIlMjIlM0UlMEElMjAlMjAlMjAlM0NpbWclMjBzcmMlM0QlMjJodHRwcyUzQSUyRiUyRmFhdGF1ZGlvLmNvbS5iciUyRndwLWNvbnRlbnQlMkZ1cGxvYWRzJTJGYmFubmVyLXpvb20tQUFULVBNQTEtMy5qcGclMjIlMjBhbHQlM0QlMjJhYy0xJTIyJTNFJTBBJTIwJTIwJTIwJTNDJTJGYSUzRSUwQSUyMCUyMCUyMCUzQ2RpdiUyMGNsYXNzJTNEJTIyZWFzeXpvb20tZmx5b3V0JTIyJTNFJTNDJTJGZGl2JTNFJTBBJTNDJTJGZGl2JTNFJTBBJTNDdWwlMjBjbGFzcyUzRCUyMnRodW1ibmFpbHMlMjIlM0UlMEElMjAlMjAlMjAlM0NsaSUzRSUwQSUyMCUyMCUyMCUyMCUyMCUyMCUzQ2ElMjBocmVmJTNEJTIyaHR0cHMlM0ElMkYlMkZhYXRhdWRpby5jb20uYnIlMkZ3cC1jb250ZW50JTJGdXBsb2FkcyUyRmJhbm5lci16b29tLUFBVC1QTUExLTMuanBnJTIyJTIwZGF0YS1zdGFuZGFyZCUzRCUyMmh0dHBzJTNBJTJGJTJGYWF0YXVkaW8uY29tLmJyJTJGd3AtY29udGVudCUyRnVwbG9hZHMlMkZiYW5uZXItem9vbS1BQVQtUE1BMS0zLmpwZyUyMiUzRSUwQSUyMCUyMCUyMCUyMCUyMCUyMCUzQ2ltZyUyMHNyYyUzRCUyMmh0dHBzJTNBJTJGJTJGYWF0YXVkaW8uY29tLmJyJTJGd3AtY29udGVudCUyRnVwbG9hZHMlMkZiYW5uZXItem9vbS1BQVQtUE1BMS0zLmpwZyUyMiUyMGFsdCUzRCUyMmFjLTElMjIlM0UlMEElMjAlMjAlMjAlMjAlMjAlMjAlM0MlMkZhJTNFJTBBJTIwJTIwJTIwJTNDJTJGbGklM0UlMEElMjAlMjAlMjAlM0NsaSUzRSUwQSUyMCUyMCUyMCUyMCUyMCUyMCUzQ2ElMjBocmVmJTNEJTIyaHR0cHMlM0ElMkYlMkZhYXRhdWRpby5jb20uYnIlMkZ3cC1jb250ZW50JTJGdXBsb2FkcyUyRmJhbm5lci16b29tLUFBVC1QTUExLTEuanBnJTIyJTIwZGF0YS1zdGFuZGFyZCUzRCUyMmh0dHBzJTNBJTJGJTJGYWF0YXVkaW8uY29tLmJyJTJGd3AtY29udGVudCUyRnVwbG9hZHMlMkZiYW5uZXItem9vbS1BQVQtUE1BMS0xLmpwZyUyMiUzRSUwQSUyMCUyMCUyMCUyMCUyMCUyMCUzQ2ltZyUyMHNyYyUzRCUyMmh0dHBzJTNBJTJGJTJGYWF0YXVkaW8uY29tLmJyJTJGd3AtY29udGVudCUyRnVwbG9hZHMlMkZiYW5uZXItem9vbS1BQVQtUE1BMS0xLmpwZyUyMiUyMGFsdCUzRCUyMmFjLTIlMjIlM0UlMEElMjAlMjAlMjAlMjAlMjAlMjAlM0MlMkZhJTNFJTBBJTIwJTIwJTIwJTNDJTJGbGklM0UlMEElMjAlMjAlMjAlM0NsaSUzRSUwQSUyMCUyMCUyMCUyMCUyMCUyMCUzQ2ElMjBocmVmJTNEJTIyaHR0cHMlM0ElMkYlMkZhYXRhdWRpby5jb20uYnIlMkZ3cC1jb250ZW50JTJGdXBsb2FkcyUyRmJhbm5lci16b29tLUFBVC1QTUExLTIuanBnJTIyJTIwZGF0YS1zdGFuZGFyZCUzRCUyMmh0dHBzJTNBJTJGJTJGYWF0YXVkaW8uY29tLmJyJTJGd3AtY29udGVudCUyRnVwbG9hZHMlMkZiYW5uZXItem9vbS1BQVQtUE1BMS0yLmpwZyUyMiUzRSUwQSUyMCUyMCUyMCUyMCUyMCUyMCUzQ2ltZyUyMHNyYyUzRCUyMmh0dHBzJTNBJTJGJTJGYWF0YXVkaW8uY29tLmJyJTJGd3AtY29udGVudCUyRnVwbG9hZHMlMkZiYW5uZXItem9vbS1BQVQtUE1BMS0yLmpwZyUyMiUyMGFsdCUzRCUyMmFjLTMlMjIlM0UlMEElMjAlMjAlMjAlMjAlMjAlMjAlM0MlMkZhJTNFJTBBJTIwJTIwJTIwJTNDJTJGbGklM0UlMjAlMjAlMEElM0MlMkZ1bCUzRQ==[\/vc_raw_html][\/vc_column_inner][\/vc_row_inner][vc_row_inner][vc_column_inner width=&#8221;1\/2&#8243;][\/vc_column_inner][vc_column_inner width=&#8221;1\/2&#8243;][vc_column_text]<aside class=\"mashsb-container mashsb-main mashsb-stretched\"><div class=\"mashsb-box\"><div class=\"mashsb-buttons\"><a class=\"mashicon-facebook mash-small mash-center mashsb-noshadow mashsb-pure-icons\" href=\"https:\/\/www.facebook.com\/sharer.php?u=https%3A%2F%2Faataudio.com.br%2Fhome%2Fmultirooms-pre-amplificados%2Faat-pma-1%2F\" target=\"_top\" rel=\"nofollow\"><span class=\"icon\"><\/span><span class=\"text\"><\/span><\/a><a class=\"mashicon-twitter mash-small mash-center mashsb-noshadow mashsb-pure-icons\" href=\"https:\/\/twitter.com\/intent\/tweet?text=&amp;url=https:\/\/aataudio.com.br\/home\/multirooms-pre-amplificados\/aat-pma-1\/\" target=\"_top\" rel=\"nofollow\"><span class=\"icon\"><\/span><span class=\"text\"><\/span><\/a><a class=\"mashicon-whatsapp mash-small mash-center mashsb-noshadow mashsb-pure-icons\" href=\"\" target=\"_top\" rel=\"nofollow\"><span class=\"icon\"><\/span><span class=\"text\"><\/span><\/a><div class=\"onoffswitch2 mash-small mashsb-noshadow\" style=\"display:none\"><\/div><\/div><\/div>\n                    <div style=\"clear:both\"><\/div><div class=\"mashsb-toggle-container\"><\/div><\/aside>\n            <!-- Share buttons made by mashshare.net - Version: 4.0.47--><br \/>\n<a style=\"display: none;\" href=\"whatsapp:\/\/send?text=The text to share!\" data-action=\"share\/whatsapp\/share\">Share via Whatsapp<\/a>[\/vc_column_text][\/vc_column_inner][\/vc_row_inner][\/vc_column][\/vc_row][vc_row el_id=&#8221;tab-menu-produto&#8221;][vc_column][vc_row_inner][vc_column_inner][vc_btn title=&#8221;Descri\u00e7\u00e3o&#8221; shape=&#8221;square&#8221; link=&#8221;url:%23descricao|||rel:nofollow&#8221; el_class=&#8221;ancor-scroll&#8221;][vc_btn title=&#8221;Caracter\u00edsticas&#8221; shape=&#8221;square&#8221; link=&#8221;url:%23caracteristicas|||rel:nofollow&#8221; el_class=&#8221;ancor-scroll&#8221;][vc_btn title=&#8221;Especifica\u00e7\u00f5es&#8221; shape=&#8221;square&#8221; link=&#8221;url:%23especificacoes|||rel:nofollow&#8221; el_class=&#8221;ancor-scroll&#8221;][\/vc_column_inner][\/vc_row_inner][\/vc_column][\/vc_row][vc_row el_id=&#8221;descricao&#8221;][vc_column][vc_row_inner][vc_column_inner][vc_column_text]<\/p>\n<h3 class=\"info-page-title\">DESCRI\u00c7\u00c3O<\/h3>\n<p style=\"text-align: justify; text-justify: inter-ideograph; background: white; margin: 0cm 0cm 7.5pt 0cm;\"><span style=\"font-size: 10.5pt; font-family: Montserrat; color: #6b6b6b;\">Seguindo o sucesso de vendas da linha PMR, os modelos AAT PMA-1 e AAT PMA-2 s\u00e3o as primeiras matrizes pr\u00e9-amplificadas da marca para instala\u00e7\u00f5es de som ambiente residenciais e corporativas. O resultado \u00e9 a mais elevada qualidade do mercado na distribui\u00e7\u00e3o de \u00e1udio em ambientes que exijam amplificadores mais potentes que os dispon\u00edveis internamente na linha PMR.<\/span><\/p>\n<p style=\"text-align: justify; text-justify: inter-ideograph; background: white; margin: 0cm 0cm 7.5pt 0cm;\"><span style=\"font-size: 10.5pt; font-family: Montserrat; color: #6b6b6b;\">Os produtos inovam ao permitir seu comando de 5 formas diferentes. S\u00e3o v\u00e1rias op\u00e7\u00f5es de uso com flexibilidade para o controle via TCP, Serial, IR e tamb\u00e9m pelo painel frontal (incluindo app para Android e iOs). O AAT PMA-1 foi projetado para o uso com at\u00e9 8 canais de \u00e1udio (4 zonas). J\u00e1 o AAT PMA-2, de 6 zonas, suporta at\u00e9 12 canais de \u00e1udio. <\/span><\/p>\n<p>[\/vc_column_text][\/vc_column_inner][\/vc_row_inner][\/vc_column][\/vc_row][vc_row el_id=&#8221;caracteristicas&#8221;][vc_column offset=&#8221;vc_col-lg-12 vc_col-sm-offset-0&#8243;][vc_row_inner][vc_column_inner][vc_column_text]<\/p>\n<h3 class=\"info-page-title\">CARACTER\u00cdSTICAS<\/h3>\n<p>Os AAT PMA-1 e AAT PMA-2 s\u00e3o pr\u00e9-amplificadores matriciais de 4 zonas est\u00e9reo (8 canais) ou 6 zonas est\u00e9reo (12 canais). Foram desenvolvidos para atender o usu\u00e1rio final e, em especial, o integrador de sistemas de automa\u00e7\u00e3o residencial com um conjunto de caracter\u00edsticas bastante atrativas:<\/p>\n<ul>\n<li>Controle por aplicativo para celular e tablet dispon\u00edvel para Android e iOS;<\/li>\n<li>Controle completo por automa\u00e7\u00e3o: TCP, Serial (RS-232), IR e Trigger IN\/OUT dispon\u00edveis;<\/li>\n<li>Controle pelo painel frontal com \u00e1rea de instala\u00e7\u00e3o protegida por senha;<\/li>\n<li>Disponibilidade de drivers para controlar o produto atrav\u00e9s de apps das principais marcas de automa\u00e7\u00e3o do mercado:\u00a0Control4, ControlArt, Crestron, Home Manager, Savant, Scenario e Wow;<\/li>\n<li>Atribui\u00e7\u00e3o de endere\u00e7o por DHCP (IP din\u00e2mico) e est\u00e1tico;<\/li>\n<li>Comandos por TCP e Serial com feedback ap\u00f3s execu\u00e7\u00e3o;<\/li>\n<li>Upgrade de firmware realizado pela internet com tecnologia Safe Upgrade, eliminando qualquer risco de corrup\u00e7\u00e3o de mem\u00f3ria e travamento durante atualiza\u00e7\u00e3o, mesmo que a conex\u00e3o caia no meio do processo;<\/li>\n<li>Memoriza\u00e7\u00e3o de todos os par\u00e2metros ajustados antes de desligar, voltando sempre \u00e0 \u00faltima condi\u00e7\u00e3o<strong>;<\/strong><\/li>\n<li>Full reset com restaura\u00e7\u00e3o completa dos par\u00e2metros de f\u00e1brica;<\/li>\n<li>App para iOS e Android;<\/li>\n<li>Processador RISC de alta performance, que supervisiona toda a opera\u00e7\u00e3o do produto;<\/li>\n<li>Presen\u00e7a de um processador DCSP (Digital Controlled Signal Processor) por zona;<\/li>\n<li>Chaveamento matricial 4\u00d74 ou 4\u00d76 (entradas x zonas). Ou seja, qualquer entrada pode ser conectada a qualquer zona;<\/li>\n<li>Quatro entradas anal\u00f3gicas nas vers\u00f5es PMA-1 e PMA-2;<\/li>\n<li>Sa\u00eddas Line-out vari\u00e1veis por zona;<\/li>\n<li>Sa\u00eddas para subwoofer vari\u00e1veis por zona;<\/li>\n<li>Controles dispon\u00edveis em cada zona: Sele\u00e7\u00e3o de Fonte\/Volume\/Controles de Graves e Agudos\/Balan\u00e7o\/Mute\/Stereo-Mono-Bridge\/Equaliza\u00e7\u00e3o do n\u00edvel de entrada\/Zone Stand-by;<\/li>\n<li>EMC Product Compliance: garantia de aus\u00eancia de ru\u00eddos e interfer\u00eancias entre zonas ou com outros produtos;<\/li>\n<li>Bi-Volt (120V\/220V)<\/li>\n<\/ul>\n<p>[\/vc_column_text][\/vc_column_inner][\/vc_row_inner][\/vc_column][\/vc_row][vc_row el_id=&#8221;especificacoes&#8221;][vc_column][vc_row_inner][vc_column_inner][vc_column_text]<\/p>\n<h3 class=\"info-page-title\">ESPECIFICA\u00c7\u00d5ES<\/h3>\n<p>[\/vc_column_text][\/vc_column_inner][\/vc_row_inner][vc_column_text]<\/p>\n<div class=\"table-responsive\">\n<table class=\"table table-especificacoes\">\n<thead>\n<tr>\n<th><\/th>\n<th style=\"text-align: center;\"><img loading=\"lazy\" decoding=\"async\" class=\"wp-image-11383 size-full aligncenter\" src=\"https:\/\/aataudio.com.br\/wp-content\/uploads\/menu-aat-pma-1-2.jpg\" alt=\"\" width=\"120\" height=\"120\" \/>aat pma-1<\/th>\n<th style=\"text-align: center;\"><img loading=\"lazy\" decoding=\"async\" class=\"wp-image-11389 size-full aligncenter\" src=\"https:\/\/aataudio.com.br\/wp-content\/uploads\/menu-aat-pma-2-1.jpg\" alt=\"\" width=\"120\" height=\"120\" \/>aat pma-2<\/th>\n<\/tr>\n<\/thead>\n<tbody>\n<tr class=\"table-first-row\">\n<th scope=\"row\">Zonas \/ Canais<\/th>\n<td class=\"table-info-value border-right\">4 zonas est\u00e9reo (8 canais)<\/td>\n<td class=\"table-info-value\">6 zonas est\u00e9reo (12 canais)<\/td>\n<\/tr>\n<tr>\n<th scope=\"row\">Consumo m\u00e1ximo<\/th>\n<td class=\"table-info-value border-right\">15W<\/td>\n<td class=\"table-info-value\">15W<\/td>\n<\/tr>\n<tr>\n<th scope=\"row\">Fus\u00edvel externo (110V\/220V)<\/th>\n<td class=\"table-info-value border-right\">1A<\/td>\n<td class=\"table-info-value\">1A<\/td>\n<\/tr>\n<tr>\n<th scope=\"row\">Resposta em frequ\u00eancia<\/th>\n<td class=\"table-info-value border-right\">10 Hz a 75 KHz, \u2013 3 dB<\/td>\n<td class=\"table-info-value\">10 Hz a 75 KHz, \u2013 3 dB<\/td>\n<\/tr>\n<tr>\n<th scope=\"row\">Rela\u00e7\u00e3o S\/N<\/th>\n<td class=\"table-info-value border-right\">100 dB(A)<\/td>\n<td class=\"table-info-value\">100 dB(A)<\/td>\n<\/tr>\n<tr>\n<th scope=\"row\">Crosstalk entre zonas<\/th>\n<td class=\"table-info-value border-right\">85 dB<\/td>\n<td class=\"table-info-value\">85 dB<\/td>\n<\/tr>\n<tr>\n<th scope=\"row\">Separa\u00e7\u00e3o entre canais<\/th>\n<td class=\"table-info-value border-right\">85 dB<\/td>\n<td class=\"table-info-value\">85 dB<\/td>\n<\/tr>\n<tr>\n<th style=\"white-space: normal;\" scope=\"row\">Imped\u00e2ncia de entrada<\/th>\n<td class=\"table-info-value border-right\">18 Kohms<\/td>\n<td class=\"table-info-value\">18 Kohms<\/td>\n<\/tr>\n<tr>\n<th scope=\"row\">Imped\u00e2ncia da sa\u00edda Line Out vari\u00e1vel<\/th>\n<td class=\"table-info-value border-right\">100 ohms<\/td>\n<td class=\"table-info-value\">100 ohms<\/td>\n<\/tr>\n<tr>\n<th scope=\"row\">Imped\u00e2ncia da sa\u00edda Sub Out vari\u00e1vel<\/th>\n<td class=\"table-info-value border-right\">100 ohms<\/td>\n<td class=\"table-info-value\">100 ohms<\/td>\n<\/tr>\n<tr>\n<th scope=\"row\">Sensibilidade de entrada nominal<\/th>\n<td class=\"table-info-value border-right\">0.4 V RMS<\/td>\n<td class=\"table-info-value\">0.4 V RMS<\/td>\n<\/tr>\n<tr>\n<th scope=\"row\">Quantidade de entradas<\/th>\n<td class=\"table-info-value border-right\">4<\/td>\n<td class=\"table-info-value\">4<\/td>\n<\/tr>\n<tr>\n<th scope=\"row\">Atua\u00e7\u00e3o do controle de Volume<\/th>\n<td class=\"table-info-value border-right\">0 a -87 dB, resolu\u00e7\u00e3o de 1 dB<\/td>\n<td class=\"table-info-value\">0 a -87 dB, resolu\u00e7\u00e3o de 1 dB<\/td>\n<\/tr>\n<tr>\n<th scope=\"row\">Atua\u00e7\u00e3o dos controles tonais<\/th>\n<td class=\"table-info-value border-right\">+\/- 14 dB em 100 Hz e em 10 KHz, resolu\u00e7\u00e3o de 2 dB<\/td>\n<td class=\"table-info-value\">+\/- 14 dB em 100 Hz e em 10 KHz, resolu\u00e7\u00e3o de 2 dB<\/td>\n<\/tr>\n<tr>\n<th scope=\"row\">Atua\u00e7\u00e3o do controle balance<\/th>\n<td class=\"table-info-value border-right\">0 a -10 dB para cada canal, resolu\u00e7\u00e3o de 1 dB<\/td>\n<td class=\"table-info-value\">0 a -10 dB para cada canal, resolu\u00e7\u00e3o de 1 dB<\/td>\n<\/tr>\n<tr>\n<th scope=\"row\">Atenua\u00e7\u00e3o do Mute<\/th>\n<td class=\"table-info-value border-right\">90 dB m\u00ednimo<\/td>\n<td class=\"table-info-value\">90 dB m\u00ednimo<\/td>\n<\/tr>\n<tr>\n<th scope=\"row\">Atua\u00e7\u00e3o do controle ganho pr\u00e9-amp<\/th>\n<td class=\"table-info-value border-right\">0 a +14 dB, resolu\u00e7\u00e3o de 2 dB<\/td>\n<td class=\"table-info-value\">0 a +14 dB, resolu\u00e7\u00e3o de 2 dB<\/td>\n<\/tr>\n<tr>\n<th scope=\"row\">Ganho nominal (Vol. Max, flat, pr\u00e9-amp gain = 0, 1 KHz)<\/th>\n<td class=\"table-info-value border-right\">0 dB<\/td>\n<td class=\"table-info-value\">0 dB<\/td>\n<\/tr>\n<tr>\n<th scope=\"row\">Tens\u00e3o de sa\u00edda nominal (pr\u00e9 out, 1 KHz)<\/th>\n<td class=\"table-info-value border-right\">0.5 V RMS<\/td>\n<td class=\"table-info-value\">0.5 V RMS<\/td>\n<\/tr>\n<tr>\n<th scope=\"row\">Tens\u00e3o de sa\u00edda nominal (sub out, 60 Hz)<\/th>\n<td class=\"table-info-value border-right\">0.5 V RMS<\/td>\n<td class=\"table-info-value\">0.5 V RMS<\/td>\n<\/tr>\n<tr>\n<th scope=\"row\">M\u00e1ximo sinal de entrada<\/th>\n<td class=\"table-info-value border-right\">2.5 V RMS<\/td>\n<td class=\"table-info-value\">2.5 V RMS<\/td>\n<\/tr>\n<tr>\n<th scope=\"row\">M\u00e1ximo sinal de sa\u00edda (pr\u00e9 \u2013out \/ sub out)<\/th>\n<td class=\"table-info-value border-right\">6 V RMS<\/td>\n<td class=\"table-info-value\">6 V RMS<\/td>\n<\/tr>\n<tr>\n<th scope=\"row\">Distor\u00e7\u00e3o harm\u00f4nica Pr\u00e9-out (1 KHz 1 V)<\/th>\n<td class=\"table-info-value border-right\">0.01%<\/td>\n<td class=\"table-info-value\">0.01%<\/td>\n<\/tr>\n<tr>\n<th scope=\"row\">Atua\u00e7\u00e3o do Backlight<\/th>\n<td class=\"table-info-value border-right\">0 \u2013 100 %, resolu\u00e7\u00e3o de 10%<\/td>\n<td class=\"table-info-value\">0 \u2013 100 %, resolu\u00e7\u00e3o de 10%<\/td>\n<\/tr>\n<tr>\n<th scope=\"row\">Entrada Trigger<\/th>\n<td class=\"table-info-value border-right\">12 V nominal, +\/- 25%<\/td>\n<td class=\"table-info-value\">12 V nominal, +\/- 25%<\/td>\n<\/tr>\n<tr>\n<th scope=\"row\">Sa\u00edda Trigger Out<\/th>\n<td class=\"table-info-value border-right\">12 V +\/- 5% , 100 mA max<\/td>\n<td class=\"table-info-value\">12 V +\/- 5% , 100 mA max<\/td>\n<\/tr>\n<tr>\n<th scope=\"row\">Tens\u00e3o de alimenta\u00e7\u00e3o<\/th>\n<td class=\"table-info-value border-right\">Bi-volt 110\/220V (limites de 99 a 140V e 198 a 242V)<\/td>\n<td class=\"table-info-value\">Bi-volt 110\/220V (limites de 99 a 140V e 198 a 242V)<\/td>\n<\/tr>\n<tr>\n<th scope=\"row\">Temperatura de opera\u00e7\u00e3o<\/th>\n<td class=\"table-info-value border-right\">5 &#8211; 45 <sup>o<\/sup>C<\/td>\n<td class=\"table-info-value\">5 &#8211; 45 <sup>o<\/sup>C<\/td>\n<\/tr>\n<tr>\n<th style=\"white-space: normal;\" scope=\"row\">Dimens\u00f5es (L x P x A)<\/th>\n<td class=\"table-info-value border-right\">432(sem al\u00e7as) \/ 482 (com al\u00e7as) x 210 x 88 (sem p\u00e9s) \/ 92 (com p\u00e9s) mm<\/td>\n<td class=\"table-info-value\">432(sem al\u00e7as) \/ 482 (com al\u00e7as) x 210 x 88 (sem p\u00e9s) \/ 92 (com p\u00e9s) mm<\/td>\n<\/tr>\n<tr>\n<th scope=\"row\">Peso<\/th>\n<td class=\"table-info-value border-right\">3,7 Kg (sem embalagem) \/ 4,2 Kg (com embalagem)<\/td>\n<td class=\"table-info-value\">3,7 Kg (sem embalagem) \/ 4,2 Kg (com embalagem)<\/td>\n<\/tr>\n<\/tbody>\n<\/table>\n<\/div>\n<p>[\/vc_column_text][\/vc_column][\/vc_row][vc_row css=&#8221;.vc_custom_1618946804542{margin-top: 35px !important;}&#8221; el_id=&#8221;veja-tambem&#8221;][vc_column offset=&#8221;vc_hidden-xs&#8221;][vc_column_text]<\/p>\n<h3 class=\"info-page-title\">VEJA TAMB\u00c9M<\/h3>\n<p>[\/vc_column_text][vc_basic_grid post_type=&#8221;page&#8221; max_items=&#8221;-1&#8243; style=&#8221;pagination&#8221; items_per_page=&#8221;4&#8243; element_width=&#8221;3&#8243; gap=&#8221;20&#8243; orderby=&#8221;menu_order&#8221; order=&#8221;ASC&#8221; arrows_design=&#8221;vc_arrow-icon-arrow_07_left&#8221; arrows_position=&#8221;outside&#8221; arrows_color=&#8221;sky&#8221; paging_color=&#8221;sky&#8221; item=&#8221;184&#8243; initial_loading_animation=&#8221;none&#8221; grid_id=&#8221;vc_gid:1726083277300-b9ea85ff198ac7ff1ccc40943e8b56ab-8&#8243; taxonomies=&#8221;41&#8243; exclude=&#8221;11375&#8243;][\/vc_column][\/vc_row][vc_row css=&#8221;.vc_custom_1618946814911{margin-top: 35px !important;}&#8221; el_id=&#8221;veja-tambem-2&#8243;][vc_column offset=&#8221;vc_hidden-lg vc_hidden-md vc_hidden-sm&#8221;][vc_column_text]<\/p>\n<h3 class=\"info-page-title\">VEJA TAMB\u00c9M<\/h3>\n<p>[\/vc_column_text][vc_basic_grid post_type=&#8221;page&#8221; max_items=&#8221;-1&#8243; style=&#8221;pagination&#8221; items_per_page=&#8221;1&#8243; element_width=&#8221;12&#8243; gap=&#8221;20&#8243; orderby=&#8221;menu_order&#8221; order=&#8221;ASC&#8221; arrows_design=&#8221;vc_arrow-icon-arrow_07_left&#8221; arrows_position=&#8221;outside&#8221; arrows_color=&#8221;sky&#8221; paging_color=&#8221;sky&#8221; item=&#8221;184&#8243; initial_loading_animation=&#8221;none&#8221; grid_id=&#8221;vc_gid:1726083277397-1f88879db50f0f52835a9f8b35ed735b-4&#8243; taxonomies=&#8221;41&#8243; exclude=&#8221;11375&#8243;][\/vc_column][\/vc_row][vc_row][vc_column][vc_column_text][\/vc_column_text][\/vc_column][\/vc_row]<\/p>\n<\/div>","protected":false},"excerpt":{"rendered":"<p>[vc_row][vc_column][vc_row_inner][vc_column_inner][vc_raw_html css=&#8221;&#8221;]JTNDZGl2JTIwY2xhc3MlM0QlMjJlYXN5em9vbSUyMGVhc3l6b29tLS13aXRoLXRodW1ibmFpbHMlMjIlM0UlMEElMjAlMjAlMjAlM0NhJTIwaHJlZiUzRCUyMmh0dHBzJTNBJTJGJTJGYWF0YXVkaW8uY29tLmJyJTJGd3AtY29udGVudCUyRnVwbG9hZHMlMkZiYW5uZXItem9vbS1BQVQtUE1BMS0zLmpwZyUyMiUyMGNsYXNzJTNEJTIyem9vbS1tYXN0ZXIlMjIlM0UlMEElMjAlMjAlMjAlM0NpbWclMjBzcmMlM0QlMjJodHRwcyUzQSUyRiUyRmFhdGF1ZGlvLmNvbS5iciUyRndwLWNvbnRlbnQlMkZ1cGxvYWRzJTJGYmFubmVyLXpvb20tQUFULVBNQTEtMy5qcGclMjIlMjBhbHQlM0QlMjJhYy0xJTIyJTNFJTBBJTIwJTIwJTIwJTNDJTJGYSUzRSUwQSUyMCUyMCUyMCUzQ2RpdiUyMGNsYXNzJTNEJTIyZWFzeXpvb20tZmx5b3V0JTIyJTNFJTNDJTJGZGl2JTNFJTBBJTNDJTJGZGl2JTNFJTBBJTNDdWwlMjBjbGFzcyUzRCUyMnRodW1ibmFpbHMlMjIlM0UlMEElMjAlMjAlMjAlM0NsaSUzRSUwQSUyMCUyMCUyMCUyMCUyMCUyMCUzQ2ElMjBocmVmJTNEJTIyaHR0cHMlM0ElMkYlMkZhYXRhdWRpby5jb20uYnIlMkZ3cC1jb250ZW50JTJGdXBsb2FkcyUyRmJhbm5lci16b29tLUFBVC1QTUExLTMuanBnJTIyJTIwZGF0YS1zdGFuZGFyZCUzRCUyMmh0dHBzJTNBJTJGJTJGYWF0YXVkaW8uY29tLmJyJTJGd3AtY29udGVudCUyRnVwbG9hZHMlMkZiYW5uZXItem9vbS1BQVQtUE1BMS0zLmpwZyUyMiUzRSUwQSUyMCUyMCUyMCUyMCUyMCUyMCUzQ2ltZyUyMHNyYyUzRCUyMmh0dHBzJTNBJTJGJTJGYWF0YXVkaW8uY29tLmJyJTJGd3AtY29udGVudCUyRnVwbG9hZHMlMkZiYW5uZXItem9vbS1BQVQtUE1BMS0zLmpwZyUyMiUyMGFsdCUzRCUyMmFjLTElMjIlM0UlMEElMjAlMjAlMjAlMjAlMjAlMjAlM0MlMkZhJTNFJTBBJTIwJTIwJTIwJTNDJTJGbGklM0UlMEElMjAlMjAlMjAlM0NsaSUzRSUwQSUyMCUyMCUyMCUyMCUyMCUyMCUzQ2ElMjBocmVmJTNEJTIyaHR0cHMlM0ElMkYlMkZhYXRhdWRpby5jb20uYnIlMkZ3cC1jb250ZW50JTJGdXBsb2FkcyUyRmJhbm5lci16b29tLUFBVC1QTUExLTEuanBnJTIyJTIwZGF0YS1zdGFuZGFyZCUzRCUyMmh0dHBzJTNBJTJGJTJGYWF0YXVkaW8uY29tLmJyJTJGd3AtY29udGVudCUyRnVwbG9hZHMlMkZiYW5uZXItem9vbS1BQVQtUE1BMS0xLmpwZyUyMiUzRSUwQSUyMCUyMCUyMCUyMCUyMCUyMCUzQ2ltZyUyMHNyYyUzRCUyMmh0dHBzJTNBJTJGJTJGYWF0YXVkaW8uY29tLmJyJTJGd3AtY29udGVudCUyRnVwbG9hZHMlMkZiYW5uZXItem9vbS1BQVQtUE1BMS0xLmpwZyUyMiUyMGFsdCUzRCUyMmFjLTIlMjIlM0UlMEElMjAlMjAlMjAlMjAlMjAlMjAlM0MlMkZhJTNFJTBBJTIwJTIwJTIwJTNDJTJGbGklM0UlMEElMjAlMjAlMjAlM0NsaSUzRSUwQSUyMCUyMCUyMCUyMCUyMCUyMCUzQ2ElMjBocmVmJTNEJTIyaHR0cHMlM0ElMkYlMkZhYXRhdWRpby5jb20uYnIlMkZ3cC1jb250ZW50JTJGdXBsb2FkcyUyRmJhbm5lci16b29tLUFBVC1QTUExLTIuanBnJTIyJTIwZGF0YS1zdGFuZGFyZCUzRCUyMmh0dHBzJTNBJTJGJTJGYWF0YXVkaW8uY29tLmJyJTJGd3AtY29udGVudCUyRnVwbG9hZHMlMkZiYW5uZXItem9vbS1BQVQtUE1BMS0yLmpwZyUyMiUzRSUwQSUyMCUyMCUyMCUyMCUyMCUyMCUzQ2ltZyUyMHNyYyUzRCUyMmh0dHBzJTNBJTJGJTJGYWF0YXVkaW8uY29tLmJyJTJGd3AtY29udGVudCUyRnVwbG9hZHMlMkZiYW5uZXItem9vbS1BQVQtUE1BMS0yLmpwZyUyMiUyMGFsdCUzRCUyMmFjLTMlMjIlM0UlMEElMjAlMjAlMjAlMjAlMjAlMjAlM0MlMkZhJTNFJTBBJTIwJTIwJTIwJTNDJTJGbGklM0UlMjAlMjAlMEElM0MlMkZ1bCUzRQ==[\/vc_raw_html][\/vc_column_inner][\/vc_row_inner][vc_row_inner][vc_column_inner width=&#8221;1\/2&#8243;][\/vc_column_inner][vc_column_inner width=&#8221;1\/2&#8243;][vc_column_text] Share via Whatsapp[\/vc_column_text][\/vc_column_inner][\/vc_row_inner][\/vc_column][\/vc_row][vc_row el_id=&#8221;tab-menu-produto&#8221;][vc_column][vc_row_inner][vc_column_inner][vc_btn title=&#8221;Descri\u00e7\u00e3o&#8221; shape=&#8221;square&#8221; link=&#8221;url:%23descricao|||rel:nofollow&#8221; el_class=&#8221;ancor-scroll&#8221;][vc_btn title=&#8221;Caracter\u00edsticas&#8221; shape=&#8221;square&#8221; link=&#8221;url:%23caracteristicas|||rel:nofollow&#8221; el_class=&#8221;ancor-scroll&#8221;][vc_btn title=&#8221;Especifica\u00e7\u00f5es&#8221; shape=&#8221;square&#8221; link=&#8221;url:%23especificacoes|||rel:nofollow&#8221; el_class=&#8221;ancor-scroll&#8221;][\/vc_column_inner][\/vc_row_inner][\/vc_column][\/vc_row][vc_row el_id=&#8221;descricao&#8221;][vc_column][vc_row_inner][vc_column_inner][vc_column_text] DESCRI\u00c7\u00c3O Seguindo o sucesso de vendas da linha PMR, os modelos AAT PMA-1 e AAT PMA-2 s\u00e3o as primeiras matrizes pr\u00e9-amplificadas da marca para instala\u00e7\u00f5es de som ambiente residenciais e corporativas. O resultado \u00e9 [&hellip;]<\/p>\n","protected":false},"author":5,"featured_media":14196,"parent":11379,"menu_order":1,"comment_status":"closed","ping_status":"closed","template":"page-fullwidth.php","meta":{"footnotes":""},"class_list":["post-11375","page","type-page","status-publish","has-post-thumbnail","hentry"],"_links":{"self":[{"href":"https:\/\/aataudio.com.br\/home\/wp-json\/wp\/v2\/pages\/11375"}],"collection":[{"href":"https:\/\/aataudio.com.br\/home\/wp-json\/wp\/v2\/pages"}],"about":[{"href":"https:\/\/aataudio.com.br\/home\/wp-json\/wp\/v2\/types\/page"}],"author":[{"embeddable":true,"href":"https:\/\/aataudio.com.br\/home\/wp-json\/wp\/v2\/users\/5"}],"replies":[{"embeddable":true,"href":"https:\/\/aataudio.com.br\/home\/wp-json\/wp\/v2\/comments?post=11375"}],"version-history":[{"count":13,"href":"https:\/\/aataudio.com.br\/home\/wp-json\/wp\/v2\/pages\/11375\/revisions"}],"predecessor-version":[{"id":14195,"href":"https:\/\/aataudio.com.br\/home\/wp-json\/wp\/v2\/pages\/11375\/revisions\/14195"}],"up":[{"embeddable":true,"href":"https:\/\/aataudio.com.br\/home\/wp-json\/wp\/v2\/pages\/11379"}],"wp:featuredmedia":[{"embeddable":true,"href":"https:\/\/aataudio.com.br\/home\/wp-json\/wp\/v2\/media\/14196"}],"wp:attachment":[{"href":"https:\/\/aataudio.com.br\/home\/wp-json\/wp\/v2\/media?parent=11375"}],"curies":[{"name":"wp","href":"https:\/\/api.w.org\/{rel}","templated":true}]}}